{"id":18259,"date":"2022-07-12T15:29:47","date_gmt":"2022-07-12T13:29:47","guid":{"rendered":"https:\/\/www.bertoli.fr\/?post_type=product&#038;p=18259"},"modified":"2026-04-13T11:58:28","modified_gmt":"2026-04-13T09:58:28","slug":"fusilla-poignee","status":"publish","type":"product","link":"https:\/\/www.bertoli.fr\/en\/portes\/fusilla-poignee\/","title":{"rendered":"FUSILLA"},"content":{"rendered":"[vc_row et_column_align=&#8221;align-center&#8221; css=&#8221;.vc_custom_1579132110345{padding-top: 30px !important;padding-bottom: 60px !important;}&#8221;][vc_column][vc_row_inner content_placement=&#8221;middle&#8221;][vc_column_inner offset=&#8221;vc_col-lg-4&#8243;][vc_column_text]\n<h5 class=\"fancy-title accent-color postline-large\">Design<\/h5>\n<h4>by Alessandro Dubini<\/h4>\n<p>Le design d&#8217;Alessandro Dubini est intuitif et \u00e9clectique\u00a0, caract\u00e9ris\u00e9 par une \u00e9l\u00e9gance souvent associ\u00e9e \u00e0 une touche ludique et magique. Il red\u00e9finit les arts d\u00e9coratifs pour le contemporain. Il utilise des technologies et des mat\u00e9riaux innovants avec une sensibilit\u00e9 de conception remarquable. Cr\u00e9ez des ambiances et concevez des objets \u00e0 fort impact \u00e9motionnel.<\/p>\n<p><strong><em>Fusilla \u2026. Vous connaissez sans doute ce nom ? il s\u2019agit d\u2019une c\u00e9l\u00e8bre forme de p\u00e2te Italienne \u2026<\/em><\/strong><br \/>\nCoul\u00e9e, moul\u00e9e et enti\u00e8rement en Italie \u00e0 partir de lingots de laiton massif provenant des fonderies italiennes.[\/vc_column_text]\t\t<div id=\"et-button-69f75d673856f\" class=\"et_btn_align_left \">\n\t\t\t<a href=\"https:\/\/www.bertoli.fr\/wp-content\/uploads\/2022\/07\/Mandelli1953-Catalogo-2021-2022-NW.pdf\" class=\" et_btn button et_btn_md solid color-   \" target=\"_blank\" role=\"button\" title=\"\" ><span>D\u00e9couvrez la Collection MANDELLI<\/span><\/a>\n\t\t<\/div>\n\t\t\n\t[\/vc_column_inner][vc_column_inner offset=&#8221;vc_col-lg-offset-1 vc_col-lg-7&#8243;]\t<div class=\"et-image-936 et-image     et_image_link\">\n\t\t<div class=\"et-image-inner \">\n\t\t\t\t\t\t\t<div class=\"et-image-thumb \">\n\t\t\t\t\t<img loading=\"lazy\" decoding=\"async\" width=\"470\" height=\"113\" src=\"https:\/\/www.bertoli.fr\/wp-content\/uploads\/2022\/07\/mandelliLogo-e1657787481311.png\" class=\"attachment-full\" alt=\"mandelliLogo\" title=\"mandelliLogo\" \/>\t\t\t\t<\/div>\n\t\t\t\t\t\t\t\t\t\t\t<\/div>\n\t<\/div>\n  \t<div class=\"et-image-479 et-image  full   et_image_link\">\n\t\t<div class=\"et-image-inner \">\n\t\t\t\t\t\t\t<div class=\"et-image-thumb \">\n\t\t\t\t\t<img loading=\"lazy\" decoding=\"async\" width=\"450\" height=\"300\" src=\"https:\/\/www.bertoli.fr\/wp-content\/uploads\/2022\/07\/dove-comprare-maniglia-fusilla-mandelli.jpg\" class=\"attachment-full\" alt=\"dove-comprare-maniglia-fusilla-mandelli\" title=\"dove-comprare-maniglia-fusilla-mandelli\" srcset=\"https:\/\/www.bertoli.fr\/wp-content\/uploads\/2022\/07\/dove-comprare-maniglia-fusilla-mandelli.jpg 450w, https:\/\/www.bertoli.fr\/wp-content\/uploads\/2022\/07\/dove-comprare-maniglia-fusilla-mandelli-300x200.jpg 300w, https:\/\/www.bertoli.fr\/wp-content\/uploads\/2022\/07\/dove-comprare-maniglia-fusilla-mandelli-150x100.jpg 150w\" sizes=\"auto, (max-width: 450px) 100vw, 450px\" \/>\t\t\t\t<\/div>\n\t\t\t\t\t\t\t\t\t\t\t<\/div>\n\t<\/div>\n  [\/vc_column_inner][\/vc_row_inner][\/vc_column][\/vc_row][vc_row][vc_column][vc_empty_space][vc_separator][\/vc_column][\/vc_row]\n","protected":false},"excerpt":{"rendered":"<p>A la fois contemporain avec ses lignes simples, il s&#8217;adapte aussi parfaitement aux portes Haussmanniennes &#8230;!<\/p>\n<p>5 finitions au choix<br \/>\nLongueur b\u00e9quille : 145mm<br \/>\nDiam\u00e8tre rosace :\u00a0 \u00a0 \u00a0 51mm<\/p>\n<p>&nbsp;<\/p>\n","protected":false},"featured_media":18463,"template":"","meta":[],"product_brand":[],"product_cat":[178,155],"product_tag":[],"class_list":{"0":"post-18259","1":"product","2":"type-product","3":"status-publish","4":"has-post-thumbnail","6":"product_cat-accessoires","7":"product_cat-accessoires-de-style","9":"first","10":"instock","11":"shipping-taxable","12":"purchasable","13":"product-type-variable"},"_links":{"self":[{"href":"https:\/\/www.bertoli.fr\/en\/wp-json\/wp\/v2\/product\/18259","targetHints":{"allow":["GET"]}}],"collection":[{"href":"https:\/\/www.bertoli.fr\/en\/wp-json\/wp\/v2\/product"}],"about":[{"href":"https:\/\/www.bertoli.fr\/en\/wp-json\/wp\/v2\/types\/product"}],"wp:featuredmedia":[{"embeddable":true,"href":"https:\/\/www.bertoli.fr\/en\/wp-json\/wp\/v2\/media\/18463"}],"wp:attachment":[{"href":"https:\/\/www.bertoli.fr\/en\/wp-json\/wp\/v2\/media?parent=18259"}],"wp:term":[{"taxonomy":"product_brand","embeddable":true,"href":"https:\/\/www.bertoli.fr\/en\/wp-json\/wp\/v2\/product_brand?post=18259"},{"taxonomy":"product_cat","embeddable":true,"href":"https:\/\/www.bertoli.fr\/en\/wp-json\/wp\/v2\/product_cat?post=18259"},{"taxonomy":"product_tag","embeddable":true,"href":"https:\/\/www.bertoli.fr\/en\/wp-json\/wp\/v2\/product_tag?post=18259"}],"curies":[{"name":"wp","href":"https:\/\/api.w.org\/{rel}","templated":true}]}}

[vc_row et_column_align=&#8221;align-center&#8221; css=&#8221;.vc_custom_1579132110345{padding-top: 30px !important;padding-bottom: 60px !important;}&#8221;][vc_column][vc_row_inner content_placement=&#8221;middle&#8221;][vc_column_inner offset=&#8221;vc_col-lg-4&#8243;][vc_column_text]
<h5 class="fancy-title accent-color postline-large">Design</h5>
<h4>by Alessandro Dubini</h4>
<p>Le design d&#8217;Alessandro Dubini est intuitif et éclectique , caractérisé par une élégance souvent associée à une touche ludique et magique. Il redéfinit les arts décoratifs pour le contemporain. Il utilise des technologies et des matériaux innovants avec une sensibilité de conception remarquable. Créez des ambiances et concevez des objets à fort impact émotionnel.</p>
<p><strong><em>Fusilla …. Vous connaissez sans doute ce nom ? il s’agit d’une célèbre forme de pâte Italienne …</em></strong><br />
Coulée, moulée et entièrement en Italie à partir de lingots de laiton massif provenant des fonderies italiennes.[/vc_column_text]		<div id="et-button-69f75d673856f" class="et_btn_align_left ">
			<a href="https://www.bertoli.fr/wp-content/uploads/2022/07/Mandelli1953-Catalogo-2021-2022-NW.pdf" class=" et_btn button et_btn_md solid color-   " target="_blank" role="button" title="" ><span>Découvrez la Collection MANDELLI</span></a>
		</div>
		
	[/vc_column_inner][vc_column_inner offset=&#8221;vc_col-lg-offset-1 vc_col-lg-7&#8243;]	<div class="et-image-936 et-image     et_image_link">
		<div class="et-image-inner ">
							<div class="et-image-thumb ">
					<img loading="lazy" decoding="async" width="470" height="113" src="https://www.bertoli.fr/wp-content/uploads/2022/07/mandelliLogo-e1657787481311.png" class="attachment-full" alt="mandelliLogo" title="mandelliLogo" />				</div>
											</div>
	</div>
  	<div class="et-image-479 et-image  full   et_image_link">
		<div class="et-image-inner ">
							<div class="et-image-thumb ">
					<img loading="lazy" decoding="async" width="450" height="300" src="https://www.bertoli.fr/wp-content/uploads/2022/07/dove-comprare-maniglia-fusilla-mandelli.jpg" class="attachment-full" alt="dove-comprare-maniglia-fusilla-mandelli" title="dove-comprare-maniglia-fusilla-mandelli" srcset="https://www.bertoli.fr/wp-content/uploads/2022/07/dove-comprare-maniglia-fusilla-mandelli.jpg 450w, https://www.bertoli.fr/wp-content/uploads/2022/07/dove-comprare-maniglia-fusilla-mandelli-300x200.jpg 300w, https://www.bertoli.fr/wp-content/uploads/2022/07/dove-comprare-maniglia-fusilla-mandelli-150x100.jpg 150w" sizes="auto, (max-width: 450px) 100vw, 450px" />				</div>
											</div>
	</div>
  [/vc_column_inner][/vc_row_inner][/vc_column][/vc_row][vc_row][vc_column][vc_empty_space][vc_separator][/vc_column][/vc_row]

<p>A la fois contemporain avec ses lignes simples, il s&#8217;adapte aussi parfaitement aux portes Haussmanniennes &#8230;!</p>
<p>5 finitions au choix<br />
Longueur béquille : 145mm<br />
Diamètre rosace :      51mm</p>
<p>&nbsp;</p>
