{"id":19292,"date":"2022-08-05T15:26:26","date_gmt":"2022-08-05T13:26:26","guid":{"rendered":"https:\/\/www.bertoli.fr\/?post_type=product&#038;p=19292"},"modified":"2026-04-13T12:01:15","modified_gmt":"2026-04-13T10:01:15","slug":"art-deco-3","status":"publish","type":"product","link":"https:\/\/www.bertoli.fr\/en\/portes\/art-deco-3\/","title":{"rendered":"Porte ART D\u00c9CO \u00e0 deux panneaux"},"content":{"rendered":"[vc_row et_column_align=&#8221;align-center&#8221; css=&#8221;.vc_custom_1579132110345{padding-top: 30px !important;padding-bottom: 60px !important;}&#8221;][vc_column][vc_row_inner content_placement=&#8221;middle&#8221;][vc_column_inner offset=&#8221;vc_col-lg-4&#8243;][vc_column_text]\n<h5 class=\"fancy-title accent-color postline-large\">ART D\u00c9CO<\/h5>\n<h3>Du Style dans la tendance !<\/h3>\n[\/vc_column_text][\/vc_column_inner][vc_column_inner offset=&#8221;vc_col-lg-offset-1 vc_col-lg-7&#8243;]\t<div class=\"et-image-656 et-image     et_image_link\">\n\t\t<div class=\"et-image-inner \">\n\t\t\t\t\t\t\t<div class=\"et-image-thumb \">\n\t\t\t\t\t<img loading=\"lazy\" decoding=\"async\" width=\"1198\" height=\"800\" src=\"https:\/\/www.bertoli.fr\/wp-content\/uploads\/2022\/08\/porte-art-deco-gd-cadre-safran-bertoli-2.jpg\" class=\"attachment-full\" alt=\"porte art deco gd cadre safran bertoli\" title=\"porte art deco gd cadre safran bertoli (2)\" srcset=\"https:\/\/www.bertoli.fr\/wp-content\/uploads\/2022\/08\/porte-art-deco-gd-cadre-safran-bertoli-2.jpg 1198w, https:\/\/www.bertoli.fr\/wp-content\/uploads\/2022\/08\/porte-art-deco-gd-cadre-safran-bertoli-2-300x200.jpg 300w, https:\/\/www.bertoli.fr\/wp-content\/uploads\/2022\/08\/porte-art-deco-gd-cadre-safran-bertoli-2-1024x684.jpg 1024w, https:\/\/www.bertoli.fr\/wp-content\/uploads\/2022\/08\/porte-art-deco-gd-cadre-safran-bertoli-2-768x513.jpg 768w, https:\/\/www.bertoli.fr\/wp-content\/uploads\/2022\/08\/porte-art-deco-gd-cadre-safran-bertoli-2-150x100.jpg 150w, https:\/\/www.bertoli.fr\/wp-content\/uploads\/2022\/08\/porte-art-deco-gd-cadre-safran-bertoli-2-1000x668.jpg 1000w\" sizes=\"auto, (max-width: 1198px) 100vw, 1198px\" \/>\t\t\t\t<\/div>\n\t\t\t\t\t\t\t\t\t\t\t<\/div>\n\t<\/div>\n  [\/vc_column_inner][\/vc_row_inner][\/vc_column][\/vc_row][vc_row et_column_align=&#8221;align-center&#8221; css=&#8221;.vc_custom_1579132139891{padding-bottom: 60px !important;}&#8221;][vc_column][vc_row_inner content_placement=&#8221;middle&#8221;][vc_column_inner offset=&#8221;vc_col-lg-7&#8243;]\t<div class=\"et-image-844 et-image     et_image_link\">\n\t\t<div class=\"et-image-inner \">\n\t\t\t\t\t\t\t<div class=\"et-image-thumb \">\n\t\t\t\t\t<img loading=\"lazy\" decoding=\"async\" width=\"534\" height=\"800\" src=\"https:\/\/www.bertoli.fr\/wp-content\/uploads\/2022\/08\/porte-art-deco-gd-cadre-safran-bertoli-1.jpg\" class=\"attachment-full\" alt=\"porte art deco gd cadre safran bertoli\" title=\"porte art deco gd cadre safran bertoli (1)\" srcset=\"https:\/\/www.bertoli.fr\/wp-content\/uploads\/2022\/08\/porte-art-deco-gd-cadre-safran-bertoli-1.jpg 534w, https:\/\/www.bertoli.fr\/wp-content\/uploads\/2022\/08\/porte-art-deco-gd-cadre-safran-bertoli-1-200x300.jpg 200w, https:\/\/www.bertoli.fr\/wp-content\/uploads\/2022\/08\/porte-art-deco-gd-cadre-safran-bertoli-1-100x150.jpg 100w\" sizes=\"auto, (max-width: 534px) 100vw, 534px\" \/>\t\t\t\t<\/div>\n\t\t\t\t\t\t\t\t\t\t\t<\/div>\n\t<\/div>\n  [\/vc_column_inner][vc_column_inner offset=&#8221;vc_col-lg-offset-1 vc_col-lg-4&#8243;][vc_column_text]\n<h5 class=\"fancy-title accent-color postline-large\">Serrurerie d\u00e9corative<\/h5>\n<h3>MARIANNE by Enrico Cassina<\/h3>\n<p>Fabrication Italienne en laiton massif[\/vc_column_text][\/vc_column_inner][\/vc_row_inner][\/vc_column][\/vc_row][vc_row][vc_column][vc_separator][\/vc_column][\/vc_row][vc_row et_column_align=&#8221;align-center&#8221; css=&#8221;.vc_custom_1579131817775{padding-top: 60px !important;padding-bottom: 60px !important;}&#8221;][vc_column][vc_row_inner et_column_align=&#8221;align-center&#8221;][vc_column_inner offset=&#8221;vc_col-lg-6&#8243;][vc_column_text]\n<h5 class=\"fancy-title accent-color postline-large\">La Collection<\/h5>\n<h3>ART D\u00c9CO<\/h3>\n<p>Fabriqu\u00e9 dans les r\u00e8gles de l&#8217;Art, le mod\u00e8le ART D\u00c9CO Moulur\u00e9 \u00e0 Grand Cadre se d\u00e9cline en deux ou trois panneaux.<\/p>\n<p>Il est assembl\u00e9 \u00e0 tenons et mortaises, coll\u00e9s et chevill\u00e9s.<br \/>\nMoulures de 55mm \u00e0 coupes d&#8217;onglet<br \/>\nPlates-bandes, double face identiques.<\/p>\n<p>R\u00e9alisable toutes dimensions, plein ou vitr\u00e9, en porte battante, coulissante, placard, boiserie assortie.<\/p>\n<p>Nous proposons un large choix de charni\u00e8re, serrure, poign\u00e9e &#8230;[\/vc_column_text][vc_column_text]\n<blockquote>\n<h4>&#8220;Le style Art d\u00e9co ne conna\u00eet pas la crise.&#8221;<\/h4>\n<\/blockquote>\n[\/vc_column_text][\/vc_column_inner][\/vc_row_inner][\/vc_column][\/vc_row][vc_row][vc_column][vc_separator][\/vc_column][\/vc_row][vc_row][vc_column width=&#8221;1\/3&#8243;][vc_column_text]\n<h5 class=\"fancy-title accent-color postline-large\" style=\"text-align: center;\"><span style=\"vertical-align: inherit;\">ASSEMBLAGES \u00c0 TENONS ET MORTAISES COLL\u00c9S ET CHEVILL\u00c9S BOIS<\/span><\/h5>\n<h5><span style=\"vertical-align: inherit;\">MOULURATION \u00c0 GRAND CADRE A COUPES D&#8217;ONGLET<br \/>\n\u00c9tag\u00e9es ART D\u00c9CO<br \/>\n<\/span><em><span style=\"vertical-align: inherit;\">DOUBLES FACES IDENTIQUES<\/span><\/em><\/h5>\n<h5><span style=\"vertical-align: inherit;\">PANNEAUX \u00c0 PLATES-BANDES<\/span><br \/>\n<em><span style=\"vertical-align: inherit;\">DOUBLES FACES IDENTIQUES<\/span><\/em><\/h5>\n<h4 style=\"text-align: center;\"><strong><span style=\"vertical-align: inherit;\">Toutes nos portes sont fabriqu\u00e9es dans des essences de bois s\u00e9ch\u00e9es dans nos ateliers <\/span><br \/>\n<span style=\"vertical-align: inherit;\">(10 \u00e0 12% d&#8217;hygrom\u00e9trie)<\/span><\/strong><\/h4>\n[\/vc_column_text][\/vc_column][vc_column width=&#8221;1\/3&#8243;][vc_empty_space height=&#8221;100px&#8221;][vc_column_text]<span style=\"vertical-align: inherit;\">Nous vous proposons de fabriquer vos portes d&#8217;int\u00e9rieur dans diff\u00e9rentes essences\u00a0: bois \u00e0 peindre, Tilleul, Ch\u00e2taignier de France, Ch\u00eane de France, Merisier de France, Noyer de France. (autres sur demande)<\/span><\/p>\n<p><span style=\"vertical-align: inherit;\">La porte de communication ART D\u00c9CO est r\u00e9alisable :<\/span><\/p>\n<ul>\n<li><span style=\"vertical-align: inherit;\">dans toutes les dimensions<\/span><\/li>\n<li><span style=\"vertical-align: inherit;\">\u00e0 panneaux ou vitr\u00e9es<\/span><\/li>\n<li><span style=\"vertical-align: inherit;\">en deux ou trois panneaux<\/span><\/li>\n<li><span style=\"vertical-align: inherit;\">en simple vantail, deux vantaux, en tierc\u00e9e&#8230;<\/span><\/li>\n<li><span style=\"vertical-align: inherit;\">battante, coulissante \u00e0 galandage ou en applique (fourniture des ch\u00e2ssis ou rail)<\/span><\/li>\n<li><span style=\"vertical-align: inherit;\">en EI30, EI60, acoustique, blind\u00e9e, pare-balles &#8230;<\/span><\/li>\n<li><span style=\"vertical-align: inherit;\">en placard, boiseries murales assortis<\/span><\/li>\n<\/ul>\n[\/vc_column_text][\/vc_column][vc_column width=&#8221;1\/3&#8243;][vc_empty_space height=&#8221;100px&#8221;][vc_column_text]Les cadres sont fabriqu\u00e9s de l&#8217;\u00e9paisseur de vos cloisons afin de permettre une pose parfaite des couvre-joints sur les deux faces.<br \/>\nToutes nos portes sont \u00e9quip\u00e9es de paumelles entaill\u00e9es et d\u2019une serrure \u00e0 larder NF, sur demande\u00a0 nous vous proposons :<\/p>\n<ul>\n<li>des charni\u00e8res invisibles, serrure magn\u00e9tique<\/li>\n<li>joint phonique, plinthe automatique en partie basse<\/li>\n<li>Large choix de finitions, poign\u00e9es \u00e0 d\u00e9couvrir &#8230;<\/li>\n<\/ul>\n[\/vc_column_text][\/vc_column][\/vc_row][vc_row][vc_column][vc_separator][\/vc_column][\/vc_row]\n","protected":false},"excerpt":{"rendered":"<p><span style=\"vertical-align: inherit;\"><span style=\"vertical-align: inherit;\">Deux panneaux Grand Cadre, motifs \u00e0 la grecque <\/span><\/span><br \/>\n<span style=\"vertical-align: inherit;\"><span style=\"vertical-align: inherit;\">Couvre-joints Art D\u00e9co <\/span><\/span><br \/>\n<span style=\"vertical-align: inherit;\"><span style=\"vertical-align: inherit;\">Poign\u00e9e MARIANNE Enrico Cassina <\/span><\/span><br \/>\n<span style=\"vertical-align: inherit;\"><span style=\"vertical-align: inherit;\">Finition laqu\u00e9e Safran<\/span><\/span><\/p>\n<h5 class=\"fancy-title accent-color postline-large\">Mod\u00e8le visible dans notre show-room<\/h5>\n","protected":false},"featured_media":20141,"template":"","meta":[],"product_brand":[],"product_cat":[152,177],"product_tag":[],"class_list":{"0":"post-19292","1":"product","2":"type-product","3":"status-publish","4":"has-post-thumbnail","6":"product_cat-art-deco","7":"product_cat-portes-dinterieur","9":"first","10":"instock","11":"shipping-taxable","12":"purchasable","13":"product-type-variable"},"_links":{"self":[{"href":"https:\/\/www.bertoli.fr\/en\/wp-json\/wp\/v2\/product\/19292","targetHints":{"allow":["GET"]}}],"collection":[{"href":"https:\/\/www.bertoli.fr\/en\/wp-json\/wp\/v2\/product"}],"about":[{"href":"https:\/\/www.bertoli.fr\/en\/wp-json\/wp\/v2\/types\/product"}],"wp:featuredmedia":[{"embeddable":true,"href":"https:\/\/www.bertoli.fr\/en\/wp-json\/wp\/v2\/media\/20141"}],"wp:attachment":[{"href":"https:\/\/www.bertoli.fr\/en\/wp-json\/wp\/v2\/media?parent=19292"}],"wp:term":[{"taxonomy":"product_brand","embeddable":true,"href":"https:\/\/www.bertoli.fr\/en\/wp-json\/wp\/v2\/product_brand?post=19292"},{"taxonomy":"product_cat","embeddable":true,"href":"https:\/\/www.bertoli.fr\/en\/wp-json\/wp\/v2\/product_cat?post=19292"},{"taxonomy":"product_tag","embeddable":true,"href":"https:\/\/www.bertoli.fr\/en\/wp-json\/wp\/v2\/product_tag?post=19292"}],"curies":[{"name":"wp","href":"https:\/\/api.w.org\/{rel}","templated":true}]}}

Porte ART DÉCO à deux panneaux

[vc_row et_column_align=&#8221;align-center&#8221; css=&#8221;.vc_custom_1579132110345{padding-top: 30px !important;padding-bottom: 60px !important;}&#8221;][vc_column][vc_row_inner content_placement=&#8221;middle&#8221;][vc_column_inner offset=&#8221;vc_col-lg-4&#8243;][vc_column_text]
<h5 class="fancy-title accent-color postline-large">ART DÉCO</h5>
<h3>Du Style dans la tendance !</h3>
[/vc_column_text][/vc_column_inner][vc_column_inner offset=&#8221;vc_col-lg-offset-1 vc_col-lg-7&#8243;]	<div class="et-image-656 et-image     et_image_link">
		<div class="et-image-inner ">
							<div class="et-image-thumb ">
					<img loading="lazy" decoding="async" width="1198" height="800" src="https://www.bertoli.fr/wp-content/uploads/2022/08/porte-art-deco-gd-cadre-safran-bertoli-2.jpg" class="attachment-full" alt="porte art deco gd cadre safran bertoli" title="porte art deco gd cadre safran bertoli (2)" srcset="https://www.bertoli.fr/wp-content/uploads/2022/08/porte-art-deco-gd-cadre-safran-bertoli-2.jpg 1198w, https://www.bertoli.fr/wp-content/uploads/2022/08/porte-art-deco-gd-cadre-safran-bertoli-2-300x200.jpg 300w, https://www.bertoli.fr/wp-content/uploads/2022/08/porte-art-deco-gd-cadre-safran-bertoli-2-1024x684.jpg 1024w, https://www.bertoli.fr/wp-content/uploads/2022/08/porte-art-deco-gd-cadre-safran-bertoli-2-768x513.jpg 768w, https://www.bertoli.fr/wp-content/uploads/2022/08/porte-art-deco-gd-cadre-safran-bertoli-2-150x100.jpg 150w, https://www.bertoli.fr/wp-content/uploads/2022/08/porte-art-deco-gd-cadre-safran-bertoli-2-1000x668.jpg 1000w" sizes="auto, (max-width: 1198px) 100vw, 1198px" />				</div>
											</div>
	</div>
  [/vc_column_inner][/vc_row_inner][/vc_column][/vc_row][vc_row et_column_align=&#8221;align-center&#8221; css=&#8221;.vc_custom_1579132139891{padding-bottom: 60px !important;}&#8221;][vc_column][vc_row_inner content_placement=&#8221;middle&#8221;][vc_column_inner offset=&#8221;vc_col-lg-7&#8243;]	<div class="et-image-844 et-image     et_image_link">
		<div class="et-image-inner ">
							<div class="et-image-thumb ">
					<img loading="lazy" decoding="async" width="534" height="800" src="https://www.bertoli.fr/wp-content/uploads/2022/08/porte-art-deco-gd-cadre-safran-bertoli-1.jpg" class="attachment-full" alt="porte art deco gd cadre safran bertoli" title="porte art deco gd cadre safran bertoli (1)" srcset="https://www.bertoli.fr/wp-content/uploads/2022/08/porte-art-deco-gd-cadre-safran-bertoli-1.jpg 534w, https://www.bertoli.fr/wp-content/uploads/2022/08/porte-art-deco-gd-cadre-safran-bertoli-1-200x300.jpg 200w, https://www.bertoli.fr/wp-content/uploads/2022/08/porte-art-deco-gd-cadre-safran-bertoli-1-100x150.jpg 100w" sizes="auto, (max-width: 534px) 100vw, 534px" />				</div>
											</div>
	</div>
  [/vc_column_inner][vc_column_inner offset=&#8221;vc_col-lg-offset-1 vc_col-lg-4&#8243;][vc_column_text]
<h5 class="fancy-title accent-color postline-large">Serrurerie décorative</h5>
<h3>MARIANNE by Enrico Cassina</h3>
<p>Fabrication Italienne en laiton massif[/vc_column_text][/vc_column_inner][/vc_row_inner][/vc_column][/vc_row][vc_row][vc_column][vc_separator][/vc_column][/vc_row][vc_row et_column_align=&#8221;align-center&#8221; css=&#8221;.vc_custom_1579131817775{padding-top: 60px !important;padding-bottom: 60px !important;}&#8221;][vc_column][vc_row_inner et_column_align=&#8221;align-center&#8221;][vc_column_inner offset=&#8221;vc_col-lg-6&#8243;][vc_column_text]
<h5 class="fancy-title accent-color postline-large">La Collection</h5>
<h3>ART DÉCO</h3>
<p>Fabriqué dans les règles de l&#8217;Art, le modèle ART DÉCO Mouluré à Grand Cadre se décline en deux ou trois panneaux.</p>
<p>Il est assemblé à tenons et mortaises, collés et chevillés.<br />
Moulures de 55mm à coupes d&#8217;onglet<br />
Plates-bandes, double face identiques.</p>
<p>Réalisable toutes dimensions, plein ou vitré, en porte battante, coulissante, placard, boiserie assortie.</p>
<p>Nous proposons un large choix de charnière, serrure, poignée &#8230;[/vc_column_text][vc_column_text]
<blockquote>
<h4>&#8220;Le style Art déco ne connaît pas la crise.&#8221;</h4>
</blockquote>
[/vc_column_text][/vc_column_inner][/vc_row_inner][/vc_column][/vc_row][vc_row][vc_column][vc_separator][/vc_column][/vc_row][vc_row][vc_column width=&#8221;1/3&#8243;][vc_column_text]
<h5 class="fancy-title accent-color postline-large" style="text-align: center;"><span style="vertical-align: inherit;">ASSEMBLAGES À TENONS ET MORTAISES COLLÉS ET CHEVILLÉS BOIS</span></h5>
<h5><span style="vertical-align: inherit;">MOULURATION À GRAND CADRE A COUPES D&#8217;ONGLET<br />
Étagées ART DÉCO<br />
</span><em><span style="vertical-align: inherit;">DOUBLES FACES IDENTIQUES</span></em></h5>
<h5><span style="vertical-align: inherit;">PANNEAUX À PLATES-BANDES</span><br />
<em><span style="vertical-align: inherit;">DOUBLES FACES IDENTIQUES</span></em></h5>
<h4 style="text-align: center;"><strong><span style="vertical-align: inherit;">Toutes nos portes sont fabriquées dans des essences de bois séchées dans nos ateliers </span><br />
<span style="vertical-align: inherit;">(10 à 12% d&#8217;hygrométrie)</span></strong></h4>
[/vc_column_text][/vc_column][vc_column width=&#8221;1/3&#8243;][vc_empty_space height=&#8221;100px&#8221;][vc_column_text]<span style="vertical-align: inherit;">Nous vous proposons de fabriquer vos portes d&#8217;intérieur dans différentes essences : bois à peindre, Tilleul, Châtaignier de France, Chêne de France, Merisier de France, Noyer de France. (autres sur demande)</span></p>
<p><span style="vertical-align: inherit;">La porte de communication ART DÉCO est réalisable :</span></p>
<ul>
<li><span style="vertical-align: inherit;">dans toutes les dimensions</span></li>
<li><span style="vertical-align: inherit;">à panneaux ou vitrées</span></li>
<li><span style="vertical-align: inherit;">en deux ou trois panneaux</span></li>
<li><span style="vertical-align: inherit;">en simple vantail, deux vantaux, en tiercée&#8230;</span></li>
<li><span style="vertical-align: inherit;">battante, coulissante à galandage ou en applique (fourniture des châssis ou rail)</span></li>
<li><span style="vertical-align: inherit;">en EI30, EI60, acoustique, blindée, pare-balles &#8230;</span></li>
<li><span style="vertical-align: inherit;">en placard, boiseries murales assortis</span></li>
</ul>
[/vc_column_text][/vc_column][vc_column width=&#8221;1/3&#8243;][vc_empty_space height=&#8221;100px&#8221;][vc_column_text]Les cadres sont fabriqués de l&#8217;épaisseur de vos cloisons afin de permettre une pose parfaite des couvre-joints sur les deux faces.<br />
Toutes nos portes sont équipées de paumelles entaillées et d’une serrure à larder NF, sur demande  nous vous proposons :</p>
<ul>
<li>des charnières invisibles, serrure magnétique</li>
<li>joint phonique, plinthe automatique en partie basse</li>
<li>Large choix de finitions, poignées à découvrir &#8230;</li>
</ul>
[/vc_column_text][/vc_column][/vc_row][vc_row][vc_column][vc_separator][/vc_column][/vc_row]

<p><span style="vertical-align: inherit;"><span style="vertical-align: inherit;">Deux panneaux Grand Cadre, motifs à la grecque </span></span><br />
<span style="vertical-align: inherit;"><span style="vertical-align: inherit;">Couvre-joints Art Déco </span></span><br />
<span style="vertical-align: inherit;"><span style="vertical-align: inherit;">Poignée MARIANNE Enrico Cassina </span></span><br />
<span style="vertical-align: inherit;"><span style="vertical-align: inherit;">Finition laquée Safran</span></span></p>
<h5 class="fancy-title accent-color postline-large">Modèle visible dans notre show-room</h5>
