{"id":19489,"date":"2022-09-07T13:49:08","date_gmt":"2022-09-07T11:49:08","guid":{"rendered":"https:\/\/www.bertoli.fr\/?post_type=product&#038;p=19489"},"modified":"2026-04-13T12:00:44","modified_gmt":"2026-04-13T10:00:44","slug":"roussillon-2","status":"publish","type":"product","link":"https:\/\/www.bertoli.fr\/en\/portes\/roussillon-2\/","title":{"rendered":"Roussillon"},"content":{"rendered":"[vc_row et_column_align=&#8221;align-center&#8221; css=&#8221;.vc_custom_1579132110345{padding-top: 30px !important;padding-bottom: 60px !important;}&#8221;][vc_column][vc_row_inner content_placement=&#8221;middle&#8221;][vc_column_inner offset=&#8221;vc_col-lg-7&#8243;][vc_column_text]\n<h5 class=\"fancy-title accent-color postline-large\">Un Savoir-Faire RARE<\/h5>\n<h3><strong>Porte d\u2019entr\u00e9e de style Louis XIV, mod\u00e8le d\u2019exception<\/strong><\/h3>\n<p>fabriqu\u00e9e en Provence au d\u00e9but des ann\u00e9es 1700 par les plus Grands Ateliers de l\u2019\u00e9poque.<\/p>\n<p>B\u00e2ti assembl\u00e9 \u00e0 tenons et mortaises traversants coll\u00e9s, chevill\u00e9s et coinc\u00e9s.<br \/>\nJet d\u2019eau entaill\u00e9 et assembl\u00e9 \u00e0 queues d\u2019aronde.[\/vc_column_text][\/vc_column_inner][vc_column_inner offset=&#8221;vc_col-lg-offset-1 vc_col-lg-4&#8243;]\t<div class=\"et-image-270 et-image aligncenter    et_image_link\">\n\t\t<div class=\"et-image-inner \">\n\t\t\t\t\t\t\t<div class=\"et-image-thumb \">\n\t\t\t\t\t<img loading=\"lazy\" decoding=\"async\" width=\"400\" height=\"300\" src=\"https:\/\/www.bertoli.fr\/wp-content\/uploads\/2022\/09\/porteroussillonbertoli-2.png\" class=\"attachment-full\" alt=\"porte roussillon par Bertoli\" title=\"porteroussillonbertoli (2)\" srcset=\"https:\/\/www.bertoli.fr\/wp-content\/uploads\/2022\/09\/porteroussillonbertoli-2.png 400w, https:\/\/www.bertoli.fr\/wp-content\/uploads\/2022\/09\/porteroussillonbertoli-2-300x225.png 300w, https:\/\/www.bertoli.fr\/wp-content\/uploads\/2022\/09\/porteroussillonbertoli-2-150x113.png 150w\" sizes=\"auto, (max-width: 400px) 100vw, 400px\" \/>\t\t\t\t<\/div>\n\t\t\t\t\t\t\t\t\t\t\t<\/div>\n\t<\/div>\n  [\/vc_column_inner][\/vc_row_inner][\/vc_column][\/vc_row][vc_row et_column_align=&#8221;align-center&#8221; css=&#8221;.vc_custom_1579132139891{padding-bottom: 60px !important;}&#8221;][vc_column][vc_row_inner content_placement=&#8221;middle&#8221;][vc_column_inner offset=&#8221;vc_col-lg-4&#8243;]\t<div class=\"et-image-656 et-image     et_image_link\">\n\t\t<div class=\"et-image-inner \">\n\t\t\t\t\t\t\t<div class=\"et-image-thumb \">\n\t\t\t\t\t<img loading=\"lazy\" decoding=\"async\" width=\"338\" height=\"600\" src=\"https:\/\/www.bertoli.fr\/wp-content\/uploads\/2022\/09\/porteroussillonnoyerbertoli.jpg\" class=\"attachment-full\" alt=\"porte roussillon noyer bertoli\" title=\"porteroussillonnoyerbertoli\" srcset=\"https:\/\/www.bertoli.fr\/wp-content\/uploads\/2022\/09\/porteroussillonnoyerbertoli.jpg 338w, https:\/\/www.bertoli.fr\/wp-content\/uploads\/2022\/09\/porteroussillonnoyerbertoli-169x300.jpg 169w, https:\/\/www.bertoli.fr\/wp-content\/uploads\/2022\/09\/porteroussillonnoyerbertoli-85x150.jpg 85w\" sizes=\"auto, (max-width: 338px) 100vw, 338px\" \/>\t\t\t\t<\/div>\n\t\t\t\t\t\t\t\t\t\t\t<\/div>\n\t<\/div>\n  [\/vc_column_inner][vc_column_inner offset=&#8221;vc_col-lg-offset-1 vc_col-lg-6&#8243;][vc_column_text]\n<h5 class=\"fancy-title accent-color postline-large\">D\u00e9tail de fabrication<\/h5>\n<h3>Une harmonie d&#8217;ensemble<\/h3>\n<p>Pour obtenir une harmonie d\u2019ensemble, cette porte est orn\u00e9e de deux moulures de largeurs diff\u00e9rentes qui augmentent les difficult\u00e9s de fabrication.<br \/>\nCes moulures *tarabiscot\u00e9es directement dans la masse. (*nom d\u2019un outils ancien qui sert \u00e0 moulurer des profils tr\u00e8s difficile et impossible \u00e0 faire avec un rabot \u00e0 moulure et autres toupies).<\/p>\n<p>Vous remarquerez que les coupes d\u2019onglet reliant les montants droits aux traverses chantourn\u00e9es sont courbes et ce pour assurer une parfaite liaison entre les deux parties<\/p>\n<p>Cet art de la mouluration et de l\u2019assemblage requ\u00e9raient et requi\u00e8rent encore plus de nos jours o\u00f9 le temps nous est compt\u00e9 une ma\u00eetrise professionnelle faite de rigueur morale et de dext\u00e9rit\u00e9 manuelle digne des plus grands compagnons \u00e9b\u00e9nistes du XVIII\u00e8me si\u00e8cle qui vit l\u2019apog\u00e9e de tous les m\u00e9tiers de l\u2019art.<\/p>\n<p><em>Sculptures main sur demande<\/em>[\/vc_column_text][\/vc_column_inner][\/vc_row_inner][\/vc_column][\/vc_row][vc_row][vc_column][vc_separator][\/vc_column][\/vc_row][vc_row][vc_column animation=&#8221;animation bottom-to-top&#8221;][vc_empty_space][vc_column_text]<strong>Toutes nos portes sont fabriqu\u00e9es dans des essences de bois s\u00e9ch\u00e9es dans nos ateliers<br \/>\n(10 \u00e0 12% d\u2019hygrom\u00e9trie)<\/strong><\/p>\n<p>Les mod\u00e8les de porte d\u2019entr\u00e9e que nous vous proposons peuvent \u00eatre fabriqu\u00e9s en Ch\u00eane de France et en Noyer de France. (autre essence sur-demande)<\/p>\n<ul>\n<li>Pour ferrer nos portes nous utilisons des <strong>paumelles picardes<\/strong> de la marque Cl\u00e9menson, les meilleures du march\u00e9.<\/li>\n<li>Elles sont munies d\u2019une<strong>\u00a0g\u00e2che renforc\u00e9e<\/strong>, d&#8217;une <strong>serrure 3 points encastr\u00e9e marque Vachette<\/strong> avec cylindre s\u00e9curit\u00e9 et carte de reproduction . (<em>sur demande , g\u00e2che \u00e9lectrique, bo\u00eetier \u00e0 reconnaissance digitale\u2026)<\/em><\/li>\n<li>Pour l\u2019isolation nous les \u00e9quipons d\u2019un <strong>joint p\u00e9riph\u00e9rique<\/strong> de la marque Dual et d\u2019une <strong>barre de seuil en aluminium \u00e0 encastrer<\/strong> ou r\u00e9novation, ou d\u2019une plinthe automatique appel\u00e9e \u00ab closnet \u00bbou \u00ab klomatic \u00bb.<\/li>\n<\/ul>\n<p><strong>E<\/strong>nfin, c\u2019est avec soin et attention que notre vernisseur leur donne la touche finale:\u00a0 teinte choisie par vos soins, trois couches de lasure sur la face ext\u00e9rieure, &amp; Teinte, vernis polyur\u00e9thane et cire sur la face int\u00e9rieure. Si vous souhaitez une porte avec un aspect ancien, nous vous proposons diff\u00e9rentes techniques de finition :\u00a0 patine antiquaire, brossage, rabot rond, sciage &#8230;<br \/>\nUn large choix pour parfaire votre porte d&#8217;entr\u00e9e Unique &#8230;<\/p>\n<p><em>Notre Recommandation : Nous vous conseillons de prot\u00e9ger votre porte d\u2019entr\u00e9e des intemp\u00e9ries en la pla\u00e7ant sous abris (porche, marquise, avanc\u00e9e de toit..)<br \/>\n<\/em>[\/vc_column_text][\/vc_column][\/vc_row][vc_row][vc_column][vc_separator][\/vc_column][\/vc_row]\n","protected":false},"excerpt":{"rendered":"<p>en Noyer de France lasur\u00e9<br \/>\nPoign\u00e9es Genifer et Marteau de porte dessin\u00e9 par Bruno Bertoli<\/p>\n<p>Dimensions : 2150 x 1000 mm<br \/>\nFabrication sur-mesure \u00e0 la demande<\/p>\n<p><em>Mod\u00e8le pr\u00e9sent\u00e9 dans notre show-room<\/em><\/p>\n","protected":false},"featured_media":19529,"template":"","meta":[],"product_brand":[],"product_cat":[146,176],"product_tag":[],"class_list":{"0":"post-19489","1":"product","2":"type-product","3":"status-publish","4":"has-post-thumbnail","6":"product_cat-de-style","7":"product_cat-portes-dentree","9":"first","10":"instock","11":"shipping-taxable","12":"purchasable","13":"product-type-variable"},"_links":{"self":[{"href":"https:\/\/www.bertoli.fr\/en\/wp-json\/wp\/v2\/product\/19489","targetHints":{"allow":["GET"]}}],"collection":[{"href":"https:\/\/www.bertoli.fr\/en\/wp-json\/wp\/v2\/product"}],"about":[{"href":"https:\/\/www.bertoli.fr\/en\/wp-json\/wp\/v2\/types\/product"}],"wp:featuredmedia":[{"embeddable":true,"href":"https:\/\/www.bertoli.fr\/en\/wp-json\/wp\/v2\/media\/19529"}],"wp:attachment":[{"href":"https:\/\/www.bertoli.fr\/en\/wp-json\/wp\/v2\/media?parent=19489"}],"wp:term":[{"taxonomy":"product_brand","embeddable":true,"href":"https:\/\/www.bertoli.fr\/en\/wp-json\/wp\/v2\/product_brand?post=19489"},{"taxonomy":"product_cat","embeddable":true,"href":"https:\/\/www.bertoli.fr\/en\/wp-json\/wp\/v2\/product_cat?post=19489"},{"taxonomy":"product_tag","embeddable":true,"href":"https:\/\/www.bertoli.fr\/en\/wp-json\/wp\/v2\/product_tag?post=19489"}],"curies":[{"name":"wp","href":"https:\/\/api.w.org\/{rel}","templated":true}]}}

[vc_row et_column_align=&#8221;align-center&#8221; css=&#8221;.vc_custom_1579132110345{padding-top: 30px !important;padding-bottom: 60px !important;}&#8221;][vc_column][vc_row_inner content_placement=&#8221;middle&#8221;][vc_column_inner offset=&#8221;vc_col-lg-7&#8243;][vc_column_text]
<h5 class="fancy-title accent-color postline-large">Un Savoir-Faire RARE</h5>
<h3><strong>Porte d’entrée de style Louis XIV, modèle d’exception</strong></h3>
<p>fabriquée en Provence au début des années 1700 par les plus Grands Ateliers de l’époque.</p>
<p>Bâti assemblé à tenons et mortaises traversants collés, chevillés et coincés.<br />
Jet d’eau entaillé et assemblé à queues d’aronde.[/vc_column_text][/vc_column_inner][vc_column_inner offset=&#8221;vc_col-lg-offset-1 vc_col-lg-4&#8243;]	<div class="et-image-270 et-image aligncenter    et_image_link">
		<div class="et-image-inner ">
							<div class="et-image-thumb ">
					<img loading="lazy" decoding="async" width="400" height="300" src="https://www.bertoli.fr/wp-content/uploads/2022/09/porteroussillonbertoli-2.png" class="attachment-full" alt="porte roussillon par Bertoli" title="porteroussillonbertoli (2)" srcset="https://www.bertoli.fr/wp-content/uploads/2022/09/porteroussillonbertoli-2.png 400w, https://www.bertoli.fr/wp-content/uploads/2022/09/porteroussillonbertoli-2-300x225.png 300w, https://www.bertoli.fr/wp-content/uploads/2022/09/porteroussillonbertoli-2-150x113.png 150w" sizes="auto, (max-width: 400px) 100vw, 400px" />				</div>
											</div>
	</div>
  [/vc_column_inner][/vc_row_inner][/vc_column][/vc_row][vc_row et_column_align=&#8221;align-center&#8221; css=&#8221;.vc_custom_1579132139891{padding-bottom: 60px !important;}&#8221;][vc_column][vc_row_inner content_placement=&#8221;middle&#8221;][vc_column_inner offset=&#8221;vc_col-lg-4&#8243;]	<div class="et-image-656 et-image     et_image_link">
		<div class="et-image-inner ">
							<div class="et-image-thumb ">
					<img loading="lazy" decoding="async" width="338" height="600" src="https://www.bertoli.fr/wp-content/uploads/2022/09/porteroussillonnoyerbertoli.jpg" class="attachment-full" alt="porte roussillon noyer bertoli" title="porteroussillonnoyerbertoli" srcset="https://www.bertoli.fr/wp-content/uploads/2022/09/porteroussillonnoyerbertoli.jpg 338w, https://www.bertoli.fr/wp-content/uploads/2022/09/porteroussillonnoyerbertoli-169x300.jpg 169w, https://www.bertoli.fr/wp-content/uploads/2022/09/porteroussillonnoyerbertoli-85x150.jpg 85w" sizes="auto, (max-width: 338px) 100vw, 338px" />				</div>
											</div>
	</div>
  [/vc_column_inner][vc_column_inner offset=&#8221;vc_col-lg-offset-1 vc_col-lg-6&#8243;][vc_column_text]
<h5 class="fancy-title accent-color postline-large">Détail de fabrication</h5>
<h3>Une harmonie d&#8217;ensemble</h3>
<p>Pour obtenir une harmonie d’ensemble, cette porte est ornée de deux moulures de largeurs différentes qui augmentent les difficultés de fabrication.<br />
Ces moulures *tarabiscotées directement dans la masse. (*nom d’un outils ancien qui sert à moulurer des profils très difficile et impossible à faire avec un rabot à moulure et autres toupies).</p>
<p>Vous remarquerez que les coupes d’onglet reliant les montants droits aux traverses chantournées sont courbes et ce pour assurer une parfaite liaison entre les deux parties</p>
<p>Cet art de la mouluration et de l’assemblage requéraient et requièrent encore plus de nos jours où le temps nous est compté une maîtrise professionnelle faite de rigueur morale et de dextérité manuelle digne des plus grands compagnons ébénistes du XVIIIème siècle qui vit l’apogée de tous les métiers de l’art.</p>
<p><em>Sculptures main sur demande</em>[/vc_column_text][/vc_column_inner][/vc_row_inner][/vc_column][/vc_row][vc_row][vc_column][vc_separator][/vc_column][/vc_row][vc_row][vc_column animation=&#8221;animation bottom-to-top&#8221;][vc_empty_space][vc_column_text]<strong>Toutes nos portes sont fabriquées dans des essences de bois séchées dans nos ateliers<br />
(10 à 12% d’hygrométrie)</strong></p>
<p>Les modèles de porte d’entrée que nous vous proposons peuvent être fabriqués en Chêne de France et en Noyer de France. (autre essence sur-demande)</p>
<ul>
<li>Pour ferrer nos portes nous utilisons des <strong>paumelles picardes</strong> de la marque Clémenson, les meilleures du marché.</li>
<li>Elles sont munies d’une<strong> gâche renforcée</strong>, d&#8217;une <strong>serrure 3 points encastrée marque Vachette</strong> avec cylindre sécurité et carte de reproduction . (<em>sur demande , gâche électrique, boîtier à reconnaissance digitale…)</em></li>
<li>Pour l’isolation nous les équipons d’un <strong>joint périphérique</strong> de la marque Dual et d’une <strong>barre de seuil en aluminium à encastrer</strong> ou rénovation, ou d’une plinthe automatique appelée « closnet »ou « klomatic ».</li>
</ul>
<p><strong>E</strong>nfin, c’est avec soin et attention que notre vernisseur leur donne la touche finale:  teinte choisie par vos soins, trois couches de lasure sur la face extérieure, &amp; Teinte, vernis polyuréthane et cire sur la face intérieure. Si vous souhaitez une porte avec un aspect ancien, nous vous proposons différentes techniques de finition :  patine antiquaire, brossage, rabot rond, sciage &#8230;<br />
Un large choix pour parfaire votre porte d&#8217;entrée Unique &#8230;</p>
<p><em>Notre Recommandation : Nous vous conseillons de protéger votre porte d’entrée des intempéries en la plaçant sous abris (porche, marquise, avancée de toit..)<br />
</em>[/vc_column_text][/vc_column][/vc_row][vc_row][vc_column][vc_separator][/vc_column][/vc_row]

<p>en Noyer de France lasuré<br />
Poignées Genifer et Marteau de porte dessiné par Bruno Bertoli</p>
<p>Dimensions : 2150 x 1000 mm<br />
Fabrication sur-mesure à la demande</p>
<p><em>Modèle présenté dans notre show-room</em></p>
