{"id":19647,"date":"2022-09-12T12:34:09","date_gmt":"2022-09-12T10:34:09","guid":{"rendered":"https:\/\/www.bertoli.fr\/?post_type=product&#038;p=19647"},"modified":"2026-04-13T12:01:15","modified_gmt":"2026-04-13T10:01:15","slug":"art-deco-4","status":"publish","type":"product","link":"https:\/\/www.bertoli.fr\/en\/portes\/art-deco-4\/","title":{"rendered":"Porte ART NOUVEAU"},"content":{"rendered":"[vc_row][vc_column][vc_row_inner][vc_column_inner offset=&#8221;vc_col-lg-4&#8243;][vc_column_text]\n<h5 class=\"fancy-title accent-color postline-large\">la Tendance !<\/h5>\n<p><strong>Motifs d&#8217;angles ART NOUVEAU<\/strong><br \/>\nqui donne du caract\u00e8re \u00e0 votre porte d&#8217;int\u00e9rieur<\/p>\n<p><strong>Poign\u00e9e porcelaine<\/strong><br \/>\nFabrication Italienne.[\/vc_column_text][\/vc_column_inner][vc_column_inner offset=&#8221;vc_col-lg-offset-1 vc_col-lg-7&#8243;]\t<div class=\"et-image-13 et-image     et_image_link\">\n\t\t<div class=\"et-image-inner \">\n\t\t\t\t\t\t\t<div class=\"et-image-thumb \">\n\t\t\t\t\t<img loading=\"lazy\" decoding=\"async\" width=\"945\" height=\"345\" src=\"https:\/\/www.bertoli.fr\/wp-content\/uploads\/2022\/09\/artNouveau.jpg\" class=\"attachment-full\" alt=\"porte et poign\u00e9e art Nouveau boiserie\" title=\"artNouveau\" srcset=\"https:\/\/www.bertoli.fr\/wp-content\/uploads\/2022\/09\/artNouveau.jpg 945w, https:\/\/www.bertoli.fr\/wp-content\/uploads\/2022\/09\/artNouveau-300x110.jpg 300w, https:\/\/www.bertoli.fr\/wp-content\/uploads\/2022\/09\/artNouveau-768x280.jpg 768w, https:\/\/www.bertoli.fr\/wp-content\/uploads\/2022\/09\/artNouveau-150x55.jpg 150w\" sizes=\"auto, (max-width: 945px) 100vw, 945px\" \/>\t\t\t\t<\/div>\n\t\t\t\t\t\t\t\t\t\t\t<\/div>\n\t<\/div>\n  [\/vc_column_inner][\/vc_row_inner][\/vc_column][\/vc_row][vc_row][vc_column][\/vc_column][\/vc_row][vc_row et_column_align=&#8221;align-center&#8221; css=&#8221;.vc_custom_1579132139891{padding-bottom: 60px !important;}&#8221;][vc_column width=&#8221;1\/3&#8243;][vc_column_text]\n<h5 class=\"fancy-title accent-color postline-large\" style=\"text-align: center;\">ASSEMBLAGES \u00c0 TENONS ET MORTAISES COLL\u00c9S ET CHEVILL\u00c9S BOIS<\/h5>\n<h4>MOULURATION \u00c0 PETIT CADRE<br \/>\n<em>DOUBLES-FACES IDENTIQUES<\/em><\/h4>\n<h4>PANNEAUX A PLATES-BANDES<br \/>\n<em>DOUBLES-FACES IDENTIQUES<\/em><\/h4>\n<h4 style=\"text-align: center;\"><strong><br \/>\n<\/strong><strong>Toutes nos portes sont fabriqu\u00e9es dans des essences de bois s\u00e9ch\u00e9es dans nos ateliers<br \/>\n(10 \u00e0 12% d\u2019hygrom\u00e9trie)<\/strong><\/h4>\n[\/vc_column_text][\/vc_column][vc_column width=&#8221;1\/3&#8243;][vc_empty_space height=&#8221;120px&#8221;][vc_column_text]<span style=\"vertical-align: inherit;\">Nous vous proposons de fabriquer vos portes d&#8217;int\u00e9rieur dans diff\u00e9rentes essences\u00a0: bois \u00e0 peindre, Tilleul, Ch\u00e2taignier de France, Ch\u00eane de France, Merisier de France, Noyer de France. (autres sur demande)<\/span><\/p>\n<p><span style=\"vertical-align: inherit;\">La porte d&#8217;int\u00e9rieur style Art-nouveau est r\u00e9alisable :<\/span><\/p>\n<ul>\n<li><span style=\"vertical-align: inherit;\">dans toutes les dimensions<\/span><\/li>\n<li><span style=\"vertical-align: inherit;\">\u00e0 panneaux ou vitr\u00e9es<\/span><\/li>\n<li><span style=\"vertical-align: inherit;\">en deux ou trois panneaux<\/span><\/li>\n<li><span style=\"vertical-align: inherit;\">en simple vantail, deux vantaux, en tierc\u00e9e&#8230;<\/span><\/li>\n<li><span style=\"vertical-align: inherit;\">battante, coulissante \u00e0 galandage ou en applique (fourniture des ch\u00e2ssis ou rail)<\/span><\/li>\n<li><span style=\"vertical-align: inherit;\">en EI30, EI60, acoustique, blind\u00e9e, pare-balles &#8230;<\/span><\/li>\n<li>en placard, boiseries murales assortis<\/li>\n<\/ul>\n[\/vc_column_text][\/vc_column][vc_column width=&#8221;1\/3&#8243;][vc_empty_space height=&#8221;120px&#8221;][vc_column_text]\n<ul>\n<li><span style=\"vertical-align: inherit;\">Les cadres sont fabriqu\u00e9s de l&#8217;\u00e9paisseur de vos cloisons afin de permettre une pose parfaite des couvre-joints sur les deux faces. <\/span><br \/>\n<span style=\"vertical-align: inherit;\">Toutes nos portes sont \u00e9quip\u00e9es de paumelles entaill\u00e9es et d&#8217;une serrure \u00e0 larder NF, sur demande nous vous proposons :<\/span><\/p>\n<ul>\n<li><span style=\"vertical-align: inherit;\">des charni\u00e8res invisibles, serrure magn\u00e9tique<\/span><\/li>\n<li><span style=\"vertical-align: inherit;\">joint phonique, plinthe automatique en partie basse<\/span><\/li>\n<li><span style=\"vertical-align: inherit;\">Large choix de finitions, poign\u00e9es \u00e0 d\u00e9couvrir&#8230;<\/span><\/li>\n<\/ul>\n<\/li>\n<\/ul>\n[\/vc_column_text][\/vc_column][\/vc_row][vc_row][vc_column][vc_separator][\/vc_column][\/vc_row][vc_row][vc_column]\t<div class=\"et-image-654 et-image aligncenter    et_image_link\">\n\t\t<div class=\"et-image-inner animation right-to-left-3d\">\n\t\t\t\t\t\t\t<div class=\"et-image-thumb \">\n\t\t\t\t\t<img loading=\"lazy\" decoding=\"async\" width=\"1915\" height=\"1424\" src=\"https:\/\/www.bertoli.fr\/wp-content\/uploads\/2022\/09\/Porte-art-nouveau-ATELIER-BERTOLI.jpg\" class=\"attachment-full\" alt=\"\" title=\"Modern armchair and pouf on brown carpet in white apartment inte\" srcset=\"https:\/\/www.bertoli.fr\/wp-content\/uploads\/2022\/09\/Porte-art-nouveau-ATELIER-BERTOLI.jpg 1915w, https:\/\/www.bertoli.fr\/wp-content\/uploads\/2022\/09\/Porte-art-nouveau-ATELIER-BERTOLI-300x223.jpg 300w, https:\/\/www.bertoli.fr\/wp-content\/uploads\/2022\/09\/Porte-art-nouveau-ATELIER-BERTOLI-1024x761.jpg 1024w, https:\/\/www.bertoli.fr\/wp-content\/uploads\/2022\/09\/Porte-art-nouveau-ATELIER-BERTOLI-768x571.jpg 768w, https:\/\/www.bertoli.fr\/wp-content\/uploads\/2022\/09\/Porte-art-nouveau-ATELIER-BERTOLI-1536x1142.jpg 1536w, https:\/\/www.bertoli.fr\/wp-content\/uploads\/2022\/09\/Porte-art-nouveau-ATELIER-BERTOLI-150x112.jpg 150w, https:\/\/www.bertoli.fr\/wp-content\/uploads\/2022\/09\/Porte-art-nouveau-ATELIER-BERTOLI-1000x744.jpg 1000w\" sizes=\"auto, (max-width: 1915px) 100vw, 1915px\" \/>\t\t\t\t<\/div>\n\t\t\t\t\t\t\t\t\t\t\t<\/div>\n\t<\/div>\n  [\/vc_column][\/vc_row][vc_row][vc_column][vc_separator][\/vc_column][\/vc_row]\n","protected":false},"excerpt":{"rendered":"<p>Ch\u00e2taignier de France<br \/>\nNaturel mat<br \/>\nCouvre-joints et socles ART D\u00c9CO<\/p>\n<p>Dimensions : 2100 x 730 mm<br \/>\n<em>Fabrication toutes dimensions<\/em><\/p>\n<h5 class=\"fancy-title accent-color postline-large\">Mod\u00e8le visible dans notre show-room<\/h5>\n","protected":false},"featured_media":20145,"template":"","meta":[],"product_brand":[],"product_cat":[152,177],"product_tag":[],"class_list":{"0":"post-19647","1":"product","2":"type-product","3":"status-publish","4":"has-post-thumbnail","6":"product_cat-art-deco","7":"product_cat-portes-dinterieur","9":"first","10":"instock","11":"shipping-taxable","12":"purchasable","13":"product-type-variable"},"_links":{"self":[{"href":"https:\/\/www.bertoli.fr\/en\/wp-json\/wp\/v2\/product\/19647","targetHints":{"allow":["GET"]}}],"collection":[{"href":"https:\/\/www.bertoli.fr\/en\/wp-json\/wp\/v2\/product"}],"about":[{"href":"https:\/\/www.bertoli.fr\/en\/wp-json\/wp\/v2\/types\/product"}],"wp:featuredmedia":[{"embeddable":true,"href":"https:\/\/www.bertoli.fr\/en\/wp-json\/wp\/v2\/media\/20145"}],"wp:attachment":[{"href":"https:\/\/www.bertoli.fr\/en\/wp-json\/wp\/v2\/media?parent=19647"}],"wp:term":[{"taxonomy":"product_brand","embeddable":true,"href":"https:\/\/www.bertoli.fr\/en\/wp-json\/wp\/v2\/product_brand?post=19647"},{"taxonomy":"product_cat","embeddable":true,"href":"https:\/\/www.bertoli.fr\/en\/wp-json\/wp\/v2\/product_cat?post=19647"},{"taxonomy":"product_tag","embeddable":true,"href":"https:\/\/www.bertoli.fr\/en\/wp-json\/wp\/v2\/product_tag?post=19647"}],"curies":[{"name":"wp","href":"https:\/\/api.w.org\/{rel}","templated":true}]}}

[vc_row][vc_column][vc_row_inner][vc_column_inner offset=&#8221;vc_col-lg-4&#8243;][vc_column_text]
<h5 class="fancy-title accent-color postline-large">la Tendance !</h5>
<p><strong>Motifs d&#8217;angles ART NOUVEAU</strong><br />
qui donne du caractère à votre porte d&#8217;intérieur</p>
<p><strong>Poignée porcelaine</strong><br />
Fabrication Italienne.[/vc_column_text][/vc_column_inner][vc_column_inner offset=&#8221;vc_col-lg-offset-1 vc_col-lg-7&#8243;]	<div class="et-image-13 et-image     et_image_link">
		<div class="et-image-inner ">
							<div class="et-image-thumb ">
					<img loading="lazy" decoding="async" width="945" height="345" src="https://www.bertoli.fr/wp-content/uploads/2022/09/artNouveau.jpg" class="attachment-full" alt="porte et poignée art Nouveau boiserie" title="artNouveau" srcset="https://www.bertoli.fr/wp-content/uploads/2022/09/artNouveau.jpg 945w, https://www.bertoli.fr/wp-content/uploads/2022/09/artNouveau-300x110.jpg 300w, https://www.bertoli.fr/wp-content/uploads/2022/09/artNouveau-768x280.jpg 768w, https://www.bertoli.fr/wp-content/uploads/2022/09/artNouveau-150x55.jpg 150w" sizes="auto, (max-width: 945px) 100vw, 945px" />				</div>
											</div>
	</div>
  [/vc_column_inner][/vc_row_inner][/vc_column][/vc_row][vc_row][vc_column][/vc_column][/vc_row][vc_row et_column_align=&#8221;align-center&#8221; css=&#8221;.vc_custom_1579132139891{padding-bottom: 60px !important;}&#8221;][vc_column width=&#8221;1/3&#8243;][vc_column_text]
<h5 class="fancy-title accent-color postline-large" style="text-align: center;">ASSEMBLAGES À TENONS ET MORTAISES COLLÉS ET CHEVILLÉS BOIS</h5>
<h4>MOULURATION À PETIT CADRE<br />
<em>DOUBLES-FACES IDENTIQUES</em></h4>
<h4>PANNEAUX A PLATES-BANDES<br />
<em>DOUBLES-FACES IDENTIQUES</em></h4>
<h4 style="text-align: center;"><strong><br />
</strong><strong>Toutes nos portes sont fabriquées dans des essences de bois séchées dans nos ateliers<br />
(10 à 12% d’hygrométrie)</strong></h4>
[/vc_column_text][/vc_column][vc_column width=&#8221;1/3&#8243;][vc_empty_space height=&#8221;120px&#8221;][vc_column_text]<span style="vertical-align: inherit;">Nous vous proposons de fabriquer vos portes d&#8217;intérieur dans différentes essences : bois à peindre, Tilleul, Châtaignier de France, Chêne de France, Merisier de France, Noyer de France. (autres sur demande)</span></p>
<p><span style="vertical-align: inherit;">La porte d&#8217;intérieur style Art-nouveau est réalisable :</span></p>
<ul>
<li><span style="vertical-align: inherit;">dans toutes les dimensions</span></li>
<li><span style="vertical-align: inherit;">à panneaux ou vitrées</span></li>
<li><span style="vertical-align: inherit;">en deux ou trois panneaux</span></li>
<li><span style="vertical-align: inherit;">en simple vantail, deux vantaux, en tiercée&#8230;</span></li>
<li><span style="vertical-align: inherit;">battante, coulissante à galandage ou en applique (fourniture des châssis ou rail)</span></li>
<li><span style="vertical-align: inherit;">en EI30, EI60, acoustique, blindée, pare-balles &#8230;</span></li>
<li>en placard, boiseries murales assortis</li>
</ul>
[/vc_column_text][/vc_column][vc_column width=&#8221;1/3&#8243;][vc_empty_space height=&#8221;120px&#8221;][vc_column_text]
<ul>
<li><span style="vertical-align: inherit;">Les cadres sont fabriqués de l&#8217;épaisseur de vos cloisons afin de permettre une pose parfaite des couvre-joints sur les deux faces. </span><br />
<span style="vertical-align: inherit;">Toutes nos portes sont équipées de paumelles entaillées et d&#8217;une serrure à larder NF, sur demande nous vous proposons :</span></p>
<ul>
<li><span style="vertical-align: inherit;">des charnières invisibles, serrure magnétique</span></li>
<li><span style="vertical-align: inherit;">joint phonique, plinthe automatique en partie basse</span></li>
<li><span style="vertical-align: inherit;">Large choix de finitions, poignées à découvrir&#8230;</span></li>
</ul>
</li>
</ul>
[/vc_column_text][/vc_column][/vc_row][vc_row][vc_column][vc_separator][/vc_column][/vc_row][vc_row][vc_column]	<div class="et-image-654 et-image aligncenter    et_image_link">
		<div class="et-image-inner animation right-to-left-3d">
							<div class="et-image-thumb ">
					<img loading="lazy" decoding="async" width="1915" height="1424" src="https://www.bertoli.fr/wp-content/uploads/2022/09/Porte-art-nouveau-ATELIER-BERTOLI.jpg" class="attachment-full" alt="" title="Modern armchair and pouf on brown carpet in white apartment inte" srcset="https://www.bertoli.fr/wp-content/uploads/2022/09/Porte-art-nouveau-ATELIER-BERTOLI.jpg 1915w, https://www.bertoli.fr/wp-content/uploads/2022/09/Porte-art-nouveau-ATELIER-BERTOLI-300x223.jpg 300w, https://www.bertoli.fr/wp-content/uploads/2022/09/Porte-art-nouveau-ATELIER-BERTOLI-1024x761.jpg 1024w, https://www.bertoli.fr/wp-content/uploads/2022/09/Porte-art-nouveau-ATELIER-BERTOLI-768x571.jpg 768w, https://www.bertoli.fr/wp-content/uploads/2022/09/Porte-art-nouveau-ATELIER-BERTOLI-1536x1142.jpg 1536w, https://www.bertoli.fr/wp-content/uploads/2022/09/Porte-art-nouveau-ATELIER-BERTOLI-150x112.jpg 150w, https://www.bertoli.fr/wp-content/uploads/2022/09/Porte-art-nouveau-ATELIER-BERTOLI-1000x744.jpg 1000w" sizes="auto, (max-width: 1915px) 100vw, 1915px" />				</div>
											</div>
	</div>
  [/vc_column][/vc_row][vc_row][vc_column][vc_separator][/vc_column][/vc_row]

<p>Châtaignier de France<br />
Naturel mat<br />
Couvre-joints et socles ART DÉCO</p>
<p>Dimensions : 2100 x 730 mm<br />
<em>Fabrication toutes dimensions</em></p>
<h5 class="fancy-title accent-color postline-large">Modèle visible dans notre show-room</h5>
