{"id":19885,"date":"2022-09-13T17:39:35","date_gmt":"2022-09-13T15:39:35","guid":{"rendered":"https:\/\/www.bertoli.fr\/?post_type=product&#038;p=19885"},"modified":"2026-04-13T12:01:10","modified_gmt":"2026-04-13T10:01:10","slug":"haussmaniennes-a-deux-vantaux","status":"publish","type":"product","link":"https:\/\/www.bertoli.fr\/en\/portes\/haussmaniennes-a-deux-vantaux\/","title":{"rendered":"Porte HAUSSMANNIENNE \u00e0 deux vantaux"},"content":{"rendered":"[vc_row et_column_align=&#8221;align-center&#8221; css=&#8221;.vc_custom_1579131817775{padding-top: 60px !important;padding-bottom: 60px !important;}&#8221;][vc_column][vc_row_inner et_column_align=&#8221;align-center&#8221;][vc_column_inner offset=&#8221;vc_col-lg-12&#8243;][vc_column_text]\n<h5 class=\"fancy-title accent-color postline-large\">BERTOLI LA R\u00c9F\u00c9RENCE HAUSSMANNIENNE<\/h5>\n<h3>&#8220;L&#8217;ALLIANCE DE LA MATI\u00c8RE &amp; DU SAVOIR-FAIRE BERTOLI &#8220;<\/h3>\n<p>Un vantail, ensemble double, tierc\u00e9, \u00e0 panneaux, vitr\u00e9, battante ou coulissante<br \/>\n\u00e0 peindre, laqu\u00e9e, patin\u00e9e &#8230;<br \/>\n<em><strong>Nous fabriquerons la porte Haussmannienne de vos r\u00eaves &#8230;<\/strong><\/em>[\/vc_column_text][\/vc_column_inner][\/vc_row_inner][\/vc_column][\/vc_row][vc_row][vc_column][vc_separator][\/vc_column][\/vc_row][vc_row][vc_column width=&#8221;1\/3&#8243;][vc_column_text]\n<h5 class=\"fancy-title accent-color postline-large\" style=\"text-align: center;\"><span style=\"vertical-align: inherit;\">ASSEMBLAGES \u00c0 TENONS ET MORTAISES COLL\u00c9S ET CHEVILL\u00c9S BOIS<\/span><\/h5>\n<h5><span style=\"vertical-align: inherit;\">MOULURATION \u00c0 GRAND CADRE A COUPES D&#8217;ONGLET 55mm<\/span><br \/>\n<em><span style=\"vertical-align: inherit;\">DOUBLES FACES IDENTIQUES<\/span><\/em><\/h5>\n<h5><span style=\"vertical-align: inherit;\">PANNEAUX \u00c0 PLATES-BANDES<\/span><br \/>\n<em><span style=\"vertical-align: inherit;\">DOUBLES FACES IDENTIQUES<\/span><\/em><\/h5>\n<h4 style=\"text-align: center;\"><strong><span style=\"vertical-align: inherit;\">Toutes nos portes sont fabriqu\u00e9es dans des essences de bois s\u00e9ch\u00e9es dans nos ateliers <\/span><br \/>\n<span style=\"vertical-align: inherit;\">(10 \u00e0 12% d&#8217;hygrom\u00e9trie)<\/span><\/strong><\/h4>\n[\/vc_column_text][\/vc_column][vc_column width=&#8221;1\/3&#8243;][vc_empty_space height=&#8221;100px&#8221;][vc_column_text]<span style=\"vertical-align: inherit;\">Nous vous proposons de fabriquer vos portes d&#8217;int\u00e9rieur dans diff\u00e9rentes essences\u00a0: bois \u00e0 peindre, Tilleul, Ch\u00e2taignier de France, Ch\u00eane de France, Merisier de France, Noyer de France. (autres sur demande)<\/span><\/p>\n<p><span style=\"vertical-align: inherit;\">La porte d&#8217;int\u00e9rieur Haussmannienne est r\u00e9alisable :<\/span><\/p>\n<ul>\n<li><span style=\"vertical-align: inherit;\">dans toutes les dimensions<\/span><\/li>\n<li><span style=\"vertical-align: inherit;\">\u00e0 panneaux ou vitr\u00e9es<\/span><\/li>\n<li><span style=\"vertical-align: inherit;\">en deux ou trois panneaux<\/span><\/li>\n<li><span style=\"vertical-align: inherit;\">en simple vantail, deux vantaux, en tierc\u00e9e&#8230;<\/span><\/li>\n<li><span style=\"vertical-align: inherit;\">battante, coulissante \u00e0 galandage ou en applique (fourniture des ch\u00e2ssis ou rail)<\/span><\/li>\n<li><span style=\"vertical-align: inherit;\">en EI30, EI60, acoustique, blind\u00e9e, pare-balles &#8230;<\/span><\/li>\n<li>en placard, boiseries murales assortis<\/li>\n<\/ul>\n[\/vc_column_text][\/vc_column][vc_column width=&#8221;1\/3&#8243;][vc_empty_space height=&#8221;100px&#8221;][vc_column_text]<span style=\"vertical-align: inherit;\"><span style=\"vertical-align: inherit;\"><span style=\"vertical-align: inherit;\">Les cadres sont fabriqu\u00e9s de l&#8217;\u00e9paisseur de vos cloisons afin de permettre une pose parfaite des couvre-joints sur les deux faces. <\/span><\/span><\/span><br \/>\n<span style=\"vertical-align: inherit;\"><span style=\"vertical-align: inherit;\"><span style=\"vertical-align: inherit;\">Toutes nos portes sont \u00e9quip\u00e9es de paumelles entaillees et d&#8217;une serrure \u00e0 garde-manger NF, sur demande nous vous proposons\u00a0:<\/span><\/span><\/span><\/p>\n<ul>\n<li><span style=\"vertical-align: inherit;\"><span style=\"vertical-align: inherit;\"><span style=\"vertical-align: inherit;\">des charni\u00e8res invisibles, serrure magn\u00e9tique<\/span><\/span><\/span><\/li>\n<li><span style=\"vertical-align: inherit;\"><span style=\"vertical-align: inherit;\"><span style=\"vertical-align: inherit;\">joint phonique, plinthe automatique en partie basse<\/span><\/span><\/span><\/li>\n<li><span style=\"vertical-align: inherit;\"><span style=\"vertical-align: inherit;\"><span style=\"vertical-align: inherit;\">Large choix de finitions, poign\u00e9es \u00e0 d\u00e9couvrir &#8230;<\/span><\/span><\/span><\/li>\n<\/ul>\n[\/vc_column_text][\/vc_column][\/vc_row][vc_row][vc_column][vc_separator][\/vc_column][\/vc_row][vc_row][vc_column][vc_single_image image=&#8221;25260&#8243; img_size=&#8221;full&#8221;][\/vc_column][\/vc_row][vc_row][vc_column][vc_separator][\/vc_column][\/vc_row][vc_row][vc_column][vc_single_image image=&#8221;23282&#8243; img_size=&#8221;full&#8221; title=&#8221;Portes coulissantes Haussmanniennes en Noyer de France patin\u00e9&#8221;][\/vc_column][\/vc_row]\n","protected":false},"excerpt":{"rendered":"<p><span style=\"vertical-align: inherit;\"><span style=\"vertical-align: inherit;\">Portes Haussmanniennes double en Ch\u00eane de France vernis naturel<\/span><\/span><\/p>\n<p><span style=\"vertical-align: inherit;\"><span style=\"vertical-align: inherit;\">Couvre-joints, 120mm <\/span><\/span><br \/>\n<span style=\"vertical-align: inherit;\"><span style=\"vertical-align: inherit;\">Finition Vernis naturel satin\u00e9 <\/span><\/span><br \/>\n<span style=\"vertical-align: inherit;\"><span style=\"vertical-align: inherit;\">Poign\u00e9e GENIFER <\/span><\/span><br \/>\n<span style=\"vertical-align: inherit;\"><span style=\"vertical-align: inherit;\">Dimensions : 2500 x 1460mm <\/span><\/span><br \/>\n<em><span style=\"vertical-align: inherit;\"><span style=\"vertical-align: inherit;\">*autres sur demande<\/span><\/span><\/em><\/p>\n<h5 class=\"fancy-title accent-color postline-large\"><span style=\"vertical-align: inherit;\"><span style=\"vertical-align: inherit;\">Mod\u00e8le visible dans notre show-room<\/span><\/span><\/h5>\n<h4><\/h4>\n","protected":false},"featured_media":21343,"template":"","meta":[],"product_brand":[],"product_cat":[151,177],"product_tag":[],"class_list":{"0":"post-19885","1":"product","2":"type-product","3":"status-publish","4":"has-post-thumbnail","6":"product_cat-haussmanniennes","7":"product_cat-portes-dinterieur","9":"first","10":"instock","11":"shipping-taxable","12":"purchasable","13":"product-type-variable"},"_links":{"self":[{"href":"https:\/\/www.bertoli.fr\/en\/wp-json\/wp\/v2\/product\/19885","targetHints":{"allow":["GET"]}}],"collection":[{"href":"https:\/\/www.bertoli.fr\/en\/wp-json\/wp\/v2\/product"}],"about":[{"href":"https:\/\/www.bertoli.fr\/en\/wp-json\/wp\/v2\/types\/product"}],"wp:featuredmedia":[{"embeddable":true,"href":"https:\/\/www.bertoli.fr\/en\/wp-json\/wp\/v2\/media\/21343"}],"wp:attachment":[{"href":"https:\/\/www.bertoli.fr\/en\/wp-json\/wp\/v2\/media?parent=19885"}],"wp:term":[{"taxonomy":"product_brand","embeddable":true,"href":"https:\/\/www.bertoli.fr\/en\/wp-json\/wp\/v2\/product_brand?post=19885"},{"taxonomy":"product_cat","embeddable":true,"href":"https:\/\/www.bertoli.fr\/en\/wp-json\/wp\/v2\/product_cat?post=19885"},{"taxonomy":"product_tag","embeddable":true,"href":"https:\/\/www.bertoli.fr\/en\/wp-json\/wp\/v2\/product_tag?post=19885"}],"curies":[{"name":"wp","href":"https:\/\/api.w.org\/{rel}","templated":true}]}}

Porte HAUSSMANNIENNE à deux vantaux

[vc_row et_column_align=&#8221;align-center&#8221; css=&#8221;.vc_custom_1579131817775{padding-top: 60px !important;padding-bottom: 60px !important;}&#8221;][vc_column][vc_row_inner et_column_align=&#8221;align-center&#8221;][vc_column_inner offset=&#8221;vc_col-lg-12&#8243;][vc_column_text]
<h5 class="fancy-title accent-color postline-large">BERTOLI LA RÉFÉRENCE HAUSSMANNIENNE</h5>
<h3>&#8220;L&#8217;ALLIANCE DE LA MATIÈRE &amp; DU SAVOIR-FAIRE BERTOLI &#8220;</h3>
<p>Un vantail, ensemble double, tiercé, à panneaux, vitré, battante ou coulissante<br />
à peindre, laquée, patinée &#8230;<br />
<em><strong>Nous fabriquerons la porte Haussmannienne de vos rêves &#8230;</strong></em>[/vc_column_text][/vc_column_inner][/vc_row_inner][/vc_column][/vc_row][vc_row][vc_column][vc_separator][/vc_column][/vc_row][vc_row][vc_column width=&#8221;1/3&#8243;][vc_column_text]
<h5 class="fancy-title accent-color postline-large" style="text-align: center;"><span style="vertical-align: inherit;">ASSEMBLAGES À TENONS ET MORTAISES COLLÉS ET CHEVILLÉS BOIS</span></h5>
<h5><span style="vertical-align: inherit;">MOULURATION À GRAND CADRE A COUPES D&#8217;ONGLET 55mm</span><br />
<em><span style="vertical-align: inherit;">DOUBLES FACES IDENTIQUES</span></em></h5>
<h5><span style="vertical-align: inherit;">PANNEAUX À PLATES-BANDES</span><br />
<em><span style="vertical-align: inherit;">DOUBLES FACES IDENTIQUES</span></em></h5>
<h4 style="text-align: center;"><strong><span style="vertical-align: inherit;">Toutes nos portes sont fabriquées dans des essences de bois séchées dans nos ateliers </span><br />
<span style="vertical-align: inherit;">(10 à 12% d&#8217;hygrométrie)</span></strong></h4>
[/vc_column_text][/vc_column][vc_column width=&#8221;1/3&#8243;][vc_empty_space height=&#8221;100px&#8221;][vc_column_text]<span style="vertical-align: inherit;">Nous vous proposons de fabriquer vos portes d&#8217;intérieur dans différentes essences : bois à peindre, Tilleul, Châtaignier de France, Chêne de France, Merisier de France, Noyer de France. (autres sur demande)</span></p>
<p><span style="vertical-align: inherit;">La porte d&#8217;intérieur Haussmannienne est réalisable :</span></p>
<ul>
<li><span style="vertical-align: inherit;">dans toutes les dimensions</span></li>
<li><span style="vertical-align: inherit;">à panneaux ou vitrées</span></li>
<li><span style="vertical-align: inherit;">en deux ou trois panneaux</span></li>
<li><span style="vertical-align: inherit;">en simple vantail, deux vantaux, en tiercée&#8230;</span></li>
<li><span style="vertical-align: inherit;">battante, coulissante à galandage ou en applique (fourniture des châssis ou rail)</span></li>
<li><span style="vertical-align: inherit;">en EI30, EI60, acoustique, blindée, pare-balles &#8230;</span></li>
<li>en placard, boiseries murales assortis</li>
</ul>
[/vc_column_text][/vc_column][vc_column width=&#8221;1/3&#8243;][vc_empty_space height=&#8221;100px&#8221;][vc_column_text]<span style="vertical-align: inherit;"><span style="vertical-align: inherit;"><span style="vertical-align: inherit;">Les cadres sont fabriqués de l&#8217;épaisseur de vos cloisons afin de permettre une pose parfaite des couvre-joints sur les deux faces. </span></span></span><br />
<span style="vertical-align: inherit;"><span style="vertical-align: inherit;"><span style="vertical-align: inherit;">Toutes nos portes sont équipées de paumelles entaillees et d&#8217;une serrure à garde-manger NF, sur demande nous vous proposons :</span></span></span></p>
<ul>
<li><span style="vertical-align: inherit;"><span style="vertical-align: inherit;"><span style="vertical-align: inherit;">des charnières invisibles, serrure magnétique</span></span></span></li>
<li><span style="vertical-align: inherit;"><span style="vertical-align: inherit;"><span style="vertical-align: inherit;">joint phonique, plinthe automatique en partie basse</span></span></span></li>
<li><span style="vertical-align: inherit;"><span style="vertical-align: inherit;"><span style="vertical-align: inherit;">Large choix de finitions, poignées à découvrir &#8230;</span></span></span></li>
</ul>
[/vc_column_text][/vc_column][/vc_row][vc_row][vc_column][vc_separator][/vc_column][/vc_row][vc_row][vc_column][vc_single_image image=&#8221;25260&#8243; img_size=&#8221;full&#8221;][/vc_column][/vc_row][vc_row][vc_column][vc_separator][/vc_column][/vc_row][vc_row][vc_column][vc_single_image image=&#8221;23282&#8243; img_size=&#8221;full&#8221; title=&#8221;Portes coulissantes Haussmanniennes en Noyer de France patiné&#8221;][/vc_column][/vc_row]

<p><span style="vertical-align: inherit;"><span style="vertical-align: inherit;">Portes Haussmanniennes double en Chêne de France vernis naturel</span></span></p>
<p><span style="vertical-align: inherit;"><span style="vertical-align: inherit;">Couvre-joints, 120mm </span></span><br />
<span style="vertical-align: inherit;"><span style="vertical-align: inherit;">Finition Vernis naturel satiné </span></span><br />
<span style="vertical-align: inherit;"><span style="vertical-align: inherit;">Poignée GENIFER </span></span><br />
<span style="vertical-align: inherit;"><span style="vertical-align: inherit;">Dimensions : 2500 x 1460mm </span></span><br />
<em><span style="vertical-align: inherit;"><span style="vertical-align: inherit;">*autres sur demande</span></span></em></p>
<h5 class="fancy-title accent-color postline-large"><span style="vertical-align: inherit;"><span style="vertical-align: inherit;">Modèle visible dans notre show-room</span></span></h5>
<h4></h4>
