{"id":19939,"date":"2022-09-13T19:13:46","date_gmt":"2022-09-13T17:13:46","guid":{"rendered":"https:\/\/www.bertoli.fr\/?post_type=product&#038;p=19939"},"modified":"2026-04-13T12:01:13","modified_gmt":"2026-04-13T10:01:13","slug":"porte-art-deco-3panneaux","status":"publish","type":"product","link":"https:\/\/www.bertoli.fr\/en\/portes\/porte-art-deco-3panneaux\/","title":{"rendered":"Porte ART DECO \u00e0 3 panneaux"},"content":{"rendered":"[vc_row et_column_align=&#8221;align-center&#8221; css=&#8221;.vc_custom_1579132110345{padding-top: 30px !important;padding-bottom: 60px !important;}&#8221;][vc_column][vc_row_inner content_placement=&#8221;middle&#8221;][vc_column_inner offset=&#8221;vc_col-lg-4&#8243;][vc_column_text]\n<h5 class=\"fancy-title accent-color postline-large\">SAVOIR-FAIRE<\/h5>\n<h3>Moulures \u00e9tag\u00e9es ART D\u00c9CO<\/h3>\n<p>Mod\u00e8le id\u00e9al pour allier le style au modernisme &#8230;[\/vc_column_text][\/vc_column_inner][vc_column_inner offset=&#8221;vc_col-lg-offset-1 vc_col-lg-7&#8243;]\t<div class=\"et-image-114 et-image     et_image_link\">\n\t\t<div class=\"et-image-inner \">\n\t\t\t\t\t\t\t<div class=\"et-image-thumb \">\n\t\t\t\t\t<img loading=\"lazy\" decoding=\"async\" width=\"467\" height=\"700\" src=\"https:\/\/www.bertoli.fr\/wp-content\/uploads\/2022\/09\/porteartdeco3panneauxbertoli-1-1.jpg\" class=\"attachment-full\" alt=\"porte art deco 3 panneaux par l&#039;atelier Bertoli\" title=\"porteartdeco3panneauxbertoli (1)\" srcset=\"https:\/\/www.bertoli.fr\/wp-content\/uploads\/2022\/09\/porteartdeco3panneauxbertoli-1-1.jpg 467w, https:\/\/www.bertoli.fr\/wp-content\/uploads\/2022\/09\/porteartdeco3panneauxbertoli-1-1-200x300.jpg 200w, https:\/\/www.bertoli.fr\/wp-content\/uploads\/2022\/09\/porteartdeco3panneauxbertoli-1-1-100x150.jpg 100w\" sizes=\"auto, (max-width: 467px) 100vw, 467px\" \/>\t\t\t\t<\/div>\n\t\t\t\t\t\t\t\t\t\t\t<\/div>\n\t<\/div>\n  [\/vc_column_inner][\/vc_row_inner][\/vc_column][\/vc_row][vc_row et_column_align=&#8221;align-center&#8221; css=&#8221;.vc_custom_1579132139891{padding-bottom: 60px !important;}&#8221;][vc_column][vc_row_inner content_placement=&#8221;middle&#8221;][vc_column_inner offset=&#8221;vc_col-lg-7&#8243;]\t<div class=\"et-image-720 et-image     et_image_link\">\n\t\t<div class=\"et-image-inner \">\n\t\t\t\t\t\t\t<div class=\"et-image-thumb \">\n\t\t\t\t\t<img loading=\"lazy\" decoding=\"async\" width=\"467\" height=\"700\" src=\"https:\/\/www.bertoli.fr\/wp-content\/uploads\/2022\/09\/mariannepoigneeporteartdeco3panneauxbertoli.png\" class=\"attachment-large\" alt=\"marianne poignee porte art deco 3 panneaux Bertoli\" title=\"mariannepoigneeporteartdeco3panneauxbertoli\" srcset=\"https:\/\/www.bertoli.fr\/wp-content\/uploads\/2022\/09\/mariannepoigneeporteartdeco3panneauxbertoli.png 467w, https:\/\/www.bertoli.fr\/wp-content\/uploads\/2022\/09\/mariannepoigneeporteartdeco3panneauxbertoli-200x300.png 200w, https:\/\/www.bertoli.fr\/wp-content\/uploads\/2022\/09\/mariannepoigneeporteartdeco3panneauxbertoli-100x150.png 100w\" sizes=\"auto, (max-width: 467px) 100vw, 467px\" \/>\t\t\t\t<\/div>\n\t\t\t\t\t\t\t\t\t\t\t<\/div>\n\t<\/div>\n  [\/vc_column_inner][vc_column_inner offset=&#8221;vc_col-lg-offset-1 vc_col-lg-4&#8243;][vc_column_text]\n<h5 class=\"fancy-title accent-color postline-large\">Serrurerie d\u00e9corative<\/h5>\n<h3>MARIANNE by Enrico Cassina<\/h3>\n<p>Poign\u00e9es ART D\u00c9CO, Fabrication Italienne en laiton massif[\/vc_column_text][\/vc_column_inner][\/vc_row_inner][\/vc_column][\/vc_row][vc_row][vc_column][vc_separator][vc_empty_space][\/vc_column][\/vc_row][vc_row][vc_column width=&#8221;1\/3&#8243;][vc_row_inner et_column_align=&#8221;align-center&#8221; css=&#8221;.vc_custom_1579132052355{padding-top: 40px !important;}&#8221;][vc_column_inner][vc_column_text]\n<h5 class=\"fancy-title accent-color postline-large\" style=\"text-align: center;\"><span style=\"vertical-align: inherit;\"><span style=\"vertical-align: inherit;\">ASSEMBLAGES \u00c0 TENONS ET MORTAISES COLL\u00c9S ET CHEVILL\u00c9S BOIS<\/span><\/span><\/h5>\n<h5><span style=\"vertical-align: inherit;\"><span style=\"vertical-align: inherit;\">MOULURATION \u00c0 GRAND CADRE A COUPES D&#8217;ONGLET<br \/>\n\u00c9tag\u00e9es ART D\u00c9CO<br \/>\n<\/span><\/span><em><span style=\"vertical-align: inherit;\">DOUBLES FACES IDENTIQUES<\/span><\/em><\/h5>\n<h5><span style=\"vertical-align: inherit;\">PANNEAUX \u00c0 PLATES-BANDES<\/span><br \/>\n<em><span style=\"vertical-align: inherit;\">DOUBLES FACES IDENTIQUES<\/span><\/em><\/h5>\n<h4 style=\"text-align: center;\"><strong><span style=\"vertical-align: inherit;\"><span style=\"vertical-align: inherit;\">Toutes nos portes sont fabriqu\u00e9es dans des essences de bois s\u00e9ch\u00e9es dans nos ateliers <\/span><\/span><br \/>\n<span style=\"vertical-align: inherit;\"><span style=\"vertical-align: inherit;\">(10 \u00e0 12% d&#8217;hygrom\u00e9trie)<\/span><\/span><\/strong><\/h4>\n[\/vc_column_text][\/vc_column_inner][\/vc_row_inner][\/vc_column][vc_column width=&#8221;1\/3&#8243;][vc_empty_space height=&#8221;150px&#8221;][vc_column_text]<span style=\"vertical-align: inherit;\"><span style=\"vertical-align: inherit;\"><span style=\"vertical-align: inherit;\"><span style=\"vertical-align: inherit;\"><span style=\"vertical-align: inherit;\"><span style=\"vertical-align: inherit;\">Nous vous proposons de fabriquer vos portes d&#8217;int\u00e9rieur ART D\u00c9CO dans diff\u00e9rentes essences : bois \u00e0 peindre, Tilleul, Ch\u00e2taignier de France, Ch\u00eane de France, Merisier de France, Noyer de France. <\/span><\/span><\/span><\/span><\/span><span style=\"vertical-align: inherit;\"><span style=\"vertical-align: inherit;\"><span style=\"vertical-align: inherit;\"><span style=\"vertical-align: inherit;\"><span style=\"vertical-align: inherit;\">(autres sur demande)<\/span><\/span><\/span><\/span><\/span><\/span><\/p>\n<p><span style=\"vertical-align: inherit;\"><span style=\"vertical-align: inherit;\"><span style=\"vertical-align: inherit;\"><span style=\"vertical-align: inherit;\"><span style=\"vertical-align: inherit;\"><span style=\"vertical-align: inherit;\">La porte de communication ART D\u00c9CO est r\u00e9alisable :<\/span><\/span><\/span><\/span><\/span><\/span><\/p>\n<ul>\n<li><span style=\"vertical-align: inherit;\"><span style=\"vertical-align: inherit;\"><span style=\"vertical-align: inherit;\"><span style=\"vertical-align: inherit;\"><span style=\"vertical-align: inherit;\"><span style=\"vertical-align: inherit;\">dans toutes les dimensions<\/span><\/span><\/span><\/span><\/span><\/span><\/li>\n<li><span style=\"vertical-align: inherit;\"><span style=\"vertical-align: inherit;\"><span style=\"vertical-align: inherit;\"><span style=\"vertical-align: inherit;\"><span style=\"vertical-align: inherit;\"><span style=\"vertical-align: inherit;\">\u00e0 panneaux ou vitr\u00e9es<\/span><\/span><\/span><\/span><\/span><\/span><\/li>\n<li><span style=\"vertical-align: inherit;\"><span style=\"vertical-align: inherit;\"><span style=\"vertical-align: inherit;\"><span style=\"vertical-align: inherit;\"><span style=\"vertical-align: inherit;\"><span style=\"vertical-align: inherit;\">en deux ou trois panneaux<\/span><\/span><\/span><\/span><\/span><\/span><\/li>\n<li><span style=\"vertical-align: inherit;\"><span style=\"vertical-align: inherit;\"><span style=\"vertical-align: inherit;\"><span style=\"vertical-align: inherit;\"><span style=\"vertical-align: inherit;\"><span style=\"vertical-align: inherit;\">en simple vantail, deux vantaux, en tierc\u00e9e&#8230;<\/span><\/span><\/span><\/span><\/span><\/span><\/li>\n<li><span style=\"vertical-align: inherit;\"><span style=\"vertical-align: inherit;\"><span style=\"vertical-align: inherit;\"><span style=\"vertical-align: inherit;\"><span style=\"vertical-align: inherit;\"><span style=\"vertical-align: inherit;\">battante, coulissante \u00e0 galandage ou en applique (fourniture des ch\u00e2ssis ou rail)<\/span><\/span><\/span><\/span><\/span><\/span><\/li>\n<li><span style=\"vertical-align: inherit;\"><span style=\"vertical-align: inherit;\"><span style=\"vertical-align: inherit;\"><span style=\"vertical-align: inherit;\"><span style=\"vertical-align: inherit;\"><span style=\"vertical-align: inherit;\">en EI30, EI60, acoustique, blind\u00e9e, pare-balles &#8230;<\/span><\/span><\/span><\/span><\/span><\/span><\/li>\n<li><span style=\"vertical-align: inherit;\"><span style=\"vertical-align: inherit;\"><span style=\"vertical-align: inherit;\"><span style=\"vertical-align: inherit;\">en placard, boiseries murales assortis<\/span><\/span><\/span><\/span><\/li>\n<\/ul>\n[\/vc_column_text][\/vc_column][vc_column width=&#8221;1\/3&#8243;][vc_empty_space height=&#8221;150px&#8221;][vc_column_text]Les cadres sont fabriqu\u00e9s de l&#8217;\u00e9paisseur de vos cloisons afin de permettre une pose parfaite des couvre-joints sur les deux faces.<br \/>\nToutes nos portes sont \u00e9quip\u00e9es de paumelles entaill\u00e9es et d\u2019une serrure \u00e0 larder NF, sur demande\u00a0 nous vous proposons :<\/p>\n<ul>\n<li>des charni\u00e8res invisibles, serrure magn\u00e9tique<\/li>\n<li>joint phonique, plinthe automatique en partie basse<\/li>\n<li>Large choix de finitions, poign\u00e9es \u00e0 d\u00e9couvrir &#8230;<\/li>\n<\/ul>\n<p><span style=\"vertical-align: inherit;\"><span style=\"vertical-align: inherit;\">[\/vc_column_text][\/vc_column][\/vc_row][vc_row][vc_column][vc_separator][\/vc_column][\/vc_row][vc_row et_column_align=&#8221;align-center&#8221; css=&#8221;.vc_custom_1579131817775{padding-top : 60px ! important;padding-bottom : 60px !important;}&#8221;][vc_column]\t<div class=\"et-image-771 et-image     et_image_link\">\n\t\t<div class=\"et-image-inner \">\n\t\t\t\t\t\t\t<div class=\"et-image-thumb \">\n\t\t\t\t\t<img loading=\"lazy\" decoding=\"async\" width=\"1440\" height=\"1101\" src=\"https:\/\/www.bertoli.fr\/wp-content\/uploads\/2022\/09\/porteartdeco3panneauxbertoli-7.jpg\" class=\"attachment-full\" alt=\"porte art deco bertoli\" title=\"Blue sofa and white vases\" srcset=\"https:\/\/www.bertoli.fr\/wp-content\/uploads\/2022\/09\/porteartdeco3panneauxbertoli-7.jpg 1440w, https:\/\/www.bertoli.fr\/wp-content\/uploads\/2022\/09\/porteartdeco3panneauxbertoli-7-300x229.jpg 300w, https:\/\/www.bertoli.fr\/wp-content\/uploads\/2022\/09\/porteartdeco3panneauxbertoli-7-1024x783.jpg 1024w, https:\/\/www.bertoli.fr\/wp-content\/uploads\/2022\/09\/porteartdeco3panneauxbertoli-7-768x587.jpg 768w, https:\/\/www.bertoli.fr\/wp-content\/uploads\/2022\/09\/porteartdeco3panneauxbertoli-7-150x115.jpg 150w, https:\/\/www.bertoli.fr\/wp-content\/uploads\/2022\/09\/porteartdeco3panneauxbertoli-7-1000x765.jpg 1000w\" sizes=\"auto, (max-width: 1440px) 100vw, 1440px\" \/>\t\t\t\t<\/div>\n\t\t\t\t\t\t\t\t\t\t\t<\/div>\n\t<\/div>\n  [\/vc_column][\/vc_row][vc_row][vc_column][vc_separator][\/vc_column][\/vc_row][vc_row][vc_column][vc_column_text]<\/span><\/span>[\/vc_column_text][\/vc_column][\/vc_row]\n","protected":false},"excerpt":{"rendered":"<p><span style=\"vertical-align: inherit;\"><span style=\"vertical-align: inherit;\">Porte ART D\u00c9CO<br \/>\nDimensions : 2150 x 830mm <\/span><\/span><br \/>\n<span style=\"vertical-align: inherit;\"><span style=\"vertical-align: inherit;\">Couvre-joints Art D\u00e9co <\/span><\/span><br \/>\n<span style=\"vertical-align: inherit;\"><span style=\"vertical-align: inherit;\">Poign\u00e9e MARIANNE Enrico Cassina <\/span><\/span><br \/>\n<span style=\"vertical-align: inherit;\"><span style=\"vertical-align: inherit;\">Finition laqu\u00e9e, RAL au choix<\/span><\/span><\/p>\n<h5 class=\"fancy-title accent-color postline-large\"><span style=\"vertical-align: inherit;\"><span style=\"vertical-align: inherit;\">Mod\u00e8le visible dans notre show-room<\/span><\/span><\/h5>\n","protected":false},"featured_media":20143,"template":"","meta":[],"product_brand":[],"product_cat":[152,177],"product_tag":[],"class_list":{"0":"post-19939","1":"product","2":"type-product","3":"status-publish","4":"has-post-thumbnail","6":"product_cat-art-deco","7":"product_cat-portes-dinterieur","9":"first","10":"instock","11":"shipping-taxable","12":"purchasable","13":"product-type-variable"},"_links":{"self":[{"href":"https:\/\/www.bertoli.fr\/en\/wp-json\/wp\/v2\/product\/19939","targetHints":{"allow":["GET"]}}],"collection":[{"href":"https:\/\/www.bertoli.fr\/en\/wp-json\/wp\/v2\/product"}],"about":[{"href":"https:\/\/www.bertoli.fr\/en\/wp-json\/wp\/v2\/types\/product"}],"wp:featuredmedia":[{"embeddable":true,"href":"https:\/\/www.bertoli.fr\/en\/wp-json\/wp\/v2\/media\/20143"}],"wp:attachment":[{"href":"https:\/\/www.bertoli.fr\/en\/wp-json\/wp\/v2\/media?parent=19939"}],"wp:term":[{"taxonomy":"product_brand","embeddable":true,"href":"https:\/\/www.bertoli.fr\/en\/wp-json\/wp\/v2\/product_brand?post=19939"},{"taxonomy":"product_cat","embeddable":true,"href":"https:\/\/www.bertoli.fr\/en\/wp-json\/wp\/v2\/product_cat?post=19939"},{"taxonomy":"product_tag","embeddable":true,"href":"https:\/\/www.bertoli.fr\/en\/wp-json\/wp\/v2\/product_tag?post=19939"}],"curies":[{"name":"wp","href":"https:\/\/api.w.org\/{rel}","templated":true}]}}

Porte ART DECO à 3 panneaux

[vc_row et_column_align=&#8221;align-center&#8221; css=&#8221;.vc_custom_1579132110345{padding-top: 30px !important;padding-bottom: 60px !important;}&#8221;][vc_column][vc_row_inner content_placement=&#8221;middle&#8221;][vc_column_inner offset=&#8221;vc_col-lg-4&#8243;][vc_column_text]
<h5 class="fancy-title accent-color postline-large">SAVOIR-FAIRE</h5>
<h3>Moulures étagées ART DÉCO</h3>
<p>Modèle idéal pour allier le style au modernisme &#8230;[/vc_column_text][/vc_column_inner][vc_column_inner offset=&#8221;vc_col-lg-offset-1 vc_col-lg-7&#8243;]	<div class="et-image-114 et-image     et_image_link">
		<div class="et-image-inner ">
							<div class="et-image-thumb ">
					<img loading="lazy" decoding="async" width="467" height="700" src="https://www.bertoli.fr/wp-content/uploads/2022/09/porteartdeco3panneauxbertoli-1-1.jpg" class="attachment-full" alt="porte art deco 3 panneaux par l&#039;atelier Bertoli" title="porteartdeco3panneauxbertoli (1)" srcset="https://www.bertoli.fr/wp-content/uploads/2022/09/porteartdeco3panneauxbertoli-1-1.jpg 467w, https://www.bertoli.fr/wp-content/uploads/2022/09/porteartdeco3panneauxbertoli-1-1-200x300.jpg 200w, https://www.bertoli.fr/wp-content/uploads/2022/09/porteartdeco3panneauxbertoli-1-1-100x150.jpg 100w" sizes="auto, (max-width: 467px) 100vw, 467px" />				</div>
											</div>
	</div>
  [/vc_column_inner][/vc_row_inner][/vc_column][/vc_row][vc_row et_column_align=&#8221;align-center&#8221; css=&#8221;.vc_custom_1579132139891{padding-bottom: 60px !important;}&#8221;][vc_column][vc_row_inner content_placement=&#8221;middle&#8221;][vc_column_inner offset=&#8221;vc_col-lg-7&#8243;]	<div class="et-image-720 et-image     et_image_link">
		<div class="et-image-inner ">
							<div class="et-image-thumb ">
					<img loading="lazy" decoding="async" width="467" height="700" src="https://www.bertoli.fr/wp-content/uploads/2022/09/mariannepoigneeporteartdeco3panneauxbertoli.png" class="attachment-large" alt="marianne poignee porte art deco 3 panneaux Bertoli" title="mariannepoigneeporteartdeco3panneauxbertoli" srcset="https://www.bertoli.fr/wp-content/uploads/2022/09/mariannepoigneeporteartdeco3panneauxbertoli.png 467w, https://www.bertoli.fr/wp-content/uploads/2022/09/mariannepoigneeporteartdeco3panneauxbertoli-200x300.png 200w, https://www.bertoli.fr/wp-content/uploads/2022/09/mariannepoigneeporteartdeco3panneauxbertoli-100x150.png 100w" sizes="auto, (max-width: 467px) 100vw, 467px" />				</div>
											</div>
	</div>
  [/vc_column_inner][vc_column_inner offset=&#8221;vc_col-lg-offset-1 vc_col-lg-4&#8243;][vc_column_text]
<h5 class="fancy-title accent-color postline-large">Serrurerie décorative</h5>
<h3>MARIANNE by Enrico Cassina</h3>
<p>Poignées ART DÉCO, Fabrication Italienne en laiton massif[/vc_column_text][/vc_column_inner][/vc_row_inner][/vc_column][/vc_row][vc_row][vc_column][vc_separator][vc_empty_space][/vc_column][/vc_row][vc_row][vc_column width=&#8221;1/3&#8243;][vc_row_inner et_column_align=&#8221;align-center&#8221; css=&#8221;.vc_custom_1579132052355{padding-top: 40px !important;}&#8221;][vc_column_inner][vc_column_text]
<h5 class="fancy-title accent-color postline-large" style="text-align: center;"><span style="vertical-align: inherit;"><span style="vertical-align: inherit;">ASSEMBLAGES À TENONS ET MORTAISES COLLÉS ET CHEVILLÉS BOIS</span></span></h5>
<h5><span style="vertical-align: inherit;"><span style="vertical-align: inherit;">MOULURATION À GRAND CADRE A COUPES D&#8217;ONGLET<br />
Étagées ART DÉCO<br />
</span></span><em><span style="vertical-align: inherit;">DOUBLES FACES IDENTIQUES</span></em></h5>
<h5><span style="vertical-align: inherit;">PANNEAUX À PLATES-BANDES</span><br />
<em><span style="vertical-align: inherit;">DOUBLES FACES IDENTIQUES</span></em></h5>
<h4 style="text-align: center;"><strong><span style="vertical-align: inherit;"><span style="vertical-align: inherit;">Toutes nos portes sont fabriquées dans des essences de bois séchées dans nos ateliers </span></span><br />
<span style="vertical-align: inherit;"><span style="vertical-align: inherit;">(10 à 12% d&#8217;hygrométrie)</span></span></strong></h4>
[/vc_column_text][/vc_column_inner][/vc_row_inner][/vc_column][vc_column width=&#8221;1/3&#8243;][vc_empty_space height=&#8221;150px&#8221;][vc_column_text]<span style="vertical-align: inherit;"><span style="vertical-align: inherit;"><span style="vertical-align: inherit;"><span style="vertical-align: inherit;"><span style="vertical-align: inherit;"><span style="vertical-align: inherit;">Nous vous proposons de fabriquer vos portes d&#8217;intérieur ART DÉCO dans différentes essences : bois à peindre, Tilleul, Châtaignier de France, Chêne de France, Merisier de France, Noyer de France. </span></span></span></span></span><span style="vertical-align: inherit;"><span style="vertical-align: inherit;"><span style="vertical-align: inherit;"><span style="vertical-align: inherit;"><span style="vertical-align: inherit;">(autres sur demande)</span></span></span></span></span></span></p>
<p><span style="vertical-align: inherit;"><span style="vertical-align: inherit;"><span style="vertical-align: inherit;"><span style="vertical-align: inherit;"><span style="vertical-align: inherit;"><span style="vertical-align: inherit;">La porte de communication ART DÉCO est réalisable :</span></span></span></span></span></span></p>
<ul>
<li><span style="vertical-align: inherit;"><span style="vertical-align: inherit;"><span style="vertical-align: inherit;"><span style="vertical-align: inherit;"><span style="vertical-align: inherit;"><span style="vertical-align: inherit;">dans toutes les dimensions</span></span></span></span></span></span></li>
<li><span style="vertical-align: inherit;"><span style="vertical-align: inherit;"><span style="vertical-align: inherit;"><span style="vertical-align: inherit;"><span style="vertical-align: inherit;"><span style="vertical-align: inherit;">à panneaux ou vitrées</span></span></span></span></span></span></li>
<li><span style="vertical-align: inherit;"><span style="vertical-align: inherit;"><span style="vertical-align: inherit;"><span style="vertical-align: inherit;"><span style="vertical-align: inherit;"><span style="vertical-align: inherit;">en deux ou trois panneaux</span></span></span></span></span></span></li>
<li><span style="vertical-align: inherit;"><span style="vertical-align: inherit;"><span style="vertical-align: inherit;"><span style="vertical-align: inherit;"><span style="vertical-align: inherit;"><span style="vertical-align: inherit;">en simple vantail, deux vantaux, en tiercée&#8230;</span></span></span></span></span></span></li>
<li><span style="vertical-align: inherit;"><span style="vertical-align: inherit;"><span style="vertical-align: inherit;"><span style="vertical-align: inherit;"><span style="vertical-align: inherit;"><span style="vertical-align: inherit;">battante, coulissante à galandage ou en applique (fourniture des châssis ou rail)</span></span></span></span></span></span></li>
<li><span style="vertical-align: inherit;"><span style="vertical-align: inherit;"><span style="vertical-align: inherit;"><span style="vertical-align: inherit;"><span style="vertical-align: inherit;"><span style="vertical-align: inherit;">en EI30, EI60, acoustique, blindée, pare-balles &#8230;</span></span></span></span></span></span></li>
<li><span style="vertical-align: inherit;"><span style="vertical-align: inherit;"><span style="vertical-align: inherit;"><span style="vertical-align: inherit;">en placard, boiseries murales assortis</span></span></span></span></li>
</ul>
[/vc_column_text][/vc_column][vc_column width=&#8221;1/3&#8243;][vc_empty_space height=&#8221;150px&#8221;][vc_column_text]Les cadres sont fabriqués de l&#8217;épaisseur de vos cloisons afin de permettre une pose parfaite des couvre-joints sur les deux faces.<br />
Toutes nos portes sont équipées de paumelles entaillées et d’une serrure à larder NF, sur demande  nous vous proposons :</p>
<ul>
<li>des charnières invisibles, serrure magnétique</li>
<li>joint phonique, plinthe automatique en partie basse</li>
<li>Large choix de finitions, poignées à découvrir &#8230;</li>
</ul>
<p><span style="vertical-align: inherit;"><span style="vertical-align: inherit;">[/vc_column_text][/vc_column][/vc_row][vc_row][vc_column][vc_separator][/vc_column][/vc_row][vc_row et_column_align=&#8221;align-center&#8221; css=&#8221;.vc_custom_1579131817775{padding-top : 60px ! important;padding-bottom : 60px !important;}&#8221;][vc_column]	<div class="et-image-771 et-image     et_image_link">
		<div class="et-image-inner ">
							<div class="et-image-thumb ">
					<img loading="lazy" decoding="async" width="1440" height="1101" src="https://www.bertoli.fr/wp-content/uploads/2022/09/porteartdeco3panneauxbertoli-7.jpg" class="attachment-full" alt="porte art deco bertoli" title="Blue sofa and white vases" srcset="https://www.bertoli.fr/wp-content/uploads/2022/09/porteartdeco3panneauxbertoli-7.jpg 1440w, https://www.bertoli.fr/wp-content/uploads/2022/09/porteartdeco3panneauxbertoli-7-300x229.jpg 300w, https://www.bertoli.fr/wp-content/uploads/2022/09/porteartdeco3panneauxbertoli-7-1024x783.jpg 1024w, https://www.bertoli.fr/wp-content/uploads/2022/09/porteartdeco3panneauxbertoli-7-768x587.jpg 768w, https://www.bertoli.fr/wp-content/uploads/2022/09/porteartdeco3panneauxbertoli-7-150x115.jpg 150w, https://www.bertoli.fr/wp-content/uploads/2022/09/porteartdeco3panneauxbertoli-7-1000x765.jpg 1000w" sizes="auto, (max-width: 1440px) 100vw, 1440px" />				</div>
											</div>
	</div>
  [/vc_column][/vc_row][vc_row][vc_column][vc_separator][/vc_column][/vc_row][vc_row][vc_column][vc_column_text]</span></span>[/vc_column_text][/vc_column][/vc_row]

<p><span style="vertical-align: inherit;"><span style="vertical-align: inherit;">Porte ART DÉCO<br />
Dimensions : 2150 x 830mm </span></span><br />
<span style="vertical-align: inherit;"><span style="vertical-align: inherit;">Couvre-joints Art Déco </span></span><br />
<span style="vertical-align: inherit;"><span style="vertical-align: inherit;">Poignée MARIANNE Enrico Cassina </span></span><br />
<span style="vertical-align: inherit;"><span style="vertical-align: inherit;">Finition laquée, RAL au choix</span></span></p>
<h5 class="fancy-title accent-color postline-large"><span style="vertical-align: inherit;"><span style="vertical-align: inherit;">Modèle visible dans notre show-room</span></span></h5>
