{"id":19987,"date":"2022-09-14T10:59:13","date_gmt":"2022-09-14T08:59:13","guid":{"rendered":"https:\/\/www.bertoli.fr\/?post_type=product&#038;p=19987"},"modified":"2026-04-13T12:01:10","modified_gmt":"2026-04-13T10:01:10","slug":"lames-croisees-chene","status":"publish","type":"product","link":"https:\/\/www.bertoli.fr\/en\/portes\/lames-croisees-chene\/","title":{"rendered":"QUERCUS"},"content":{"rendered":"[vc_row et_column_align=&#8221;align-center&#8221; css=&#8221;.vc_custom_1579132110345{padding-top: 30px !important;padding-bottom: 60px !important;}&#8221;][vc_column][vc_row_inner content_placement=&#8221;middle&#8221;][vc_column_inner offset=&#8221;vc_col-lg-4&#8243;][vc_column_text]\n<h5 class=\"fancy-title accent-color postline-large\">LA MATI\u00c8RE<\/h5>\n<p><strong>CH\u00caNE DE FRANCE NOUEUX<\/strong><br \/>\ntravaill\u00e9 \u00e0 la brosse<\/p>\n<p>&#8220;Les n\u0153uds naturels conf\u00e8rent unit\u00e9 et caract\u00e8re \u00e0 QUERCUS qui trouvera sa place dans une ambiance &#8221; style MAS&#8221; ou &#8220;CONTEMPORAINE &#8230;&#8221;[\/vc_column_text][\/vc_column_inner][vc_column_inner offset=&#8221;vc_col-lg-offset-1 vc_col-lg-7&#8221;]\t<div class=\"et-image-268 et-image     et_image_link\">\n\t\t<div class=\"et-image-inner \">\n\t\t\t\t\t\t\t<div class=\"et-image-thumb \">\n\t\t\t\t\t<img loading=\"lazy\" decoding=\"async\" width=\"1198\" height=\"800\" src=\"https:\/\/www.bertoli.fr\/wp-content\/uploads\/2022\/09\/porte-interieure-lames-chene-brosse-bertoli.jpg\" class=\"attachment-full\" alt=\"porte interieure lames chene bross\u00e9 Bertoli\" title=\"porte interieure lames chene bross\u00e9 bertoli\" srcset=\"https:\/\/www.bertoli.fr\/wp-content\/uploads\/2022\/09\/porte-interieure-lames-chene-brosse-bertoli.jpg 1198w, https:\/\/www.bertoli.fr\/wp-content\/uploads\/2022\/09\/porte-interieure-lames-chene-brosse-bertoli-300x200.jpg 300w, https:\/\/www.bertoli.fr\/wp-content\/uploads\/2022\/09\/porte-interieure-lames-chene-brosse-bertoli-1024x684.jpg 1024w, https:\/\/www.bertoli.fr\/wp-content\/uploads\/2022\/09\/porte-interieure-lames-chene-brosse-bertoli-768x513.jpg 768w, https:\/\/www.bertoli.fr\/wp-content\/uploads\/2022\/09\/porte-interieure-lames-chene-brosse-bertoli-150x100.jpg 150w, https:\/\/www.bertoli.fr\/wp-content\/uploads\/2022\/09\/porte-interieure-lames-chene-brosse-bertoli-1000x668.jpg 1000w\" sizes=\"auto, (max-width: 1198px) 100vw, 1198px\" \/>\t\t\t\t<\/div>\n\t\t\t\t\t\t\t\t\t\t\t<\/div>\n\t<\/div>\n  [\/vc_column_inner][\/vc_row_inner][\/vc_column][\/vc_row][vc_row et_column_align=&#8221;align-center&#8221; css=&#8221;.vc_custom_1579132139891{padding-bottom: 60px !important;}&#8221;][vc_column][vc_row_inner content_placement=&#8221;middle&#8221;][vc_column_inner offset=&#8221;vc_col-lg-7&#8243;]\t<div class=\"et-image-421 et-image     et_image_link\">\n\t\t<div class=\"et-image-inner \">\n\t\t\t\t\t\t\t<div class=\"et-image-thumb \">\n\t\t\t\t\t<img loading=\"lazy\" decoding=\"async\" width=\"1000\" height=\"668\" src=\"https:\/\/www.bertoli.fr\/wp-content\/uploads\/2022\/09\/poignee-blade-porte-lames-chene-brosse-bertoli.jpg\" class=\"attachment-full\" alt=\"poignee blade porte lames chene bross\u00e9 Bertoli\" title=\"poignee blade porte lames chene bross\u00e9 bertoli\" srcset=\"https:\/\/www.bertoli.fr\/wp-content\/uploads\/2022\/09\/poignee-blade-porte-lames-chene-brosse-bertoli.jpg 1000w, https:\/\/www.bertoli.fr\/wp-content\/uploads\/2022\/09\/poignee-blade-porte-lames-chene-brosse-bertoli-300x200.jpg 300w, https:\/\/www.bertoli.fr\/wp-content\/uploads\/2022\/09\/poignee-blade-porte-lames-chene-brosse-bertoli-768x513.jpg 768w, https:\/\/www.bertoli.fr\/wp-content\/uploads\/2022\/09\/poignee-blade-porte-lames-chene-brosse-bertoli-150x100.jpg 150w\" sizes=\"auto, (max-width: 1000px) 100vw, 1000px\" \/>\t\t\t\t<\/div>\n\t\t\t\t\t\t\t\t\t\t\t<\/div>\n\t<\/div>\n  [\/vc_column_inner][vc_column_inner offset=&#8221;vc_col-lg-offset-1 vc_col-lg-4&#8243;][vc_column_text]\n<h5 class=\"fancy-title accent-color postline-large\">POIGN\u00c9E DESIGN<\/h5>\n<h3>BLADE\u00a0 by Frascio<\/h3>\n<p>Fabrication Italienne[\/vc_column_text][\/vc_column_inner][\/vc_row_inner][\/vc_column][\/vc_row][vc_row][vc_column][vc_separator][vc_empty_space][\/vc_column][\/vc_row][vc_row][vc_column width=&#8221;1\/3&#8243;][vc_row_inner et_column_align=&#8221;align-center&#8221; css=&#8221;.vc_custom_1579132052355{padding-top: 40px !important;}&#8221;][vc_column_inner][vc_column_text]\n<h5 class=\"fancy-title accent-color postline-large\" style=\"text-align: center;\">Bloc porte de communication \u00e0<br \/>\nLAMES CROIS\u00c9ES VISS\u00c9ES TAPOT\u00c9ES BOIS<br \/>\nLargeurs des lames irr\u00e9guli\u00e8res<br \/>\nsciage queue de billard<br \/>\nou droit sur demande<\/h5>\n<h4>Une face \u00e0 lames horizontales, une face \u00e0 lames verticales<br \/>\nClous retourn\u00e9s sur demande<\/h4>\n<h4 style=\"text-align: center;\"><strong><br \/>\n<\/strong><strong>Toutes nos portes sont fabriqu\u00e9es dans des essences de bois s\u00e9ch\u00e9es dans nos ateliers<br \/>\n(10 \u00e0 12% d\u2019hygrom\u00e9trie)<\/strong><\/h4>\n[\/vc_column_text][\/vc_column_inner][\/vc_row_inner][\/vc_column][vc_column width=&#8221;1\/3&#8243;][vc_empty_space height=&#8221;120px&#8221;][vc_column_text]<span style=\"vertical-align: inherit;\">Nous vous proposons de fabriquer vos portes d&#8217;int\u00e9rieur dans diff\u00e9rentes essences\u00a0: bois \u00e0 peindre, Tilleul, Ch\u00e2taignier de France, Ch\u00eane de France, Merisier de France, Noyer de France. (autres sur demande)<\/span><\/p>\n<p><span style=\"vertical-align: inherit;\">Mod\u00e8le r\u00e9alisable :<\/span><\/p>\n<ul>\n<li><span style=\"vertical-align: inherit;\">dans toutes les dimensions<\/span><\/li>\n<li><span style=\"vertical-align: inherit;\">en simple vantail, deux vantaux, en tierc\u00e9e&#8230;<\/span><\/li>\n<li><span style=\"vertical-align: inherit;\">battante, coulissante \u00e0 galandage ou en applique (fourniture des ch\u00e2ssis ou rail)<\/span><\/li>\n<li><span style=\"vertical-align: inherit;\">en EI30, EI60, acoustique, blind\u00e9e, pare-balles &#8230;<\/span><\/li>\n<li>en placard assorti<\/li>\n<\/ul>\n[\/vc_column_text][\/vc_column][vc_column width=&#8221;1\/3&#8243;][vc_empty_space height=&#8221;120px&#8221;][vc_column_text]<span style=\"vertical-align: inherit;\">Les cadres sont fabriqu\u00e9s de l&#8217;\u00e9paisseur de vos cloisons afin de permettre une pose parfaite des couvre-joints sur les deux faces. <\/span><br \/>\n<span style=\"vertical-align: inherit;\">Toutes nos portes sont \u00e9quip\u00e9es de paumelles entaillees et d&#8217;une serrure \u00e0 larder NF, sur demande nous vous proposons :<\/span><\/p>\n<ul>\n<li><span style=\"vertical-align: inherit;\">des charni\u00e8res invisibles, serrure magn\u00e9tique<\/span><\/li>\n<li><span style=\"vertical-align: inherit;\">joint phonique, plinthe automatique en partie basse<\/span><\/li>\n<li><span style=\"vertical-align: inherit;\">Large choix de finitions, poign\u00e9es \u00e0 d\u00e9couvrir&#8230;<\/span><\/li>\n<\/ul>\n<p><span style=\"vertical-align: inherit;\">Afin que vous puissiez faire poser vos portes d&#8217;int\u00e9rieur \u00e0 lames crois\u00e9es, dans les meilleures conditions \u00e0 la fin de votre chantier, nous vous d\u00e9vions de fabriquer des pr\u00e9-cadres.<\/span><\/p>\n<p><strong><span style=\"vertical-align: inherit;\">Les avantages du pr\u00e9cadre<\/span><\/strong><span style=\"vertical-align: inherit;\"> :<\/span><\/p>\n<ul>\n<li><span style=\"vertical-align: inherit;\">d\u00e9lai de fabrication 1 \u00e0 2 semaines<\/span><\/li>\n<li><span style=\"vertical-align: inherit;\">pas d&#8217;erreur de dimensions, ils sont mont\u00e9s et \u00e9charp\u00e9s<\/span><\/li>\n<li><span style=\"vertical-align: inherit;\">nous contr\u00f4lons la r\u00e9servation pour les couvre-joints<\/span><\/li>\n<li><span style=\"vertical-align: inherit;\">fixation du bloc porte plus robuste<\/span><\/li>\n<li><span style=\"vertical-align: inherit;\">les blocs portes ne sont pas expos\u00e9s aux travaux<\/span><\/li>\n<\/ul>\n[\/vc_column_text][\/vc_column][\/vc_row][vc_row][vc_column][vc_separator][\/vc_column][\/vc_row][vc_row et_column_align=&#8221;align-center&#8221; css=&#8221;.vc_custom_1579131817775{padding-top: 60px !important;padding-bottom: 60px !important;}&#8221;][vc_column]\t<div class=\"et-image-901 et-image aligncenter    et_image_link\">\n\t\t<div class=\"et-image-inner \">\n\t\t\t\t\t\t\t<div class=\"et-image-thumb \">\n\t\t\t\t\t\t\t\t\t<\/div>\n\t\t\t\t\t\t\t\t\t\t\t<\/div>\n\t<\/div>\n  [\/vc_column][\/vc_row][vc_row][vc_column][vc_separator][\/vc_column][\/vc_row]\n","protected":false},"excerpt":{"rendered":"<p><span style=\"vertical-align: inherit;\"><span style=\"vertical-align: inherit;\">Dimensions : 2100 x 730mm <\/span><\/span><br \/>\n<span style=\"vertical-align: inherit;\"><span style=\"vertical-align: inherit;\">autres sur demande<\/span><\/span><\/p>\n<p><span style=\"vertical-align: inherit;\"><span style=\"vertical-align: inherit;\">Poign\u00e9e BLADE Frascio <\/span><\/span><br \/>\n<span style=\"vertical-align: inherit;\"><span style=\"vertical-align: inherit;\">Finition bross\u00e9e, vernis naturel mat<\/span><\/span><\/p>\n<h5 class=\"fancy-title accent-color postline-large\">Mod\u00e8le visible dans notre show-room<\/h5>\n","protected":false},"featured_media":24009,"template":"","meta":[],"product_brand":[],"product_cat":[150,177],"product_tag":[],"class_list":{"0":"post-19987","1":"product","2":"type-product","3":"status-publish","4":"has-post-thumbnail","6":"product_cat-a-lames","7":"product_cat-portes-dinterieur","9":"first","10":"instock","11":"shipping-taxable","12":"purchasable","13":"product-type-variable"},"_links":{"self":[{"href":"https:\/\/www.bertoli.fr\/en\/wp-json\/wp\/v2\/product\/19987","targetHints":{"allow":["GET"]}}],"collection":[{"href":"https:\/\/www.bertoli.fr\/en\/wp-json\/wp\/v2\/product"}],"about":[{"href":"https:\/\/www.bertoli.fr\/en\/wp-json\/wp\/v2\/types\/product"}],"wp:featuredmedia":[{"embeddable":true,"href":"https:\/\/www.bertoli.fr\/en\/wp-json\/wp\/v2\/media\/24009"}],"wp:attachment":[{"href":"https:\/\/www.bertoli.fr\/en\/wp-json\/wp\/v2\/media?parent=19987"}],"wp:term":[{"taxonomy":"product_brand","embeddable":true,"href":"https:\/\/www.bertoli.fr\/en\/wp-json\/wp\/v2\/product_brand?post=19987"},{"taxonomy":"product_cat","embeddable":true,"href":"https:\/\/www.bertoli.fr\/en\/wp-json\/wp\/v2\/product_cat?post=19987"},{"taxonomy":"product_tag","embeddable":true,"href":"https:\/\/www.bertoli.fr\/en\/wp-json\/wp\/v2\/product_tag?post=19987"}],"curies":[{"name":"wp","href":"https:\/\/api.w.org\/{rel}","templated":true}]}}

[vc_row et_column_align=&#8221;align-center&#8221; css=&#8221;.vc_custom_1579132110345{padding-top: 30px !important;padding-bottom: 60px !important;}&#8221;][vc_column][vc_row_inner content_placement=&#8221;middle&#8221;][vc_column_inner offset=&#8221;vc_col-lg-4&#8243;][vc_column_text]
<h5 class="fancy-title accent-color postline-large">LA MATIÈRE</h5>
<p><strong>CHÊNE DE FRANCE NOUEUX</strong><br />
travaillé à la brosse</p>
<p>&#8220;Les nœuds naturels confèrent unité et caractère à QUERCUS qui trouvera sa place dans une ambiance &#8221; style MAS&#8221; ou &#8220;CONTEMPORAINE &#8230;&#8221;[/vc_column_text][/vc_column_inner][vc_column_inner offset=&#8221;vc_col-lg-offset-1 vc_col-lg-7&#8221;]	<div class="et-image-268 et-image     et_image_link">
		<div class="et-image-inner ">
							<div class="et-image-thumb ">
					<img loading="lazy" decoding="async" width="1198" height="800" src="https://www.bertoli.fr/wp-content/uploads/2022/09/porte-interieure-lames-chene-brosse-bertoli.jpg" class="attachment-full" alt="porte interieure lames chene brossé Bertoli" title="porte interieure lames chene brossé bertoli" srcset="https://www.bertoli.fr/wp-content/uploads/2022/09/porte-interieure-lames-chene-brosse-bertoli.jpg 1198w, https://www.bertoli.fr/wp-content/uploads/2022/09/porte-interieure-lames-chene-brosse-bertoli-300x200.jpg 300w, https://www.bertoli.fr/wp-content/uploads/2022/09/porte-interieure-lames-chene-brosse-bertoli-1024x684.jpg 1024w, https://www.bertoli.fr/wp-content/uploads/2022/09/porte-interieure-lames-chene-brosse-bertoli-768x513.jpg 768w, https://www.bertoli.fr/wp-content/uploads/2022/09/porte-interieure-lames-chene-brosse-bertoli-150x100.jpg 150w, https://www.bertoli.fr/wp-content/uploads/2022/09/porte-interieure-lames-chene-brosse-bertoli-1000x668.jpg 1000w" sizes="auto, (max-width: 1198px) 100vw, 1198px" />				</div>
											</div>
	</div>
  [/vc_column_inner][/vc_row_inner][/vc_column][/vc_row][vc_row et_column_align=&#8221;align-center&#8221; css=&#8221;.vc_custom_1579132139891{padding-bottom: 60px !important;}&#8221;][vc_column][vc_row_inner content_placement=&#8221;middle&#8221;][vc_column_inner offset=&#8221;vc_col-lg-7&#8243;]	<div class="et-image-421 et-image     et_image_link">
		<div class="et-image-inner ">
							<div class="et-image-thumb ">
					<img loading="lazy" decoding="async" width="1000" height="668" src="https://www.bertoli.fr/wp-content/uploads/2022/09/poignee-blade-porte-lames-chene-brosse-bertoli.jpg" class="attachment-full" alt="poignee blade porte lames chene brossé Bertoli" title="poignee blade porte lames chene brossé bertoli" srcset="https://www.bertoli.fr/wp-content/uploads/2022/09/poignee-blade-porte-lames-chene-brosse-bertoli.jpg 1000w, https://www.bertoli.fr/wp-content/uploads/2022/09/poignee-blade-porte-lames-chene-brosse-bertoli-300x200.jpg 300w, https://www.bertoli.fr/wp-content/uploads/2022/09/poignee-blade-porte-lames-chene-brosse-bertoli-768x513.jpg 768w, https://www.bertoli.fr/wp-content/uploads/2022/09/poignee-blade-porte-lames-chene-brosse-bertoli-150x100.jpg 150w" sizes="auto, (max-width: 1000px) 100vw, 1000px" />				</div>
											</div>
	</div>
  [/vc_column_inner][vc_column_inner offset=&#8221;vc_col-lg-offset-1 vc_col-lg-4&#8243;][vc_column_text]
<h5 class="fancy-title accent-color postline-large">POIGNÉE DESIGN</h5>
<h3>BLADE  by Frascio</h3>
<p>Fabrication Italienne[/vc_column_text][/vc_column_inner][/vc_row_inner][/vc_column][/vc_row][vc_row][vc_column][vc_separator][vc_empty_space][/vc_column][/vc_row][vc_row][vc_column width=&#8221;1/3&#8243;][vc_row_inner et_column_align=&#8221;align-center&#8221; css=&#8221;.vc_custom_1579132052355{padding-top: 40px !important;}&#8221;][vc_column_inner][vc_column_text]
<h5 class="fancy-title accent-color postline-large" style="text-align: center;">Bloc porte de communication à<br />
LAMES CROISÉES VISSÉES TAPOTÉES BOIS<br />
Largeurs des lames irrégulières<br />
sciage queue de billard<br />
ou droit sur demande</h5>
<h4>Une face à lames horizontales, une face à lames verticales<br />
Clous retournés sur demande</h4>
<h4 style="text-align: center;"><strong><br />
</strong><strong>Toutes nos portes sont fabriquées dans des essences de bois séchées dans nos ateliers<br />
(10 à 12% d’hygrométrie)</strong></h4>
[/vc_column_text][/vc_column_inner][/vc_row_inner][/vc_column][vc_column width=&#8221;1/3&#8243;][vc_empty_space height=&#8221;120px&#8221;][vc_column_text]<span style="vertical-align: inherit;">Nous vous proposons de fabriquer vos portes d&#8217;intérieur dans différentes essences : bois à peindre, Tilleul, Châtaignier de France, Chêne de France, Merisier de France, Noyer de France. (autres sur demande)</span></p>
<p><span style="vertical-align: inherit;">Modèle réalisable :</span></p>
<ul>
<li><span style="vertical-align: inherit;">dans toutes les dimensions</span></li>
<li><span style="vertical-align: inherit;">en simple vantail, deux vantaux, en tiercée&#8230;</span></li>
<li><span style="vertical-align: inherit;">battante, coulissante à galandage ou en applique (fourniture des châssis ou rail)</span></li>
<li><span style="vertical-align: inherit;">en EI30, EI60, acoustique, blindée, pare-balles &#8230;</span></li>
<li>en placard assorti</li>
</ul>
[/vc_column_text][/vc_column][vc_column width=&#8221;1/3&#8243;][vc_empty_space height=&#8221;120px&#8221;][vc_column_text]<span style="vertical-align: inherit;">Les cadres sont fabriqués de l&#8217;épaisseur de vos cloisons afin de permettre une pose parfaite des couvre-joints sur les deux faces. </span><br />
<span style="vertical-align: inherit;">Toutes nos portes sont équipées de paumelles entaillees et d&#8217;une serrure à larder NF, sur demande nous vous proposons :</span></p>
<ul>
<li><span style="vertical-align: inherit;">des charnières invisibles, serrure magnétique</span></li>
<li><span style="vertical-align: inherit;">joint phonique, plinthe automatique en partie basse</span></li>
<li><span style="vertical-align: inherit;">Large choix de finitions, poignées à découvrir&#8230;</span></li>
</ul>
<p><span style="vertical-align: inherit;">Afin que vous puissiez faire poser vos portes d&#8217;intérieur à lames croisées, dans les meilleures conditions à la fin de votre chantier, nous vous dévions de fabriquer des pré-cadres.</span></p>
<p><strong><span style="vertical-align: inherit;">Les avantages du précadre</span></strong><span style="vertical-align: inherit;"> :</span></p>
<ul>
<li><span style="vertical-align: inherit;">délai de fabrication 1 à 2 semaines</span></li>
<li><span style="vertical-align: inherit;">pas d&#8217;erreur de dimensions, ils sont montés et écharpés</span></li>
<li><span style="vertical-align: inherit;">nous contrôlons la réservation pour les couvre-joints</span></li>
<li><span style="vertical-align: inherit;">fixation du bloc porte plus robuste</span></li>
<li><span style="vertical-align: inherit;">les blocs portes ne sont pas exposés aux travaux</span></li>
</ul>
[/vc_column_text][/vc_column][/vc_row][vc_row][vc_column][vc_separator][/vc_column][/vc_row][vc_row et_column_align=&#8221;align-center&#8221; css=&#8221;.vc_custom_1579131817775{padding-top: 60px !important;padding-bottom: 60px !important;}&#8221;][vc_column]	<div class="et-image-901 et-image aligncenter    et_image_link">
		<div class="et-image-inner ">
							<div class="et-image-thumb ">
									</div>
											</div>
	</div>
  [/vc_column][/vc_row][vc_row][vc_column][vc_separator][/vc_column][/vc_row]

<p><span style="vertical-align: inherit;"><span style="vertical-align: inherit;">Dimensions : 2100 x 730mm </span></span><br />
<span style="vertical-align: inherit;"><span style="vertical-align: inherit;">autres sur demande</span></span></p>
<p><span style="vertical-align: inherit;"><span style="vertical-align: inherit;">Poignée BLADE Frascio </span></span><br />
<span style="vertical-align: inherit;"><span style="vertical-align: inherit;">Finition brossée, vernis naturel mat</span></span></p>
<h5 class="fancy-title accent-color postline-large">Modèle visible dans notre show-room</h5>
