{"id":21055,"date":"2023-01-16T17:33:34","date_gmt":"2023-01-16T16:33:34","guid":{"rendered":"https:\/\/www.bertoli.fr\/?post_type=product&#038;p=21055"},"modified":"2026-04-13T12:01:13","modified_gmt":"2026-04-13T10:01:13","slug":"nemmo-2","status":"publish","type":"product","link":"https:\/\/www.bertoli.fr\/en\/portes\/nemmo-2\/","title":{"rendered":"NEMMO"},"content":{"rendered":"[vc_row][vc_column][vc_row_inner][vc_column_inner offset=&#8221;vc_col-lg-4&#8243;][vc_column_text]\n<h5 class=\"fancy-title accent-color postline-large\">BERTOLI DESIGN<\/h5>\n<p><strong>ALLIANCE CHENE\u00a0 &amp;\u00a0 INOX<br \/>\nNemmo, porte au Design UNIQUE<br \/>\n<\/strong><strong> Id\u00e9ale pour les salles d&#8217;eau ou chambre d&#8217;enfant &#8230;<\/strong>[\/vc_column_text][\/vc_column_inner][vc_column_inner offset=&#8221;vc_col-lg-offset-1 vc_col-lg-7&#8243;]\t<div class=\"et-image-432 et-image     et_image_link\">\n\t\t<div class=\"et-image-inner \">\n\t\t\t\t\t\t\t<div class=\"et-image-thumb \">\n\t\t\t\t\t<img loading=\"lazy\" decoding=\"async\" width=\"201\" height=\"300\" src=\"https:\/\/www.bertoli.fr\/wp-content\/uploads\/2023\/01\/Nemmo_detail3-201x300-1.jpg\" class=\"attachment-full\" alt=\"Porte\" title=\"Nemmo_detail3-201x300\" srcset=\"https:\/\/www.bertoli.fr\/wp-content\/uploads\/2023\/01\/Nemmo_detail3-201x300-1.jpg 201w, https:\/\/www.bertoli.fr\/wp-content\/uploads\/2023\/01\/Nemmo_detail3-201x300-1-101x150.jpg 101w\" sizes=\"auto, (max-width: 201px) 100vw, 201px\" \/>\t\t\t\t<\/div>\n\t\t\t\t\t\t\t\t\t\t\t<\/div>\n\t<\/div>\n  [\/vc_column_inner][\/vc_row_inner][\/vc_column][\/vc_row][vc_row][vc_column][vc_empty_space][\/vc_column][\/vc_row][vc_row][vc_column width=&#8221;1\/3&#8243;][vc_column_text]\n<p style=\"text-align: center;\">Pour \u00e9viter les d\u00e9formations, nous utilisons des panneaux en<br \/>\nCh\u00eane de France 3 \u00e9paisseurs<\/p>\n<h4 style=\"text-align: center;\"><strong>Toutes nos portes sont fabriqu\u00e9es dans des essences de bois s\u00e9ch\u00e9es dans nos ateliers<br \/>\n(10 \u00e0 12% d\u2019hygrom\u00e9trie)<\/strong><\/h4>\n[\/vc_column_text][\/vc_column][vc_column width=&#8221;1\/3&#8243;]\t<div class=\"et-image-702 et-image     et_image_link\">\n\t\t<div class=\"et-image-inner \">\n\t\t\t\t\t\t\t<div class=\"et-image-thumb \">\n\t\t\t\t\t<img loading=\"lazy\" decoding=\"async\" width=\"334\" height=\"500\" src=\"https:\/\/www.bertoli.fr\/wp-content\/uploads\/2022\/09\/portedamierbertolichenebertoli.jpg\" class=\"attachment-full\" alt=\"porte damier bertoli en chene\" title=\"portedamierbertolichenebertoli\" srcset=\"https:\/\/www.bertoli.fr\/wp-content\/uploads\/2022\/09\/portedamierbertolichenebertoli.jpg 334w, https:\/\/www.bertoli.fr\/wp-content\/uploads\/2022\/09\/portedamierbertolichenebertoli-200x300.jpg 200w, https:\/\/www.bertoli.fr\/wp-content\/uploads\/2022\/09\/portedamierbertolichenebertoli-100x150.jpg 100w\" sizes=\"auto, (max-width: 334px) 100vw, 334px\" \/>\t\t\t\t<\/div>\n\t\t\t\t\t\t\t\t\t\t\t<\/div>\n\t<\/div>\n  [\/vc_column][vc_column width=&#8221;1\/3&#8243;]\t<div class=\"et-image-100 et-image     et_image_link\">\n\t\t<div class=\"et-image-inner \">\n\t\t\t\t\t\t\t<div class=\"et-image-thumb \">\n\t\t\t\t\t<img loading=\"lazy\" decoding=\"async\" width=\"334\" height=\"500\" src=\"https:\/\/www.bertoli.fr\/wp-content\/uploads\/2022\/09\/damierbertolichenebertoli.jpg\" class=\"attachment-full\" alt=\"porte damier Bertoli en chene\" title=\"damierbertolichenebertoli\" srcset=\"https:\/\/www.bertoli.fr\/wp-content\/uploads\/2022\/09\/damierbertolichenebertoli.jpg 334w, https:\/\/www.bertoli.fr\/wp-content\/uploads\/2022\/09\/damierbertolichenebertoli-200x300.jpg 200w, https:\/\/www.bertoli.fr\/wp-content\/uploads\/2022\/09\/damierbertolichenebertoli-100x150.jpg 100w\" sizes=\"auto, (max-width: 334px) 100vw, 334px\" \/>\t\t\t\t<\/div>\n\t\t\t\t\t\t\t\t\t\t\t<\/div>\n\t<\/div>\n  [\/vc_column][\/vc_row][vc_row][vc_column][vc_empty_space][vc_separator][\/vc_column][\/vc_row][vc_row][vc_column]\t<div class=\"et-image-692 et-image aligncenter    et_image_link\">\n\t\t<div class=\"et-image-inner \">\n\t\t\t\t\t\t\t<div class=\"et-image-thumb \">\n\t\t\t\t\t<img loading=\"lazy\" decoding=\"async\" width=\"1920\" height=\"960\" src=\"https:\/\/www.bertoli.fr\/wp-content\/uploads\/2023\/01\/nemmobertoli.jpg\" class=\"attachment-full\" alt=\"Porte nemmo Bertoli\" title=\"nemmobertoli\" srcset=\"https:\/\/www.bertoli.fr\/wp-content\/uploads\/2023\/01\/nemmobertoli.jpg 1920w, https:\/\/www.bertoli.fr\/wp-content\/uploads\/2023\/01\/nemmobertoli-300x150.jpg 300w, https:\/\/www.bertoli.fr\/wp-content\/uploads\/2023\/01\/nemmobertoli-1024x512.jpg 1024w, https:\/\/www.bertoli.fr\/wp-content\/uploads\/2023\/01\/nemmobertoli-768x384.jpg 768w, https:\/\/www.bertoli.fr\/wp-content\/uploads\/2023\/01\/nemmobertoli-1536x768.jpg 1536w, https:\/\/www.bertoli.fr\/wp-content\/uploads\/2023\/01\/nemmobertoli-150x75.jpg 150w, https:\/\/www.bertoli.fr\/wp-content\/uploads\/2023\/01\/nemmobertoli-1000x500.jpg 1000w\" sizes=\"auto, (max-width: 1920px) 100vw, 1920px\" \/>\t\t\t\t<\/div>\n\t\t\t\t\t\t\t\t\t\t\t<\/div>\n\t<\/div>\n  [\/vc_column][\/vc_row][vc_row][vc_column][vc_empty_space][\/vc_column][\/vc_row]\n","protected":false},"excerpt":{"rendered":"<p>Ch\u00eane de France, fil vertical<br \/>\nFinition : vernis naturel mat<br \/>\nPoign\u00e9es JET chrom\u00e9es<\/p>\n<p>Dimensions du mod\u00e8le : 2040 x 730mm<br \/>\n(autres sur demande)<\/p>\n<h5 class=\"fancy-title accent-color postline-large\">Mod\u00e8le visible dans notre show-room<\/h5>\n<h4><\/h4>\n","protected":false},"featured_media":21069,"template":"","meta":[],"product_brand":[],"product_cat":[148,177],"product_tag":[],"class_list":{"0":"post-21055","1":"product","2":"type-product","3":"status-publish","4":"has-post-thumbnail","6":"product_cat-contemporaines","7":"product_cat-portes-dinterieur","9":"first","10":"instock","11":"shipping-taxable","12":"purchasable","13":"product-type-simple"},"_links":{"self":[{"href":"https:\/\/www.bertoli.fr\/en\/wp-json\/wp\/v2\/product\/21055","targetHints":{"allow":["GET"]}}],"collection":[{"href":"https:\/\/www.bertoli.fr\/en\/wp-json\/wp\/v2\/product"}],"about":[{"href":"https:\/\/www.bertoli.fr\/en\/wp-json\/wp\/v2\/types\/product"}],"wp:featuredmedia":[{"embeddable":true,"href":"https:\/\/www.bertoli.fr\/en\/wp-json\/wp\/v2\/media\/21069"}],"wp:attachment":[{"href":"https:\/\/www.bertoli.fr\/en\/wp-json\/wp\/v2\/media?parent=21055"}],"wp:term":[{"taxonomy":"product_brand","embeddable":true,"href":"https:\/\/www.bertoli.fr\/en\/wp-json\/wp\/v2\/product_brand?post=21055"},{"taxonomy":"product_cat","embeddable":true,"href":"https:\/\/www.bertoli.fr\/en\/wp-json\/wp\/v2\/product_cat?post=21055"},{"taxonomy":"product_tag","embeddable":true,"href":"https:\/\/www.bertoli.fr\/en\/wp-json\/wp\/v2\/product_tag?post=21055"}],"curies":[{"name":"wp","href":"https:\/\/api.w.org\/{rel}","templated":true}]}}

[vc_row][vc_column][vc_row_inner][vc_column_inner offset=&#8221;vc_col-lg-4&#8243;][vc_column_text]
<h5 class="fancy-title accent-color postline-large">BERTOLI DESIGN</h5>
<p><strong>ALLIANCE CHENE  &amp;  INOX<br />
Nemmo, porte au Design UNIQUE<br />
</strong><strong> Idéale pour les salles d&#8217;eau ou chambre d&#8217;enfant &#8230;</strong>[/vc_column_text][/vc_column_inner][vc_column_inner offset=&#8221;vc_col-lg-offset-1 vc_col-lg-7&#8243;]	<div class="et-image-432 et-image     et_image_link">
		<div class="et-image-inner ">
							<div class="et-image-thumb ">
					<img loading="lazy" decoding="async" width="201" height="300" src="https://www.bertoli.fr/wp-content/uploads/2023/01/Nemmo_detail3-201x300-1.jpg" class="attachment-full" alt="Porte" title="Nemmo_detail3-201x300" srcset="https://www.bertoli.fr/wp-content/uploads/2023/01/Nemmo_detail3-201x300-1.jpg 201w, https://www.bertoli.fr/wp-content/uploads/2023/01/Nemmo_detail3-201x300-1-101x150.jpg 101w" sizes="auto, (max-width: 201px) 100vw, 201px" />				</div>
											</div>
	</div>
  [/vc_column_inner][/vc_row_inner][/vc_column][/vc_row][vc_row][vc_column][vc_empty_space][/vc_column][/vc_row][vc_row][vc_column width=&#8221;1/3&#8243;][vc_column_text]
<p style="text-align: center;">Pour éviter les déformations, nous utilisons des panneaux en<br />
Chêne de France 3 épaisseurs</p>
<h4 style="text-align: center;"><strong>Toutes nos portes sont fabriquées dans des essences de bois séchées dans nos ateliers<br />
(10 à 12% d’hygrométrie)</strong></h4>
[/vc_column_text][/vc_column][vc_column width=&#8221;1/3&#8243;]	<div class="et-image-702 et-image     et_image_link">
		<div class="et-image-inner ">
							<div class="et-image-thumb ">
					<img loading="lazy" decoding="async" width="334" height="500" src="https://www.bertoli.fr/wp-content/uploads/2022/09/portedamierbertolichenebertoli.jpg" class="attachment-full" alt="porte damier bertoli en chene" title="portedamierbertolichenebertoli" srcset="https://www.bertoli.fr/wp-content/uploads/2022/09/portedamierbertolichenebertoli.jpg 334w, https://www.bertoli.fr/wp-content/uploads/2022/09/portedamierbertolichenebertoli-200x300.jpg 200w, https://www.bertoli.fr/wp-content/uploads/2022/09/portedamierbertolichenebertoli-100x150.jpg 100w" sizes="auto, (max-width: 334px) 100vw, 334px" />				</div>
											</div>
	</div>
  [/vc_column][vc_column width=&#8221;1/3&#8243;]	<div class="et-image-100 et-image     et_image_link">
		<div class="et-image-inner ">
							<div class="et-image-thumb ">
					<img loading="lazy" decoding="async" width="334" height="500" src="https://www.bertoli.fr/wp-content/uploads/2022/09/damierbertolichenebertoli.jpg" class="attachment-full" alt="porte damier Bertoli en chene" title="damierbertolichenebertoli" srcset="https://www.bertoli.fr/wp-content/uploads/2022/09/damierbertolichenebertoli.jpg 334w, https://www.bertoli.fr/wp-content/uploads/2022/09/damierbertolichenebertoli-200x300.jpg 200w, https://www.bertoli.fr/wp-content/uploads/2022/09/damierbertolichenebertoli-100x150.jpg 100w" sizes="auto, (max-width: 334px) 100vw, 334px" />				</div>
											</div>
	</div>
  [/vc_column][/vc_row][vc_row][vc_column][vc_empty_space][vc_separator][/vc_column][/vc_row][vc_row][vc_column]	<div class="et-image-692 et-image aligncenter    et_image_link">
		<div class="et-image-inner ">
							<div class="et-image-thumb ">
					<img loading="lazy" decoding="async" width="1920" height="960" src="https://www.bertoli.fr/wp-content/uploads/2023/01/nemmobertoli.jpg" class="attachment-full" alt="Porte nemmo Bertoli" title="nemmobertoli" srcset="https://www.bertoli.fr/wp-content/uploads/2023/01/nemmobertoli.jpg 1920w, https://www.bertoli.fr/wp-content/uploads/2023/01/nemmobertoli-300x150.jpg 300w, https://www.bertoli.fr/wp-content/uploads/2023/01/nemmobertoli-1024x512.jpg 1024w, https://www.bertoli.fr/wp-content/uploads/2023/01/nemmobertoli-768x384.jpg 768w, https://www.bertoli.fr/wp-content/uploads/2023/01/nemmobertoli-1536x768.jpg 1536w, https://www.bertoli.fr/wp-content/uploads/2023/01/nemmobertoli-150x75.jpg 150w, https://www.bertoli.fr/wp-content/uploads/2023/01/nemmobertoli-1000x500.jpg 1000w" sizes="auto, (max-width: 1920px) 100vw, 1920px" />				</div>
											</div>
	</div>
  [/vc_column][/vc_row][vc_row][vc_column][vc_empty_space][/vc_column][/vc_row]

<p>Chêne de France, fil vertical<br />
Finition : vernis naturel mat<br />
Poignées JET chromées</p>
<p>Dimensions du modèle : 2040 x 730mm<br />
(autres sur demande)</p>
<h5 class="fancy-title accent-color postline-large">Modèle visible dans notre show-room</h5>
<h4></h4>
