{"id":21604,"date":"2023-04-04T08:14:25","date_gmt":"2023-04-04T06:14:25","guid":{"rendered":"https:\/\/www.bertoli.fr\/?post_type=product&#038;p=21604"},"modified":"2026-04-13T12:01:12","modified_gmt":"2026-04-13T10:01:12","slug":"placard-haussmannien","status":"publish","type":"product","link":"https:\/\/www.bertoli.fr\/en\/portes\/placard-haussmannien\/","title":{"rendered":"Placard Haussmannien"},"content":{"rendered":"[vc_row][vc_column][vc_separator][\/vc_column][\/vc_row][vc_row][vc_column width=&#8221;1\/3&#8243;][vc_column_text]\n<h5 class=\"fancy-title accent-color postline-large\" style=\"text-align: center;\"><span style=\"vertical-align: inherit;\"><span style=\"vertical-align: inherit;\"><span style=\"vertical-align: inherit;\"><span style=\"vertical-align: inherit;\"><span style=\"vertical-align: inherit;\">ASSEMBLAGES \u00c0 TENONS ET MORTAISES COLL\u00c9S ET CHEVILL\u00c9S BOIS<\/span><\/span><\/span><\/span><\/span><\/h5>\n<h5><span style=\"vertical-align: inherit;\"><span style=\"vertical-align: inherit;\"><span style=\"vertical-align: inherit;\"><span style=\"vertical-align: inherit;\"><span style=\"vertical-align: inherit;\">MOULURATION \u00c0 GRAND CADRE A COUPES D&#8217;ONGLET 55mm <\/span><\/span><\/span><\/span><\/span><br \/>\n<span style=\"vertical-align: inherit;\"><span style=\"vertical-align: inherit;\"><span style=\"vertical-align: inherit;\"><span style=\"vertical-align: inherit;\"><span style=\"vertical-align: inherit;\">PANNEAUX \u00c0 PLATES-BANDES<\/span><\/span><\/span><\/span><\/span><\/h5>\n<h5><span style=\"vertical-align: inherit;\"><span style=\"vertical-align: inherit;\">Petits bois moulur\u00e9s \u00e0 petit cadre (\u00e0 Grand Cadre, sur demande) <\/span><\/span><\/h5>\n<h4 style=\"text-align: center;\"><strong><span style=\"vertical-align: inherit;\"><span style=\"vertical-align: inherit;\"><span style=\"vertical-align: inherit;\"><span style=\"vertical-align: inherit;\"><span style=\"vertical-align: inherit;\">Toutes nos portes sont fabriqu\u00e9es dans des essences de bois s\u00e9ch\u00e9es dans nos ateliers <\/span><\/span><\/span><\/span><\/span><br \/>\n<span style=\"vertical-align: inherit;\"><span style=\"vertical-align: inherit;\"><span style=\"vertical-align: inherit;\"><span style=\"vertical-align: inherit;\"><span style=\"vertical-align: inherit;\">(10 \u00e0 12% d&#8217;hygrom\u00e9trie)<\/span><\/span><\/span><\/span><\/span><\/strong><\/h4>\n[\/vc_column_text][\/vc_column][vc_column width=&#8221;1\/3&#8243;][vc_empty_space height=&#8221;100px&#8221;][vc_column_text]<span style=\"vertical-align: inherit;\">Nous vous proposons de fabriquer vos portes d&#8217;int\u00e9rieur dans diff\u00e9rentes essences\u00a0: bois \u00e0 peindre, Tilleul, Ch\u00e2taignier de France, Ch\u00eane de France, Merisier de France, Noyer de France. (autres sur demande)<\/span><\/p>\n<p><span style=\"vertical-align: inherit;\">La porte d&#8217;int\u00e9rieur Haussmannienne est r\u00e9alisable :<\/span><\/p>\n<ul>\n<li><span style=\"vertical-align: inherit;\">dans toutes les dimensions<\/span><\/li>\n<li><span style=\"vertical-align: inherit;\">\u00e0 panneaux ou vitr\u00e9es<\/span><\/li>\n<li><span style=\"vertical-align: inherit;\">en deux ou trois panneaux<\/span><\/li>\n<li><span style=\"vertical-align: inherit;\">en simple vantail, deux vantaux, en tierc\u00e9e&#8230;<\/span><\/li>\n<li><span style=\"vertical-align: inherit;\">battante, coulissante \u00e0 galandage ou en applique (fourniture des ch\u00e2ssis ou rail)<\/span><\/li>\n<li><span style=\"vertical-align: inherit;\">en EI30, EI60, acoustique, blind\u00e9e, pare-balles &#8230;<\/span><\/li>\n<li>en placard, boiseries murales assortis<\/li>\n<\/ul>\n[\/vc_column_text][\/vc_column][vc_column width=&#8221;1\/3&#8243;][vc_empty_space height=&#8221;100px&#8221;][vc_column_text]<span style=\"vertical-align: inherit;\"><span style=\"vertical-align: inherit;\"><span style=\"vertical-align: inherit;\">Les cadres sont fabriqu\u00e9s de l&#8217;\u00e9paisseur de vos cloisons afin de permettre une pose parfaite des couvre-joints sur les deux faces. <\/span><\/span><\/span><br \/>\n<span style=\"vertical-align: inherit;\"><span style=\"vertical-align: inherit;\"><span style=\"vertical-align: inherit;\">Toutes nos portes sont \u00e9quip\u00e9es de paumelles entaill\u00e9es et d&#8217;une serrure \u00e0 larder NF, sur demande nous vous proposons :<\/span><\/span><\/span><\/p>\n<ul>\n<li><span style=\"vertical-align: inherit;\"><span style=\"vertical-align: inherit;\"><span style=\"vertical-align: inherit;\">des charni\u00e8res invisibles, serrure magn\u00e9tique<\/span><\/span><\/span><\/li>\n<li><span style=\"vertical-align: inherit;\"><span style=\"vertical-align: inherit;\"><span style=\"vertical-align: inherit;\">joint phonique, plinthe automatique en partie basse<\/span><\/span><\/span><\/li>\n<li><span style=\"vertical-align: inherit;\"><span style=\"vertical-align: inherit;\"><span style=\"vertical-align: inherit;\">Large choix de finitions, poign\u00e9es \u00e0 d\u00e9couvrir&#8230;<\/span><\/span><\/span><\/li>\n<\/ul>\n[\/vc_column_text][\/vc_column][\/vc_row][vc_row][vc_column][vc_separator][\/vc_column][\/vc_row]\n","protected":false},"excerpt":{"rendered":"<p>Ensemble compos\u00e9 de deux portes Haussmanniennes avec Corniche, Imposte \u00e0 cartouches et Pilastres cannel\u00e9s.<br \/>\nPortes vitr\u00e9es, petits bois \u00e0 croisillons double face.<br \/>\nVitrage clair 6mm<\/p>\n<p>Dimensions du mod\u00e8le pr\u00e9sent\u00e9 : 2750 x 1200 mm*<br \/>\nFinition laqu\u00e9e RAL au choix<\/p>\n<p><em><span style=\"vertical-align: inherit;\"><span style=\"vertical-align: inherit;\"><span style=\"vertical-align: inherit;\"><span style=\"vertical-align: inherit;\">*autres sur demande<\/span><\/span><\/span><\/span><\/em><\/p>\n<h5><\/h5>\n","protected":false},"featured_media":21619,"template":"","meta":[],"product_brand":[],"product_cat":[151,177],"product_tag":[],"class_list":{"0":"post-21604","1":"product","2":"type-product","3":"status-publish","4":"has-post-thumbnail","6":"product_cat-haussmanniennes","7":"product_cat-portes-dinterieur","9":"first","10":"instock","11":"shipping-taxable","12":"purchasable","13":"product-type-variable"},"_links":{"self":[{"href":"https:\/\/www.bertoli.fr\/en\/wp-json\/wp\/v2\/product\/21604","targetHints":{"allow":["GET"]}}],"collection":[{"href":"https:\/\/www.bertoli.fr\/en\/wp-json\/wp\/v2\/product"}],"about":[{"href":"https:\/\/www.bertoli.fr\/en\/wp-json\/wp\/v2\/types\/product"}],"wp:featuredmedia":[{"embeddable":true,"href":"https:\/\/www.bertoli.fr\/en\/wp-json\/wp\/v2\/media\/21619"}],"wp:attachment":[{"href":"https:\/\/www.bertoli.fr\/en\/wp-json\/wp\/v2\/media?parent=21604"}],"wp:term":[{"taxonomy":"product_brand","embeddable":true,"href":"https:\/\/www.bertoli.fr\/en\/wp-json\/wp\/v2\/product_brand?post=21604"},{"taxonomy":"product_cat","embeddable":true,"href":"https:\/\/www.bertoli.fr\/en\/wp-json\/wp\/v2\/product_cat?post=21604"},{"taxonomy":"product_tag","embeddable":true,"href":"https:\/\/www.bertoli.fr\/en\/wp-json\/wp\/v2\/product_tag?post=21604"}],"curies":[{"name":"wp","href":"https:\/\/api.w.org\/{rel}","templated":true}]}}

[vc_row][vc_column][vc_separator][/vc_column][/vc_row][vc_row][vc_column width=&#8221;1/3&#8243;][vc_column_text]
<h5 class="fancy-title accent-color postline-large" style="text-align: center;"><span style="vertical-align: inherit;"><span style="vertical-align: inherit;"><span style="vertical-align: inherit;"><span style="vertical-align: inherit;"><span style="vertical-align: inherit;">ASSEMBLAGES À TENONS ET MORTAISES COLLÉS ET CHEVILLÉS BOIS</span></span></span></span></span></h5>
<h5><span style="vertical-align: inherit;"><span style="vertical-align: inherit;"><span style="vertical-align: inherit;"><span style="vertical-align: inherit;"><span style="vertical-align: inherit;">MOULURATION À GRAND CADRE A COUPES D&#8217;ONGLET 55mm </span></span></span></span></span><br />
<span style="vertical-align: inherit;"><span style="vertical-align: inherit;"><span style="vertical-align: inherit;"><span style="vertical-align: inherit;"><span style="vertical-align: inherit;">PANNEAUX À PLATES-BANDES</span></span></span></span></span></h5>
<h5><span style="vertical-align: inherit;"><span style="vertical-align: inherit;">Petits bois moulurés à petit cadre (à Grand Cadre, sur demande) </span></span></h5>
<h4 style="text-align: center;"><strong><span style="vertical-align: inherit;"><span style="vertical-align: inherit;"><span style="vertical-align: inherit;"><span style="vertical-align: inherit;"><span style="vertical-align: inherit;">Toutes nos portes sont fabriquées dans des essences de bois séchées dans nos ateliers </span></span></span></span></span><br />
<span style="vertical-align: inherit;"><span style="vertical-align: inherit;"><span style="vertical-align: inherit;"><span style="vertical-align: inherit;"><span style="vertical-align: inherit;">(10 à 12% d&#8217;hygrométrie)</span></span></span></span></span></strong></h4>
[/vc_column_text][/vc_column][vc_column width=&#8221;1/3&#8243;][vc_empty_space height=&#8221;100px&#8221;][vc_column_text]<span style="vertical-align: inherit;">Nous vous proposons de fabriquer vos portes d&#8217;intérieur dans différentes essences : bois à peindre, Tilleul, Châtaignier de France, Chêne de France, Merisier de France, Noyer de France. (autres sur demande)</span></p>
<p><span style="vertical-align: inherit;">La porte d&#8217;intérieur Haussmannienne est réalisable :</span></p>
<ul>
<li><span style="vertical-align: inherit;">dans toutes les dimensions</span></li>
<li><span style="vertical-align: inherit;">à panneaux ou vitrées</span></li>
<li><span style="vertical-align: inherit;">en deux ou trois panneaux</span></li>
<li><span style="vertical-align: inherit;">en simple vantail, deux vantaux, en tiercée&#8230;</span></li>
<li><span style="vertical-align: inherit;">battante, coulissante à galandage ou en applique (fourniture des châssis ou rail)</span></li>
<li><span style="vertical-align: inherit;">en EI30, EI60, acoustique, blindée, pare-balles &#8230;</span></li>
<li>en placard, boiseries murales assortis</li>
</ul>
[/vc_column_text][/vc_column][vc_column width=&#8221;1/3&#8243;][vc_empty_space height=&#8221;100px&#8221;][vc_column_text]<span style="vertical-align: inherit;"><span style="vertical-align: inherit;"><span style="vertical-align: inherit;">Les cadres sont fabriqués de l&#8217;épaisseur de vos cloisons afin de permettre une pose parfaite des couvre-joints sur les deux faces. </span></span></span><br />
<span style="vertical-align: inherit;"><span style="vertical-align: inherit;"><span style="vertical-align: inherit;">Toutes nos portes sont équipées de paumelles entaillées et d&#8217;une serrure à larder NF, sur demande nous vous proposons :</span></span></span></p>
<ul>
<li><span style="vertical-align: inherit;"><span style="vertical-align: inherit;"><span style="vertical-align: inherit;">des charnières invisibles, serrure magnétique</span></span></span></li>
<li><span style="vertical-align: inherit;"><span style="vertical-align: inherit;"><span style="vertical-align: inherit;">joint phonique, plinthe automatique en partie basse</span></span></span></li>
<li><span style="vertical-align: inherit;"><span style="vertical-align: inherit;"><span style="vertical-align: inherit;">Large choix de finitions, poignées à découvrir&#8230;</span></span></span></li>
</ul>
[/vc_column_text][/vc_column][/vc_row][vc_row][vc_column][vc_separator][/vc_column][/vc_row]

<p>Ensemble composé de deux portes Haussmanniennes avec Corniche, Imposte à cartouches et Pilastres cannelés.<br />
Portes vitrées, petits bois à croisillons double face.<br />
Vitrage clair 6mm</p>
<p>Dimensions du modèle présenté : 2750 x 1200 mm*<br />
Finition laquée RAL au choix</p>
<p><em><span style="vertical-align: inherit;"><span style="vertical-align: inherit;"><span style="vertical-align: inherit;"><span style="vertical-align: inherit;">*autres sur demande</span></span></span></span></em></p>
<h5></h5>
