{"id":21719,"date":"2023-04-18T13:21:12","date_gmt":"2023-04-18T11:21:12","guid":{"rendered":"https:\/\/www.bertoli.fr\/?post_type=product&#038;p=21719"},"modified":"2026-04-13T12:01:12","modified_gmt":"2026-04-13T10:01:12","slug":"porte-dinterieur-haussmanienne","status":"publish","type":"product","link":"https:\/\/www.bertoli.fr\/en\/portes\/porte-dinterieur-haussmanienne\/","title":{"rendered":"Porte Haussmannienne Sculpt\u00e9e"},"content":{"rendered":"[vc_row][vc_column][vc_separator][\/vc_column][\/vc_row][vc_row][vc_column width=&#8221;1\/2&#8243;]\t<div class=\"et-image-795 et-image     et_image_link\">\n\t\t<div class=\"et-image-inner \">\n\t\t\t\t\t\t\t<div class=\"et-image-thumb \">\n\t\t\t\t\t<img loading=\"lazy\" decoding=\"async\" width=\"640\" height=\"800\" src=\"https:\/\/www.bertoli.fr\/wp-content\/uploads\/2025\/03\/porte-haussmannienne-sculptee-lambris-et-parquet-BERTOLI.jpg\" class=\"attachment-full\" alt=\"\" title=\"porte haussmannienne sculpt\u00e9e lambris et parquet BERTOLI\" srcset=\"https:\/\/www.bertoli.fr\/wp-content\/uploads\/2025\/03\/porte-haussmannienne-sculptee-lambris-et-parquet-BERTOLI.jpg 640w, https:\/\/www.bertoli.fr\/wp-content\/uploads\/2025\/03\/porte-haussmannienne-sculptee-lambris-et-parquet-BERTOLI-240x300.jpg 240w, https:\/\/www.bertoli.fr\/wp-content\/uploads\/2025\/03\/porte-haussmannienne-sculptee-lambris-et-parquet-BERTOLI-120x150.jpg 120w\" sizes=\"auto, (max-width: 640px) 100vw, 640px\" \/>\t\t\t\t<\/div>\n\t\t\t\t\t\t\t\t\t\t\t<\/div>\n\t<\/div>\n  [\/vc_column][vc_column width=&#8221;1\/2&#8243;]\t<div class=\"et-image-686 et-image     et_image_link\">\n\t\t<div class=\"et-image-inner \">\n\t\t\t\t\t\t\t<div class=\"et-image-thumb \">\n\t\t\t\t\t<img loading=\"lazy\" decoding=\"async\" width=\"650\" height=\"800\" src=\"https:\/\/www.bertoli.fr\/wp-content\/uploads\/2025\/03\/porte-haussmannienne-sculptee-lambris-BERTOLI-1.jpg\" class=\"attachment-full\" alt=\"\" title=\"porte haussmannienne sculpt\u00e9e lambris BERTOLI\" srcset=\"https:\/\/www.bertoli.fr\/wp-content\/uploads\/2025\/03\/porte-haussmannienne-sculptee-lambris-BERTOLI-1.jpg 650w, https:\/\/www.bertoli.fr\/wp-content\/uploads\/2025\/03\/porte-haussmannienne-sculptee-lambris-BERTOLI-1-244x300.jpg 244w, https:\/\/www.bertoli.fr\/wp-content\/uploads\/2025\/03\/porte-haussmannienne-sculptee-lambris-BERTOLI-1-122x150.jpg 122w\" sizes=\"auto, (max-width: 650px) 100vw, 650px\" \/>\t\t\t\t<\/div>\n\t\t\t\t\t\t\t\t\t\t\t<\/div>\n\t<\/div>\n  [\/vc_column][\/vc_row][vc_row][vc_column][vc_separator][\/vc_column][\/vc_row][vc_row][vc_column]\t<div class=\"et-image-547 et-image aligncenter    et_image_link\">\n\t\t<div class=\"et-image-inner \">\n\t\t\t\t\t\t\t<div class=\"et-image-thumb \">\n\t\t\t\t\t<img loading=\"lazy\" decoding=\"async\" width=\"1199\" height=\"800\" src=\"https:\/\/www.bertoli.fr\/wp-content\/uploads\/2023\/04\/sculpture-Porte-haussmannienne-BERTOLI.jpg\" class=\"attachment-full\" alt=\"sculpture Porte haussmannienne BERTOLI\" title=\"sculpture Porte haussmannienne BERTOLI\" srcset=\"https:\/\/www.bertoli.fr\/wp-content\/uploads\/2023\/04\/sculpture-Porte-haussmannienne-BERTOLI.jpg 1199w, https:\/\/www.bertoli.fr\/wp-content\/uploads\/2023\/04\/sculpture-Porte-haussmannienne-BERTOLI-300x200.jpg 300w, https:\/\/www.bertoli.fr\/wp-content\/uploads\/2023\/04\/sculpture-Porte-haussmannienne-BERTOLI-1024x683.jpg 1024w, https:\/\/www.bertoli.fr\/wp-content\/uploads\/2023\/04\/sculpture-Porte-haussmannienne-BERTOLI-768x512.jpg 768w, https:\/\/www.bertoli.fr\/wp-content\/uploads\/2023\/04\/sculpture-Porte-haussmannienne-BERTOLI-150x100.jpg 150w, https:\/\/www.bertoli.fr\/wp-content\/uploads\/2023\/04\/sculpture-Porte-haussmannienne-BERTOLI-1000x667.jpg 1000w\" sizes=\"auto, (max-width: 1199px) 100vw, 1199px\" \/>\t\t\t\t<\/div>\n\t\t\t\t\t\t\t\t\t\t\t<\/div>\n\t<\/div>\n  [\/vc_column][\/vc_row][vc_row][vc_column][vc_separator][\/vc_column][\/vc_row][vc_row][vc_column][vc_separator][\/vc_column][\/vc_row][vc_row][vc_column width=&#8221;1\/3&#8243;][vc_column_text]\n<h5 class=\"fancy-title accent-color postline-large\" style=\"text-align: center;\"><span style=\"vertical-align: inherit;\">ASSEMBLAGES \u00c0 TENONS ET MORTAISES COLL\u00c9S ET CHEVILL\u00c9S BOIS<\/span><\/h5>\n<h5><span style=\"vertical-align: inherit;\">MOULURATION \u00c0 GRAND CADRE A COUPES D&#8217;ONGLET 55mm<\/span><br \/>\n<em><span style=\"vertical-align: inherit;\">DOUBLES FACES IDENTIQUES<\/span><\/em><\/h5>\n<h5><span style=\"vertical-align: inherit;\">PANNEAUX \u00c0 PLATES-BANDES<\/span><br \/>\n<em><span style=\"vertical-align: inherit;\">DOUBLES FACES IDENTIQUES<\/span><\/em><\/h5>\n<h4 style=\"text-align: center;\"><strong><span style=\"vertical-align: inherit;\">Toutes nos portes sont fabriqu\u00e9es dans des essences de bois s\u00e9ch\u00e9es dans nos ateliers <\/span><br \/>\n<span style=\"vertical-align: inherit;\">(10 \u00e0 12% d&#8217;hygrom\u00e9trie)<\/span><\/strong><\/h4>\n[\/vc_column_text][\/vc_column][vc_column width=&#8221;1\/3&#8243;][vc_empty_space height=&#8221;100px&#8221;][vc_column_text]<span style=\"vertical-align: inherit;\">Nous vous proposons de fabriquer vos portes d&#8217;int\u00e9rieur dans diff\u00e9rentes essences\u00a0: bois \u00e0 peindre, Tilleul, Ch\u00e2taignier de France, Ch\u00eane de France, Merisier de France, Noyer de France. (autres sur demande)<\/span><\/p>\n<p><span style=\"vertical-align: inherit;\">Les mod\u00e8les de portes style Haussmann sont r\u00e9alisables :<\/span><\/p>\n<ul>\n<li><span style=\"vertical-align: inherit;\">dans toutes les dimensions<\/span><\/li>\n<li><span style=\"vertical-align: inherit;\">\u00e0 panneaux ou vitr\u00e9es<\/span><\/li>\n<li><span style=\"vertical-align: inherit;\">en deux ou trois panneaux<\/span><\/li>\n<li><span style=\"vertical-align: inherit;\">en simple vantail, deux vantaux, en tierc\u00e9e&#8230;<\/span><\/li>\n<li><span style=\"vertical-align: inherit;\">battante, coulissante \u00e0 galandage ou en applique (fourniture des ch\u00e2ssis ou rail)<\/span><\/li>\n<li><span style=\"vertical-align: inherit;\">en EI30, EI60, acoustique, blind\u00e9e, pare-balles &#8230;<\/span><\/li>\n<li>en placard, boiseries murales assortis<\/li>\n<\/ul>\n[\/vc_column_text][\/vc_column][vc_column width=&#8221;1\/3&#8243;][vc_empty_space height=&#8221;100px&#8221;][vc_column_text]<span style=\"vertical-align: inherit;\">Les cadres sont fabriqu\u00e9s de l&#8217;\u00e9paisseur de vos cloisons afin de permettre une pose parfaite des couvre-joints sur les deux faces. <\/span><br \/>\n<span style=\"vertical-align: inherit;\">Toutes nos portes sont \u00e9quip\u00e9es de paumelles entaill\u00e9es et d&#8217;une serrure \u00e0 larder NF, sur demande nous vous proposons :<\/span><\/p>\n<ul>\n<li><span style=\"vertical-align: inherit;\">des charni\u00e8res invisibles, serrure magn\u00e9tique<\/span><\/li>\n<li><span style=\"vertical-align: inherit;\">joint phonique, plinthe automatique en partie basse<\/span><\/li>\n<li><span style=\"vertical-align: inherit;\">Large choix de finitions, poign\u00e9es \u00e0 d\u00e9couvrir&#8230;<\/span><\/li>\n<\/ul>\n[\/vc_column_text][\/vc_column][\/vc_row][vc_row][vc_column][vc_separator][\/vc_column][\/vc_row][vc_row][vc_column][vc_empty_space][vc_separator][\/vc_column][\/vc_row]\n","protected":false},"excerpt":{"rendered":"<p>Porte de style XVIIIe si\u00e8cle<\/p>\n<p>Ensemble Chambranles \u00e0 doucines 80x22mm<br \/>\nsocles 88x26mm, hauteur suivant la hauteur des plinthes<\/p>\n<p>Finition laqu\u00e9e, RAL au choix<br \/>\nPoign\u00e9e laiton mod\u00e8le AURORA by Mandelli<\/p>\n<p>Pr\u00e9sent\u00e9e en 2400 x 830mm<br \/>\n<em>*autres sur demande<\/em><\/p>\n<h5 class=\"fancy-title accent-color postline-large\">Mod\u00e8le visible dans notre show-room<\/h5>\n<h4><\/h4>\n","protected":false},"featured_media":21723,"template":"","meta":[],"product_brand":[],"product_cat":[151,177],"product_tag":[],"class_list":{"0":"post-21719","1":"product","2":"type-product","3":"status-publish","4":"has-post-thumbnail","6":"product_cat-haussmanniennes","7":"product_cat-portes-dinterieur","9":"first","10":"instock","11":"shipping-taxable","12":"purchasable","13":"product-type-variable"},"_links":{"self":[{"href":"https:\/\/www.bertoli.fr\/en\/wp-json\/wp\/v2\/product\/21719","targetHints":{"allow":["GET"]}}],"collection":[{"href":"https:\/\/www.bertoli.fr\/en\/wp-json\/wp\/v2\/product"}],"about":[{"href":"https:\/\/www.bertoli.fr\/en\/wp-json\/wp\/v2\/types\/product"}],"wp:featuredmedia":[{"embeddable":true,"href":"https:\/\/www.bertoli.fr\/en\/wp-json\/wp\/v2\/media\/21723"}],"wp:attachment":[{"href":"https:\/\/www.bertoli.fr\/en\/wp-json\/wp\/v2\/media?parent=21719"}],"wp:term":[{"taxonomy":"product_brand","embeddable":true,"href":"https:\/\/www.bertoli.fr\/en\/wp-json\/wp\/v2\/product_brand?post=21719"},{"taxonomy":"product_cat","embeddable":true,"href":"https:\/\/www.bertoli.fr\/en\/wp-json\/wp\/v2\/product_cat?post=21719"},{"taxonomy":"product_tag","embeddable":true,"href":"https:\/\/www.bertoli.fr\/en\/wp-json\/wp\/v2\/product_tag?post=21719"}],"curies":[{"name":"wp","href":"https:\/\/api.w.org\/{rel}","templated":true}]}}

Porte Haussmannienne Sculptée

[vc_row][vc_column][vc_separator][/vc_column][/vc_row][vc_row][vc_column width=&#8221;1/2&#8243;]	<div class="et-image-795 et-image     et_image_link">
		<div class="et-image-inner ">
							<div class="et-image-thumb ">
					<img loading="lazy" decoding="async" width="640" height="800" src="https://www.bertoli.fr/wp-content/uploads/2025/03/porte-haussmannienne-sculptee-lambris-et-parquet-BERTOLI.jpg" class="attachment-full" alt="" title="porte haussmannienne sculptée lambris et parquet BERTOLI" srcset="https://www.bertoli.fr/wp-content/uploads/2025/03/porte-haussmannienne-sculptee-lambris-et-parquet-BERTOLI.jpg 640w, https://www.bertoli.fr/wp-content/uploads/2025/03/porte-haussmannienne-sculptee-lambris-et-parquet-BERTOLI-240x300.jpg 240w, https://www.bertoli.fr/wp-content/uploads/2025/03/porte-haussmannienne-sculptee-lambris-et-parquet-BERTOLI-120x150.jpg 120w" sizes="auto, (max-width: 640px) 100vw, 640px" />				</div>
											</div>
	</div>
  [/vc_column][vc_column width=&#8221;1/2&#8243;]	<div class="et-image-686 et-image     et_image_link">
		<div class="et-image-inner ">
							<div class="et-image-thumb ">
					<img loading="lazy" decoding="async" width="650" height="800" src="https://www.bertoli.fr/wp-content/uploads/2025/03/porte-haussmannienne-sculptee-lambris-BERTOLI-1.jpg" class="attachment-full" alt="" title="porte haussmannienne sculptée lambris BERTOLI" srcset="https://www.bertoli.fr/wp-content/uploads/2025/03/porte-haussmannienne-sculptee-lambris-BERTOLI-1.jpg 650w, https://www.bertoli.fr/wp-content/uploads/2025/03/porte-haussmannienne-sculptee-lambris-BERTOLI-1-244x300.jpg 244w, https://www.bertoli.fr/wp-content/uploads/2025/03/porte-haussmannienne-sculptee-lambris-BERTOLI-1-122x150.jpg 122w" sizes="auto, (max-width: 650px) 100vw, 650px" />				</div>
											</div>
	</div>
  [/vc_column][/vc_row][vc_row][vc_column][vc_separator][/vc_column][/vc_row][vc_row][vc_column]	<div class="et-image-547 et-image aligncenter    et_image_link">
		<div class="et-image-inner ">
							<div class="et-image-thumb ">
					<img loading="lazy" decoding="async" width="1199" height="800" src="https://www.bertoli.fr/wp-content/uploads/2023/04/sculpture-Porte-haussmannienne-BERTOLI.jpg" class="attachment-full" alt="sculpture Porte haussmannienne BERTOLI" title="sculpture Porte haussmannienne BERTOLI" srcset="https://www.bertoli.fr/wp-content/uploads/2023/04/sculpture-Porte-haussmannienne-BERTOLI.jpg 1199w, https://www.bertoli.fr/wp-content/uploads/2023/04/sculpture-Porte-haussmannienne-BERTOLI-300x200.jpg 300w, https://www.bertoli.fr/wp-content/uploads/2023/04/sculpture-Porte-haussmannienne-BERTOLI-1024x683.jpg 1024w, https://www.bertoli.fr/wp-content/uploads/2023/04/sculpture-Porte-haussmannienne-BERTOLI-768x512.jpg 768w, https://www.bertoli.fr/wp-content/uploads/2023/04/sculpture-Porte-haussmannienne-BERTOLI-150x100.jpg 150w, https://www.bertoli.fr/wp-content/uploads/2023/04/sculpture-Porte-haussmannienne-BERTOLI-1000x667.jpg 1000w" sizes="auto, (max-width: 1199px) 100vw, 1199px" />				</div>
											</div>
	</div>
  [/vc_column][/vc_row][vc_row][vc_column][vc_separator][/vc_column][/vc_row][vc_row][vc_column][vc_separator][/vc_column][/vc_row][vc_row][vc_column width=&#8221;1/3&#8243;][vc_column_text]
<h5 class="fancy-title accent-color postline-large" style="text-align: center;"><span style="vertical-align: inherit;">ASSEMBLAGES À TENONS ET MORTAISES COLLÉS ET CHEVILLÉS BOIS</span></h5>
<h5><span style="vertical-align: inherit;">MOULURATION À GRAND CADRE A COUPES D&#8217;ONGLET 55mm</span><br />
<em><span style="vertical-align: inherit;">DOUBLES FACES IDENTIQUES</span></em></h5>
<h5><span style="vertical-align: inherit;">PANNEAUX À PLATES-BANDES</span><br />
<em><span style="vertical-align: inherit;">DOUBLES FACES IDENTIQUES</span></em></h5>
<h4 style="text-align: center;"><strong><span style="vertical-align: inherit;">Toutes nos portes sont fabriquées dans des essences de bois séchées dans nos ateliers </span><br />
<span style="vertical-align: inherit;">(10 à 12% d&#8217;hygrométrie)</span></strong></h4>
[/vc_column_text][/vc_column][vc_column width=&#8221;1/3&#8243;][vc_empty_space height=&#8221;100px&#8221;][vc_column_text]<span style="vertical-align: inherit;">Nous vous proposons de fabriquer vos portes d&#8217;intérieur dans différentes essences : bois à peindre, Tilleul, Châtaignier de France, Chêne de France, Merisier de France, Noyer de France. (autres sur demande)</span></p>
<p><span style="vertical-align: inherit;">Les modèles de portes style Haussmann sont réalisables :</span></p>
<ul>
<li><span style="vertical-align: inherit;">dans toutes les dimensions</span></li>
<li><span style="vertical-align: inherit;">à panneaux ou vitrées</span></li>
<li><span style="vertical-align: inherit;">en deux ou trois panneaux</span></li>
<li><span style="vertical-align: inherit;">en simple vantail, deux vantaux, en tiercée&#8230;</span></li>
<li><span style="vertical-align: inherit;">battante, coulissante à galandage ou en applique (fourniture des châssis ou rail)</span></li>
<li><span style="vertical-align: inherit;">en EI30, EI60, acoustique, blindée, pare-balles &#8230;</span></li>
<li>en placard, boiseries murales assortis</li>
</ul>
[/vc_column_text][/vc_column][vc_column width=&#8221;1/3&#8243;][vc_empty_space height=&#8221;100px&#8221;][vc_column_text]<span style="vertical-align: inherit;">Les cadres sont fabriqués de l&#8217;épaisseur de vos cloisons afin de permettre une pose parfaite des couvre-joints sur les deux faces. </span><br />
<span style="vertical-align: inherit;">Toutes nos portes sont équipées de paumelles entaillées et d&#8217;une serrure à larder NF, sur demande nous vous proposons :</span></p>
<ul>
<li><span style="vertical-align: inherit;">des charnières invisibles, serrure magnétique</span></li>
<li><span style="vertical-align: inherit;">joint phonique, plinthe automatique en partie basse</span></li>
<li><span style="vertical-align: inherit;">Large choix de finitions, poignées à découvrir&#8230;</span></li>
</ul>
[/vc_column_text][/vc_column][/vc_row][vc_row][vc_column][vc_separator][/vc_column][/vc_row][vc_row][vc_column][vc_empty_space][vc_separator][/vc_column][/vc_row]

<p>Porte de style XVIIIe siècle</p>
<p>Ensemble Chambranles à doucines 80x22mm<br />
socles 88x26mm, hauteur suivant la hauteur des plinthes</p>
<p>Finition laquée, RAL au choix<br />
Poignée laiton modèle AURORA by Mandelli</p>
<p>Présentée en 2400 x 830mm<br />
<em>*autres sur demande</em></p>
<h5 class="fancy-title accent-color postline-large">Modèle visible dans notre show-room</h5>
<h4></h4>
