{"id":22797,"date":"2023-10-09T16:48:10","date_gmt":"2023-10-09T14:48:10","guid":{"rendered":"https:\/\/www.bertoli.fr\/?post_type=product&#038;p=22797"},"modified":"2026-04-13T12:01:12","modified_gmt":"2026-04-13T10:01:12","slug":"noa","status":"publish","type":"product","link":"https:\/\/www.bertoli.fr\/en\/portes\/noa\/","title":{"rendered":"NOEMA"},"content":{"rendered":"[vc_row css=&#8221;.vc_custom_1659617692709{padding-top: 30px !important;padding-bottom: 60px !important;}&#8221;][vc_column][vc_row_inner content_placement=&#8221;middle&#8221;][vc_column_inner offset=&#8221;vc_col-lg-4&#8243;][vc_column_text]\n<h5 class=\"fancy-title accent-color postline-large\">Collection NOI mod\u00e8le <strong>NOA 4Q<\/strong><\/h5>\n<h5 class=\"fancy-title accent-color postline-large\">A l&#8217;unisson &#8230;<\/h5>\n<p>NOI est la collection de portes int\u00e9rieures dans laquelle l&#8217;\u00e9l\u00e9gance et la mat\u00e9rialit\u00e9 du bois s&#8217;associent parfaitement \u00e0 la transparence des \u00e9l\u00e9ments en verre.\u00a0Une ligne con\u00e7ue pour\u00a0fusionner deux concepts potentiellement oppos\u00e9s : solidit\u00e9 et l\u00e9g\u00e8ret\u00e9.\u00a0Les portes en bois massif sont flanqu\u00e9es, reproduisant leurs g\u00e9om\u00e9tries, d&#8217;ouvertures constitu\u00e9es de fins profil\u00e9s en aluminium recouverts de bois, entre lesquels jouent des surfaces transparentes, satin\u00e9es ou en bois.<br \/>\nUne collection qui permet de diviser diff\u00e9rentes pi\u00e8ces de la maison sans les s\u00e9parer clairement gr\u00e2ce aux \u00e9l\u00e9ments coulissants dans lesquels il est possible de combiner des panneaux en bois avec des panneaux en verre clair, r\u00e9fl\u00e9chissant ou opaque.[\/vc_column_text][\/vc_column_inner][vc_column_inner offset=&#8221;vc_col-lg-offset-1 vc_col-lg-7&#8243;]\t<div class=\"et-image-176 et-image     et_image_link\">\n\t\t<div class=\"et-image-inner \">\n\t\t\t\t\t\t\t<div class=\"et-image-thumb \">\n\t\t\t\t\t<img loading=\"lazy\" decoding=\"async\" width=\"800\" height=\"1000\" src=\"https:\/\/www.bertoli.fr\/wp-content\/uploads\/2023\/10\/Porte-NOI_Noa-4Q-GAROFOLI-BERTOLI.jpg\" class=\"attachment-full\" alt=\"Porte NOI_Noa 4Q GAROFOLI BERTOLI\" title=\"Porte NOI_Noa 4Q GAROFOLI BERTOLI\" srcset=\"https:\/\/www.bertoli.fr\/wp-content\/uploads\/2023\/10\/Porte-NOI_Noa-4Q-GAROFOLI-BERTOLI.jpg 800w, https:\/\/www.bertoli.fr\/wp-content\/uploads\/2023\/10\/Porte-NOI_Noa-4Q-GAROFOLI-BERTOLI-240x300.jpg 240w, https:\/\/www.bertoli.fr\/wp-content\/uploads\/2023\/10\/Porte-NOI_Noa-4Q-GAROFOLI-BERTOLI-768x960.jpg 768w, https:\/\/www.bertoli.fr\/wp-content\/uploads\/2023\/10\/Porte-NOI_Noa-4Q-GAROFOLI-BERTOLI-120x150.jpg 120w\" sizes=\"auto, (max-width: 800px) 100vw, 800px\" \/>\t\t\t\t<\/div>\n\t\t\t\t\t\t\t\t\t\t\t<\/div>\n\t<\/div>\n  [\/vc_column_inner][\/vc_row_inner][\/vc_column][\/vc_row][vc_row][vc_column][vc_separator][\/vc_column][\/vc_row][vc_row et_column_align=&#8221;align-center&#8221; css=&#8221;.vc_custom_1579132139891{padding-bottom: 60px !important;}&#8221;][vc_column][vc_column_text]\n<h5 class=\"fancy-title accent-color postline-large\">Descriptif<\/h5>\n<ul>\n<li>Battante ou coulissante (pr\u00e9-cadre et ch\u00e2ssis sur demande)<\/li>\n<li>Dimensions au choix : 1950\/2000\/2040\/2050\/2100\u00a0 x\u00a0 600\/650\/700\/750\/800\/900mm\u00a0 (autres sur demande)<\/li>\n<li>Charni\u00e8res invisibles<\/li>\n<li>Serrure magn\u00e9tique<\/li>\n<li>Joint p\u00e9riph\u00e9rique<\/li>\n<li>Chambranles et contre-chambranles<\/li>\n<\/ul>\n[\/vc_column_text][\/vc_column][\/vc_row][vc_row][vc_column][vc_separator][vc_empty_space][\/vc_column][\/vc_row][vc_row][vc_column]\t<div class=\"et-image-75 et-image aligncenter    et_image_link\">\n\t\t<div class=\"et-image-inner \">\n\t\t\t\t\t\t\t<div class=\"et-image-thumb \">\n\t\t\t\t\t<img loading=\"lazy\" decoding=\"async\" width=\"1575\" height=\"984\" src=\"https:\/\/www.bertoli.fr\/wp-content\/uploads\/2023\/10\/Vista-camera-2-Noema-6q_Verina-8v-vetro-mix-PORTE-GAROFOLI-BERTOLI.jpg\" class=\"attachment-full\" alt=\"\" title=\"Vista camera 2 Noema 6q_Verina 8v vetro mix PORTE GAROFOLI BERTOLI\" srcset=\"https:\/\/www.bertoli.fr\/wp-content\/uploads\/2023\/10\/Vista-camera-2-Noema-6q_Verina-8v-vetro-mix-PORTE-GAROFOLI-BERTOLI.jpg 1575w, https:\/\/www.bertoli.fr\/wp-content\/uploads\/2023\/10\/Vista-camera-2-Noema-6q_Verina-8v-vetro-mix-PORTE-GAROFOLI-BERTOLI-300x187.jpg 300w, https:\/\/www.bertoli.fr\/wp-content\/uploads\/2023\/10\/Vista-camera-2-Noema-6q_Verina-8v-vetro-mix-PORTE-GAROFOLI-BERTOLI-1024x640.jpg 1024w, https:\/\/www.bertoli.fr\/wp-content\/uploads\/2023\/10\/Vista-camera-2-Noema-6q_Verina-8v-vetro-mix-PORTE-GAROFOLI-BERTOLI-768x480.jpg 768w, https:\/\/www.bertoli.fr\/wp-content\/uploads\/2023\/10\/Vista-camera-2-Noema-6q_Verina-8v-vetro-mix-PORTE-GAROFOLI-BERTOLI-1536x960.jpg 1536w, https:\/\/www.bertoli.fr\/wp-content\/uploads\/2023\/10\/Vista-camera-2-Noema-6q_Verina-8v-vetro-mix-PORTE-GAROFOLI-BERTOLI-150x94.jpg 150w, https:\/\/www.bertoli.fr\/wp-content\/uploads\/2023\/10\/Vista-camera-2-Noema-6q_Verina-8v-vetro-mix-PORTE-GAROFOLI-BERTOLI-1000x625.jpg 1000w\" sizes=\"auto, (max-width: 1575px) 100vw, 1575px\" \/>\t\t\t\t<\/div>\n\t\t\t\t\t\t\t\t\t\t\t<\/div>\n\t<\/div>\n  [vc_empty_space][\/vc_column][\/vc_row][vc_row][vc_column]\t<div class=\"et-image-317 et-image aligncenter    et_image_link\">\n\t\t<div class=\"et-image-inner \">\n\t\t\t\t\t\t\t<div class=\"et-image-thumb \">\n\t\t\t\t\t<img loading=\"lazy\" decoding=\"async\" width=\"1575\" height=\"984\" src=\"https:\/\/www.bertoli.fr\/wp-content\/uploads\/2023\/10\/Vista_cucina_Velopa_2v2q-BERTOLI.jpg\" class=\"attachment-full\" alt=\"Vista_cucina_Velopa_2v2q BERTOLI\" title=\"Vista_cucina_Velopa_2v2q BERTOLI\" srcset=\"https:\/\/www.bertoli.fr\/wp-content\/uploads\/2023\/10\/Vista_cucina_Velopa_2v2q-BERTOLI.jpg 1575w, https:\/\/www.bertoli.fr\/wp-content\/uploads\/2023\/10\/Vista_cucina_Velopa_2v2q-BERTOLI-300x187.jpg 300w, https:\/\/www.bertoli.fr\/wp-content\/uploads\/2023\/10\/Vista_cucina_Velopa_2v2q-BERTOLI-1024x640.jpg 1024w, https:\/\/www.bertoli.fr\/wp-content\/uploads\/2023\/10\/Vista_cucina_Velopa_2v2q-BERTOLI-768x480.jpg 768w, https:\/\/www.bertoli.fr\/wp-content\/uploads\/2023\/10\/Vista_cucina_Velopa_2v2q-BERTOLI-1536x960.jpg 1536w, https:\/\/www.bertoli.fr\/wp-content\/uploads\/2023\/10\/Vista_cucina_Velopa_2v2q-BERTOLI-150x94.jpg 150w, https:\/\/www.bertoli.fr\/wp-content\/uploads\/2023\/10\/Vista_cucina_Velopa_2v2q-BERTOLI-1000x625.jpg 1000w\" sizes=\"auto, (max-width: 1575px) 100vw, 1575px\" \/>\t\t\t\t<\/div>\n\t\t\t\t\t\t\t\t\t\t\t<\/div>\n\t<\/div>\n  [vc_empty_space][\/vc_column][\/vc_row][vc_row][vc_column]\t<div class=\"et-image-85 et-image aligncenter    et_image_link\">\n\t\t<div class=\"et-image-inner \">\n\t\t\t\t\t\t\t<div class=\"et-image-thumb \">\n\t\t\t\t\t<img loading=\"lazy\" decoding=\"async\" width=\"1575\" height=\"984\" src=\"https:\/\/www.bertoli.fr\/wp-content\/uploads\/2023\/10\/Vista_living_Vestina-6v-vetro-mix-NOI-GAROFOLI-BERTOLI.jpg\" class=\"attachment-full\" alt=\"Vista_living_Vestina 6v vetro mix NOI GAROFOLI BERTOLI\" title=\"Vista_living_Vestina 6v vetro mix NOI GAROFOLI BERTOLI\" srcset=\"https:\/\/www.bertoli.fr\/wp-content\/uploads\/2023\/10\/Vista_living_Vestina-6v-vetro-mix-NOI-GAROFOLI-BERTOLI.jpg 1575w, https:\/\/www.bertoli.fr\/wp-content\/uploads\/2023\/10\/Vista_living_Vestina-6v-vetro-mix-NOI-GAROFOLI-BERTOLI-300x187.jpg 300w, https:\/\/www.bertoli.fr\/wp-content\/uploads\/2023\/10\/Vista_living_Vestina-6v-vetro-mix-NOI-GAROFOLI-BERTOLI-1024x640.jpg 1024w, https:\/\/www.bertoli.fr\/wp-content\/uploads\/2023\/10\/Vista_living_Vestina-6v-vetro-mix-NOI-GAROFOLI-BERTOLI-768x480.jpg 768w, https:\/\/www.bertoli.fr\/wp-content\/uploads\/2023\/10\/Vista_living_Vestina-6v-vetro-mix-NOI-GAROFOLI-BERTOLI-1536x960.jpg 1536w, https:\/\/www.bertoli.fr\/wp-content\/uploads\/2023\/10\/Vista_living_Vestina-6v-vetro-mix-NOI-GAROFOLI-BERTOLI-150x94.jpg 150w, https:\/\/www.bertoli.fr\/wp-content\/uploads\/2023\/10\/Vista_living_Vestina-6v-vetro-mix-NOI-GAROFOLI-BERTOLI-1000x625.jpg 1000w\" sizes=\"auto, (max-width: 1575px) 100vw, 1575px\" \/>\t\t\t\t<\/div>\n\t\t\t\t\t\t\t\t\t\t\t<\/div>\n\t<\/div>\n  [vc_empty_space][\/vc_column][\/vc_row]\n","protected":false},"excerpt":{"rendered":"<p>Ch\u00eane finition cipria<br \/>\npoign\u00e9e Timeless<\/p>\n<h4><\/h4>\n","protected":false},"featured_media":22799,"template":"","meta":[],"product_brand":[],"product_cat":[149,177],"product_tag":[],"class_list":{"0":"post-22797","1":"product","2":"type-product","3":"status-publish","4":"has-post-thumbnail","6":"product_cat-garofoli","7":"product_cat-portes-dinterieur","9":"first","10":"instock","11":"shipping-taxable","12":"purchasable","13":"product-type-variable"},"_links":{"self":[{"href":"https:\/\/www.bertoli.fr\/en\/wp-json\/wp\/v2\/product\/22797","targetHints":{"allow":["GET"]}}],"collection":[{"href":"https:\/\/www.bertoli.fr\/en\/wp-json\/wp\/v2\/product"}],"about":[{"href":"https:\/\/www.bertoli.fr\/en\/wp-json\/wp\/v2\/types\/product"}],"wp:featuredmedia":[{"embeddable":true,"href":"https:\/\/www.bertoli.fr\/en\/wp-json\/wp\/v2\/media\/22799"}],"wp:attachment":[{"href":"https:\/\/www.bertoli.fr\/en\/wp-json\/wp\/v2\/media?parent=22797"}],"wp:term":[{"taxonomy":"product_brand","embeddable":true,"href":"https:\/\/www.bertoli.fr\/en\/wp-json\/wp\/v2\/product_brand?post=22797"},{"taxonomy":"product_cat","embeddable":true,"href":"https:\/\/www.bertoli.fr\/en\/wp-json\/wp\/v2\/product_cat?post=22797"},{"taxonomy":"product_tag","embeddable":true,"href":"https:\/\/www.bertoli.fr\/en\/wp-json\/wp\/v2\/product_tag?post=22797"}],"curies":[{"name":"wp","href":"https:\/\/api.w.org\/{rel}","templated":true}]}}

[vc_row css=&#8221;.vc_custom_1659617692709{padding-top: 30px !important;padding-bottom: 60px !important;}&#8221;][vc_column][vc_row_inner content_placement=&#8221;middle&#8221;][vc_column_inner offset=&#8221;vc_col-lg-4&#8243;][vc_column_text]
<h5 class="fancy-title accent-color postline-large">Collection NOI modèle <strong>NOA 4Q</strong></h5>
<h5 class="fancy-title accent-color postline-large">A l&#8217;unisson &#8230;</h5>
<p>NOI est la collection de portes intérieures dans laquelle l&#8217;élégance et la matérialité du bois s&#8217;associent parfaitement à la transparence des éléments en verre. Une ligne conçue pour fusionner deux concepts potentiellement opposés : solidité et légèreté. Les portes en bois massif sont flanquées, reproduisant leurs géométries, d&#8217;ouvertures constituées de fins profilés en aluminium recouverts de bois, entre lesquels jouent des surfaces transparentes, satinées ou en bois.<br />
Une collection qui permet de diviser différentes pièces de la maison sans les séparer clairement grâce aux éléments coulissants dans lesquels il est possible de combiner des panneaux en bois avec des panneaux en verre clair, réfléchissant ou opaque.[/vc_column_text][/vc_column_inner][vc_column_inner offset=&#8221;vc_col-lg-offset-1 vc_col-lg-7&#8243;]	<div class="et-image-176 et-image     et_image_link">
		<div class="et-image-inner ">
							<div class="et-image-thumb ">
					<img loading="lazy" decoding="async" width="800" height="1000" src="https://www.bertoli.fr/wp-content/uploads/2023/10/Porte-NOI_Noa-4Q-GAROFOLI-BERTOLI.jpg" class="attachment-full" alt="Porte NOI_Noa 4Q GAROFOLI BERTOLI" title="Porte NOI_Noa 4Q GAROFOLI BERTOLI" srcset="https://www.bertoli.fr/wp-content/uploads/2023/10/Porte-NOI_Noa-4Q-GAROFOLI-BERTOLI.jpg 800w, https://www.bertoli.fr/wp-content/uploads/2023/10/Porte-NOI_Noa-4Q-GAROFOLI-BERTOLI-240x300.jpg 240w, https://www.bertoli.fr/wp-content/uploads/2023/10/Porte-NOI_Noa-4Q-GAROFOLI-BERTOLI-768x960.jpg 768w, https://www.bertoli.fr/wp-content/uploads/2023/10/Porte-NOI_Noa-4Q-GAROFOLI-BERTOLI-120x150.jpg 120w" sizes="auto, (max-width: 800px) 100vw, 800px" />				</div>
											</div>
	</div>
  [/vc_column_inner][/vc_row_inner][/vc_column][/vc_row][vc_row][vc_column][vc_separator][/vc_column][/vc_row][vc_row et_column_align=&#8221;align-center&#8221; css=&#8221;.vc_custom_1579132139891{padding-bottom: 60px !important;}&#8221;][vc_column][vc_column_text]
<h5 class="fancy-title accent-color postline-large">Descriptif</h5>
<ul>
<li>Battante ou coulissante (pré-cadre et châssis sur demande)</li>
<li>Dimensions au choix : 1950/2000/2040/2050/2100  x  600/650/700/750/800/900mm  (autres sur demande)</li>
<li>Charnières invisibles</li>
<li>Serrure magnétique</li>
<li>Joint périphérique</li>
<li>Chambranles et contre-chambranles</li>
</ul>
[/vc_column_text][/vc_column][/vc_row][vc_row][vc_column][vc_separator][vc_empty_space][/vc_column][/vc_row][vc_row][vc_column]	<div class="et-image-75 et-image aligncenter    et_image_link">
		<div class="et-image-inner ">
							<div class="et-image-thumb ">
					<img loading="lazy" decoding="async" width="1575" height="984" src="https://www.bertoli.fr/wp-content/uploads/2023/10/Vista-camera-2-Noema-6q_Verina-8v-vetro-mix-PORTE-GAROFOLI-BERTOLI.jpg" class="attachment-full" alt="" title="Vista camera 2 Noema 6q_Verina 8v vetro mix PORTE GAROFOLI BERTOLI" srcset="https://www.bertoli.fr/wp-content/uploads/2023/10/Vista-camera-2-Noema-6q_Verina-8v-vetro-mix-PORTE-GAROFOLI-BERTOLI.jpg 1575w, https://www.bertoli.fr/wp-content/uploads/2023/10/Vista-camera-2-Noema-6q_Verina-8v-vetro-mix-PORTE-GAROFOLI-BERTOLI-300x187.jpg 300w, https://www.bertoli.fr/wp-content/uploads/2023/10/Vista-camera-2-Noema-6q_Verina-8v-vetro-mix-PORTE-GAROFOLI-BERTOLI-1024x640.jpg 1024w, https://www.bertoli.fr/wp-content/uploads/2023/10/Vista-camera-2-Noema-6q_Verina-8v-vetro-mix-PORTE-GAROFOLI-BERTOLI-768x480.jpg 768w, https://www.bertoli.fr/wp-content/uploads/2023/10/Vista-camera-2-Noema-6q_Verina-8v-vetro-mix-PORTE-GAROFOLI-BERTOLI-1536x960.jpg 1536w, https://www.bertoli.fr/wp-content/uploads/2023/10/Vista-camera-2-Noema-6q_Verina-8v-vetro-mix-PORTE-GAROFOLI-BERTOLI-150x94.jpg 150w, https://www.bertoli.fr/wp-content/uploads/2023/10/Vista-camera-2-Noema-6q_Verina-8v-vetro-mix-PORTE-GAROFOLI-BERTOLI-1000x625.jpg 1000w" sizes="auto, (max-width: 1575px) 100vw, 1575px" />				</div>
											</div>
	</div>
  [vc_empty_space][/vc_column][/vc_row][vc_row][vc_column]	<div class="et-image-317 et-image aligncenter    et_image_link">
		<div class="et-image-inner ">
							<div class="et-image-thumb ">
					<img loading="lazy" decoding="async" width="1575" height="984" src="https://www.bertoli.fr/wp-content/uploads/2023/10/Vista_cucina_Velopa_2v2q-BERTOLI.jpg" class="attachment-full" alt="Vista_cucina_Velopa_2v2q BERTOLI" title="Vista_cucina_Velopa_2v2q BERTOLI" srcset="https://www.bertoli.fr/wp-content/uploads/2023/10/Vista_cucina_Velopa_2v2q-BERTOLI.jpg 1575w, https://www.bertoli.fr/wp-content/uploads/2023/10/Vista_cucina_Velopa_2v2q-BERTOLI-300x187.jpg 300w, https://www.bertoli.fr/wp-content/uploads/2023/10/Vista_cucina_Velopa_2v2q-BERTOLI-1024x640.jpg 1024w, https://www.bertoli.fr/wp-content/uploads/2023/10/Vista_cucina_Velopa_2v2q-BERTOLI-768x480.jpg 768w, https://www.bertoli.fr/wp-content/uploads/2023/10/Vista_cucina_Velopa_2v2q-BERTOLI-1536x960.jpg 1536w, https://www.bertoli.fr/wp-content/uploads/2023/10/Vista_cucina_Velopa_2v2q-BERTOLI-150x94.jpg 150w, https://www.bertoli.fr/wp-content/uploads/2023/10/Vista_cucina_Velopa_2v2q-BERTOLI-1000x625.jpg 1000w" sizes="auto, (max-width: 1575px) 100vw, 1575px" />				</div>
											</div>
	</div>
  [vc_empty_space][/vc_column][/vc_row][vc_row][vc_column]	<div class="et-image-85 et-image aligncenter    et_image_link">
		<div class="et-image-inner ">
							<div class="et-image-thumb ">
					<img loading="lazy" decoding="async" width="1575" height="984" src="https://www.bertoli.fr/wp-content/uploads/2023/10/Vista_living_Vestina-6v-vetro-mix-NOI-GAROFOLI-BERTOLI.jpg" class="attachment-full" alt="Vista_living_Vestina 6v vetro mix NOI GAROFOLI BERTOLI" title="Vista_living_Vestina 6v vetro mix NOI GAROFOLI BERTOLI" srcset="https://www.bertoli.fr/wp-content/uploads/2023/10/Vista_living_Vestina-6v-vetro-mix-NOI-GAROFOLI-BERTOLI.jpg 1575w, https://www.bertoli.fr/wp-content/uploads/2023/10/Vista_living_Vestina-6v-vetro-mix-NOI-GAROFOLI-BERTOLI-300x187.jpg 300w, https://www.bertoli.fr/wp-content/uploads/2023/10/Vista_living_Vestina-6v-vetro-mix-NOI-GAROFOLI-BERTOLI-1024x640.jpg 1024w, https://www.bertoli.fr/wp-content/uploads/2023/10/Vista_living_Vestina-6v-vetro-mix-NOI-GAROFOLI-BERTOLI-768x480.jpg 768w, https://www.bertoli.fr/wp-content/uploads/2023/10/Vista_living_Vestina-6v-vetro-mix-NOI-GAROFOLI-BERTOLI-1536x960.jpg 1536w, https://www.bertoli.fr/wp-content/uploads/2023/10/Vista_living_Vestina-6v-vetro-mix-NOI-GAROFOLI-BERTOLI-150x94.jpg 150w, https://www.bertoli.fr/wp-content/uploads/2023/10/Vista_living_Vestina-6v-vetro-mix-NOI-GAROFOLI-BERTOLI-1000x625.jpg 1000w" sizes="auto, (max-width: 1575px) 100vw, 1575px" />				</div>
											</div>
	</div>
  [vc_empty_space][/vc_column][/vc_row]

<p>Chêne finition cipria<br />
poignée Timeless</p>
<h4></h4>
